-- https://www.phpmyadmin.net/
--

START TRANSACTION;



--
-- Database: `ziidiaik_trader`
--

-- --------------------------------------------------------

--
-- Table structure for table `atu_multicurrency_currencies`
--

CREATE TABLE `atu_multicurrency_currencies` (
  `id` bigint(20) UNSIGNED NOT NULL,
  `code` char(4) NOT NULL COMMENT 'ISO 4217 currency code (3-4 characters: USD, KES, ZAR)',
  `symbol` varchar(10) NOT NULL COMMENT 'Currency symbol ($, KSh, R)',
  `name` varchar(255) DEFAULT NULL COMMENT 'Full currency name (e.g., South African Rand, United States Dollar)',
  `rate` decimal(18,8) NOT NULL COMMENT '1 unit = ? base currency',
  `is_auto` tinyint(1) NOT NULL DEFAULT 0 COMMENT 'API-managed or manual',
  `fee` decimal(12,4) DEFAULT NULL COMMENT 'Optional per-currency fee',
  `is_default` tinyint(1) NOT NULL DEFAULT 0 COMMENT 'Must match A2 base currency',
  `country_taxonomy_id` bigint(20) UNSIGNED DEFAULT NULL COMMENT 'vrm_taxonomies reference',
  `is_active` tinyint(1) NOT NULL DEFAULT 1 COMMENT 'Toggle availability',
  `created_at` timestamp NULL DEFAULT NULL,
  `updated_at` timestamp NULL DEFAULT NULL
) ENGINE=InnoDB DEFAULT CHARSET=utf8mb4 COLLATE=utf8mb4_unicode_ci;

--
-- Dumping data for table `atu_multicurrency_currencies`
--

INSERT INTO `atu_multicurrency_currencies` (`id`, `code`, `symbol`, `name`, `rate`, `is_auto`, `fee`, `is_default`, `country_taxonomy_id`, `is_active`, `created_at`, `updated_at`) VALUES
(1, 'USD', '$', NULL, 1.00000000, 0, NULL, 0, NULL, 1, '2026-02-14 12:33:52', '2026-02-19 19:54:00'),
(2, 'KSH', 'Ksh', NULL, 1.00000000, 0, NULL, 1, NULL, 1, '2026-02-14 12:34:37', '2026-02-19 19:54:00');

-- --------------------------------------------------------

--
-- Table structure for table `atu_multicurrency_currency_conversion_log`
--

CREATE TABLE `atu_multicurrency_currency_conversion_log` (
  `id` bigint(20) UNSIGNED NOT NULL,
  `entity_type` varchar(50) NOT NULL COMMENT 'product, order, report',
  `entity_id` bigint(20) UNSIGNED DEFAULT NULL COMMENT 'Related entity ID',
  `context` varchar(50) NOT NULL COMMENT 'save, preview, checkout, report',
  `base_currency_code` char(4) NOT NULL COMMENT 'Source currency code (3-4 characters)',
  `target_currency_code` char(4) NOT NULL COMMENT 'Target currency code (3-4 characters)',
  `base_amount` decimal(18,6) NOT NULL COMMENT 'Original amount',
  `converted_amount` decimal(18,6) NOT NULL COMMENT 'Converted amount',
  `rate_used` decimal(18,8) NOT NULL COMMENT 'Conversion rate applied',
  `fee_applied` decimal(12,4) DEFAULT NULL COMMENT 'Fee applied if any',
  `rate_source` enum('manual','api') NOT NULL COMMENT 'Rate source',
  `currency_id` bigint(20) UNSIGNED NOT NULL COMMENT 'Target currency reference',
  `user_id` bigint(20) UNSIGNED DEFAULT NULL COMMENT 'User who triggered conversion',
  `occurred_at` timestamp NOT NULL COMMENT 'When conversion occurred',
  `created_at` timestamp NULL DEFAULT NULL
) ENGINE=InnoDB DEFAULT CHARSET=utf8mb4 COLLATE=utf8mb4_unicode_ci;

-- --------------------------------------------------------

--
-- Table structure for table `atu_multicurrency_currency_rates_log`
--

CREATE TABLE `atu_multicurrency_currency_rates_log` (
  `id` bigint(20) UNSIGNED NOT NULL,
  `currency_id` bigint(20) UNSIGNED NOT NULL,
  `rate` decimal(18,8) NOT NULL COMMENT 'Historical rate snapshot',
  `source` enum('manual','api') NOT NULL COMMENT 'Rate source',
  `fetched_at` timestamp NULL DEFAULT NULL COMMENT 'When rate was fetched',
  `created_at` timestamp NULL DEFAULT NULL
) ENGINE=InnoDB DEFAULT CHARSET=utf8mb4 COLLATE=utf8mb4_unicode_ci;

-- --------------------------------------------------------

--
-- Table structure for table `community_posts`
--

CREATE TABLE `community_posts` (
  `id` bigint(20) UNSIGNED NOT NULL,
  `user_id` bigint(20) UNSIGNED NOT NULL,
  `title` varchar(255) NOT NULL,
  `body_html` longtext NOT NULL,
  `is_active` tinyint(1) NOT NULL DEFAULT 1,
  `published_at` timestamp NULL DEFAULT NULL,
  `created_at` timestamp NULL DEFAULT NULL,
  `updated_at` timestamp NULL DEFAULT NULL
) ENGINE=MyISAM DEFAULT CHARSET=utf8mb4 COLLATE=utf8mb4_unicode_ci;

--
-- Dumping data for table `community_posts`
--

INSERT INTO `community_posts` (`id`, `user_id`, `title`, `body_html`, `is_active`, `published_at`, `created_at`, `updated_at`) VALUES
(1, 1, '📢 Update on US Stock Trading', '<a href=\"https://web.hisa.co/dashboard/community/3960\" style=\"border-color: rgb(226, 232, 240); font-family: Tomato, sans-serif; --tw-border-spacing-x: 0; --tw-border-spacing-y: 0; --tw-translate-x: 0; --tw-translate-y: 0; --tw-rotate: 0; --tw-skew-x: 0; --tw-skew-y: 0; --tw-scale-x: 1; --tw-scale-y: 1; --tw-pan-x: ; --tw-pan-y: ; --tw-pinch-zoom: ; --tw-scroll-snap-strictness: proximity; --tw-gradient-from-position: ; --tw-gradient-via-position: ; --tw-gradient-to-position: ; --tw-ordinal: ; --tw-slashed-zero: ; --tw-numeric-figure: ; --tw-numeric-spacing: ; --tw-numeric-fraction: ; --tw-ring-inset: ; --tw-ring-offset-width: 0px; --tw-ring-offset-color: #fff; --tw-ring-color: rgba(59,130,246,.5); --tw-ring-offset-shadow: 0 0 #0000; --tw-ring-shadow: 0 0 #0000; --tw-shadow: 0 0 #0000; --tw-shadow-colored: 0 0 #0000; --tw-blur: ; --tw-brightness: ; --tw-contrast: ; --tw-grayscale: ; --tw-hue-rotate: ; --tw-invert: ; --tw-saturate: ; --tw-sepia: ; --tw-drop-shadow: ; --tw-backdrop-blur: ; --tw-backdrop-brightness: ; --tw-backdrop-contrast: ; --tw-backdrop-grayscale: ; --tw-backdrop-hue-rotate: ; --tw-backdrop-invert: ; --tw-backdrop-opacity: ; --tw-backdrop-saturate: ; --tw-backdrop-sepia: ; font-size: medium; background-color: rgb(249, 250, 251);\"><div class=\"post-body whitespace-pre-line mt-5 text-neutral-800 text-sm leading-relaxed\" style=\"border-color: rgb(226, 232, 240); --tw-border-spacing-x: 0; --tw-border-spacing-y: 0; --tw-translate-x: 0; --tw-translate-y: 0; --tw-rotate: 0; --tw-skew-x: 0; --tw-skew-y: 0; --tw-scale-x: 1; --tw-scale-y: 1; --tw-pan-x: ; --tw-pan-y: ; --tw-pinch-zoom: ; --tw-scroll-snap-strictness: proximity; --tw-gradient-from-position: ; --tw-gradient-via-position: ; --tw-gradient-to-position: ; --tw-ordinal: ; --tw-slashed-zero: ; --tw-numeric-figure: ; --tw-numeric-spacing: ; --tw-numeric-fraction: ; --tw-ring-inset: ; --tw-ring-offset-width: 0px; --tw-ring-offset-color: #fff; --tw-ring-color: rgba(59,130,246,.5); --tw-ring-offset-shadow: 0 0 #0000; --tw-ring-shadow: 0 0 #0000; --tw-shadow: 0 0 #0000; --tw-shadow-colored: 0 0 #0000; --tw-blur: ; --tw-brightness: ; --tw-contrast: ; --tw-grayscale: ; --tw-hue-rotate: ; --tw-invert: ; --tw-saturate: ; --tw-sepia: ; --tw-drop-shadow: ; --tw-backdrop-blur: ; --tw-backdrop-brightness: ; --tw-backdrop-contrast: ; --tw-backdrop-grayscale: ; --tw-backdrop-hue-rotate: ; --tw-backdrop-invert: ; --tw-backdrop-opacity: ; --tw-backdrop-saturate: ; --tw-backdrop-sepia: ; margin-top: 1.25rem; font-size: 0.875rem; line-height: 1.625; --tw-text-opacity: 1; color: rgb(38, 38, 38);\"><p style=\"border-color: rgb(226, 232, 240); --tw-border-spacing-x: 0; --tw-border-spacing-y: 0; --tw-translate-x: 0; --tw-translate-y: 0; --tw-rotate: 0; --tw-skew-x: 0; --tw-skew-y: 0; --tw-scale-x: 1; --tw-scale-y: 1; --tw-pan-x: ; --tw-pan-y: ; --tw-pinch-zoom: ; --tw-scroll-snap-strictness: proximity; --tw-gradient-from-position: ; --tw-gradient-via-position: ; --tw-gradient-to-position: ; --tw-ordinal: ; --tw-slashed-zero: ; --tw-numeric-figure: ; --tw-numeric-spacing: ; --tw-numeric-fraction: ; --tw-ring-inset: ; --tw-ring-offset-width: 0px; --tw-ring-offset-color: #fff; --tw-ring-color: rgba(59,130,246,.5); --tw-ring-offset-shadow: 0 0 #0000; --tw-ring-shadow: 0 0 #0000; --tw-shadow: 0 0 #0000; --tw-shadow-colored: 0 0 #0000; --tw-blur: ; --tw-brightness: ; --tw-contrast: ; --tw-grayscale: ; --tw-hue-rotate: ; --tw-invert: ; --tw-saturate: ; --tw-sepia: ; --tw-drop-shadow: ; --tw-backdrop-blur: ; --tw-backdrop-brightness: ; --tw-backdrop-contrast: ; --tw-backdrop-grayscale: ; --tw-backdrop-hue-rotate: ; --tw-backdrop-invert: ; --tw-backdrop-opacity: ; --tw-backdrop-saturate: ; --tw-backdrop-sepia: ;\"><br style=\"border-color: rgb(226, 232, 240); --tw-border-spacing-x: 0; --tw-border-spacing-y: 0; --tw-translate-x: 0; --tw-translate-y: 0; --tw-rotate: 0; --tw-skew-x: 0; --tw-skew-y: 0; --tw-scale-x: 1; --tw-scale-y: 1; --tw-pan-x: ; --tw-pan-y: ; --tw-pinch-zoom: ; --tw-scroll-snap-strictness: proximity; --tw-gradient-from-position: ; --tw-gradient-via-position: ; --tw-gradient-to-position: ; --tw-ordinal: ; --tw-slashed-zero: ; --tw-numeric-figure: ; --tw-numeric-spacing: ; --tw-numeric-fraction: ; --tw-ring-inset: ; --tw-ring-offset-width: 0px; --tw-ring-offset-color: #fff; --tw-ring-color: rgba(59,130,246,.5); --tw-ring-offset-shadow: 0 0 #0000; --tw-ring-shadow: 0 0 #0000; --tw-shadow: 0 0 #0000; --tw-shadow-colored: 0 0 #0000; --tw-blur: ; --tw-brightness: ; --tw-contrast: ; --tw-grayscale: ; --tw-hue-rotate: ; --tw-invert: ; --tw-saturate: ; --tw-sepia: ; --tw-drop-shadow: ; --tw-backdrop-blur: ; --tw-backdrop-brightness: ; --tw-backdrop-contrast: ; --tw-backdrop-grayscale: ; --tw-backdrop-hue-rotate: ; --tw-backdrop-invert: ; --tw-backdrop-opacity: ; --tw-backdrop-saturate: ; --tw-backdrop-sepia: ;\">We had planned to resume US stock trading yesterday, but testing is still ongoing.<br style=\"border-color: rgb(226, 232, 240); --tw-border-spacing-x: 0; --tw-border-spacing-y: 0; --tw-translate-x: 0; --tw-translate-y: 0; --tw-rotate: 0; --tw-skew-x: 0; --tw-skew-y: 0; --tw-scale-x: 1; --tw-scale-y: 1; --tw-pan-x: ; --tw-pan-y: ; --tw-pinch-zoom: ; --tw-scroll-snap-strictness: proximity; --tw-gradient-from-position: ; --tw-gradient-via-position: ; --tw-gradient-to-position: ; --tw-ordinal: ; --tw-slashed-zero: ; --tw-numeric-figure: ; --tw-numeric-spacing: ; --tw-numeric-fraction: ; --tw-ring-inset: ; --tw-ring-offset-width: 0px; --tw-ring-offset-color: #fff; --tw-ring-color: rgba(59,130,246,.5); --tw-ring-offset-shadow: 0 0 #0000; --tw-ring-shadow: 0 0 #0000; --tw-shadow: 0 0 #0000; --tw-shadow-colored: 0 0 #0000; --tw-blur: ; --tw-brightness: ; --tw-contrast: ; --tw-grayscale: ; --tw-hue-rotate: ; --tw-invert: ; --tw-saturate: ; --tw-sepia: ; --tw-drop-shadow: ; --tw-backdrop-blur: ; --tw-backdrop-brightness: ; --tw-backdrop-contrast: ; --tw-backdrop-grayscale: ; --tw-backdrop-hue-rotate: ; --tw-backdrop-invert: ; --tw-backdrop-opacity: ; --tw-backdrop-saturate: ; --tw-backdrop-sepia: ;\"><br style=\"border-color: rgb(226, 232, 240); --tw-border-spacing-x: 0; --tw-border-spacing-y: 0; --tw-translate-x: 0; --tw-translate-y: 0; --tw-rotate: 0; --tw-skew-x: 0; --tw-skew-y: 0; --tw-scale-x: 1; --tw-scale-y: 1; --tw-pan-x: ; --tw-pan-y: ; --tw-pinch-zoom: ; --tw-scroll-snap-strictness: proximity; --tw-gradient-from-position: ; --tw-gradient-via-position: ; --tw-gradient-to-position: ; --tw-ordinal: ; --tw-slashed-zero: ; --tw-numeric-figure: ; --tw-numeric-spacing: ; --tw-numeric-fraction: ; --tw-ring-inset: ; --tw-ring-offset-width: 0px; --tw-ring-offset-color: #fff; --tw-ring-color: rgba(59,130,246,.5); --tw-ring-offset-shadow: 0 0 #0000; --tw-ring-shadow: 0 0 #0000; --tw-shadow: 0 0 #0000; --tw-shadow-colored: 0 0 #0000; --tw-blur: ; --tw-brightness: ; --tw-contrast: ; --tw-grayscale: ; --tw-hue-rotate: ; --tw-invert: ; --tw-saturate: ; --tw-sepia: ; --tw-drop-shadow: ; --tw-backdrop-blur: ; --tw-backdrop-brightness: ; --tw-backdrop-contrast: ; --tw-backdrop-grayscale: ; --tw-backdrop-hue-rotate: ; --tw-backdrop-invert: ; --tw-backdrop-opacity: ; --tw-backdrop-saturate: ; --tw-backdrop-sepia: ;\">We want to ensure everything runs smoothly before reactivating. Please be assured your portfolio is safe during this period. We know the delay is frustrating and sincerely apologize.<br style=\"border-color: rgb(226, 232, 240); --tw-border-spacing-x: 0; --tw-border-spacing-y: 0; --tw-translate-x: 0; --tw-translate-y: 0; --tw-rotate: 0; --tw-skew-x: 0; --tw-skew-y: 0; --tw-scale-x: 1; --tw-scale-y: 1; --tw-pan-x: ; --tw-pan-y: ; --tw-pinch-zoom: ; --tw-scroll-snap-strictness: proximity; --tw-gradient-from-position: ; --tw-gradient-via-position: ; --tw-gradient-to-position: ; --tw-ordinal: ; --tw-slashed-zero: ; --tw-numeric-figure: ; --tw-numeric-spacing: ; --tw-numeric-fraction: ; --tw-ring-inset: ; --tw-ring-offset-width: 0px; --tw-ring-offset-color: #fff; --tw-ring-color: rgba(59,130,246,.5); --tw-ring-offset-shadow: 0 0 #0000; --tw-ring-shadow: 0 0 #0000; --tw-shadow: 0 0 #0000; --tw-shadow-colored: 0 0 #0000; --tw-blur: ; --tw-brightness: ; --tw-contrast: ; --tw-grayscale: ; --tw-hue-rotate: ; --tw-invert: ; --tw-saturate: ; --tw-sepia: ; --tw-drop-shadow: ; --tw-backdrop-blur: ; --tw-backdrop-brightness: ; --tw-backdrop-contrast: ; --tw-backdrop-grayscale: ; --tw-backdrop-hue-rotate: ; --tw-backdrop-invert: ; --tw-backdrop-opacity: ; --tw-backdrop-saturate: ; --tw-backdrop-sepia: ;\"><br style=\"border-color: rgb(226, 232, 240); --tw-border-spacing-x: 0; --tw-border-spacing-y: 0; --tw-translate-x: 0; --tw-translate-y: 0; --tw-rotate: 0; --tw-skew-x: 0; --tw-skew-y: 0; --tw-scale-x: 1; --tw-scale-y: 1; --tw-pan-x: ; --tw-pan-y: ; --tw-pinch-zoom: ; --tw-scroll-snap-strictness: proximity; --tw-gradient-from-position: ; --tw-gradient-via-position: ; --tw-gradient-to-position: ; --tw-ordinal: ; --tw-slashed-zero: ; --tw-numeric-figure: ; --tw-numeric-spacing: ; --tw-numeric-fraction: ; --tw-ring-inset: ; --tw-ring-offset-width: 0px; --tw-ring-offset-color: #fff; --tw-ring-color: rgba(59,130,246,.5); --tw-ring-offset-shadow: 0 0 #0000; --tw-ring-shadow: 0 0 #0000; --tw-shadow: 0 0 #0000; --tw-shadow-colored: 0 0 #0000; --tw-blur: ; --tw-brightness: ; --tw-contrast: ; --tw-grayscale: ; --tw-hue-rotate: ; --tw-invert: ; --tw-saturate: ; --tw-sepia: ; --tw-drop-shadow: ; --tw-backdrop-blur: ; --tw-backdrop-brightness: ; --tw-backdrop-contrast: ; --tw-backdrop-grayscale: ; --tw-backdrop-hue-rotate: ; --tw-backdrop-invert: ; --tw-backdrop-opacity: ; --tw-backdrop-saturate: ; --tw-backdrop-sepia: ;\">Our priority is to protect your investments and deliver the best experience. We’ll share a confirmed timeline once testing is complete.<br style=\"border-color: rgb(226, 232, 240); --tw-border-spacing-x: 0; --tw-border-spacing-y: 0; --tw-translate-x: 0; --tw-translate-y: 0; --tw-rotate: 0; --tw-skew-x: 0; --tw-skew-y: 0; --tw-scale-x: 1; --tw-scale-y: 1; --tw-pan-x: ; --tw-pan-y: ; --tw-pinch-zoom: ; --tw-scroll-snap-strictness: proximity; --tw-gradient-from-position: ; --tw-gradient-via-position: ; --tw-gradient-to-position: ; --tw-ordinal: ; --tw-slashed-zero: ; --tw-numeric-figure: ; --tw-numeric-spacing: ; --tw-numeric-fraction: ; --tw-ring-inset: ; --tw-ring-offset-width: 0px; --tw-ring-offset-color: #fff; --tw-ring-color: rgba(59,130,246,.5); --tw-ring-offset-shadow: 0 0 #0000; --tw-ring-shadow: 0 0 #0000; --tw-shadow: 0 0 #0000; --tw-shadow-colored: 0 0 #0000; --tw-blur: ; --tw-brightness: ; --tw-contrast: ; --tw-grayscale: ; --tw-hue-rotate: ; --tw-invert: ; --tw-saturate: ; --tw-sepia: ; --tw-drop-shadow: ; --tw-backdrop-blur: ; --tw-backdrop-brightness: ; --tw-backdrop-contrast: ; --tw-backdrop-grayscale: ; --tw-backdrop-hue-rotate: ; --tw-backdrop-invert: ; --tw-backdrop-opacity: ; --tw-backdrop-saturate: ; --tw-backdrop-sepia: ;\"><br style=\"border-color: rgb(226, 232, 240); --tw-border-spacing-x: 0; --tw-border-spacing-y: 0; --tw-translate-x: 0; --tw-translate-y: 0; --tw-rotate: 0; --tw-skew-x: 0; --tw-skew-y: 0; --tw-scale-x: 1; --tw-scale-y: 1; --tw-pan-x: ; --tw-pan-y: ; --tw-pinch-zoom: ; --tw-scroll-snap-strictness: proximity; --tw-gradient-from-position: ; --tw-gradient-via-position: ; --tw-gradient-to-position: ; --tw-ordinal: ; --tw-slashed-zero: ; --tw-numeric-figure: ; --tw-numeric-spacing: ; --tw-numeric-fraction: ; --tw-ring-inset: ; --tw-ring-offset-width: 0px; --tw-ring-offset-color: #fff; --tw-ring-color: rgba(59,130,246,.5); --tw-ring-offset-shadow: 0 0 #0000; --tw-ring-shadow: 0 0 #0000; --tw-shadow: 0 0 #0000; --tw-shadow-colored: 0 0 #0000; --tw-blur: ; --tw-brightness: ; --tw-contrast: ; --tw-grayscale: ; --tw-hue-rotate: ; --tw-invert: ; --tw-saturate: ; --tw-sepia: ; --tw-drop-shadow: ; --tw-backdrop-blur: ; --tw-backdrop-brightness: ; --tw-backdrop-contrast: ; --tw-backdrop-grayscale: ; --tw-backdrop-hue-rotate: ; --tw-backdrop-invert: ; --tw-backdrop-opacity: ; --tw-backdrop-saturate: ; --tw-backdrop-sepia: ;\">Thank you for your patience 🙏</p></div></a>', 1, '2026-02-28 17:03:00', '2026-02-28 17:03:44', '2026-02-28 17:03:44'),
(2, 1, 'Last Week in the the NSE 🇰🇪', '<a href=\"https://web.hisa.co/dashboard/community/3956\" style=\"border-color: rgb(226, 232, 240); font-family: Tomato, sans-serif; --tw-border-spacing-x: 0; --tw-border-spacing-y: 0; --tw-translate-x: 0; --tw-translate-y: 0; --tw-rotate: 0; --tw-skew-x: 0; --tw-skew-y: 0; --tw-scale-x: 1; --tw-scale-y: 1; --tw-pan-x: ; --tw-pan-y: ; --tw-pinch-zoom: ; --tw-scroll-snap-strictness: proximity; --tw-gradient-from-position: ; --tw-gradient-via-position: ; --tw-gradient-to-position: ; --tw-ordinal: ; --tw-slashed-zero: ; --tw-numeric-figure: ; --tw-numeric-spacing: ; --tw-numeric-fraction: ; --tw-ring-inset: ; --tw-ring-offset-width: 0px; --tw-ring-offset-color: #fff; --tw-ring-color: rgba(59,130,246,.5); --tw-ring-offset-shadow: 0 0 #0000; --tw-ring-shadow: 0 0 #0000; --tw-shadow: 0 0 #0000; --tw-shadow-colored: 0 0 #0000; --tw-blur: ; --tw-brightness: ; --tw-contrast: ; --tw-grayscale: ; --tw-hue-rotate: ; --tw-invert: ; --tw-saturate: ; --tw-sepia: ; --tw-drop-shadow: ; --tw-backdrop-blur: ; --tw-backdrop-brightness: ; --tw-backdrop-contrast: ; --tw-backdrop-grayscale: ; --tw-backdrop-hue-rotate: ; --tw-backdrop-invert: ; --tw-backdrop-opacity: ; --tw-backdrop-saturate: ; --tw-backdrop-sepia: ; font-size: medium; background-color: rgb(249, 250, 251);\"><div class=\"post-body whitespace-pre-line mt-5 text-neutral-800 text-sm leading-relaxed\" style=\"border-color: rgb(226, 232, 240); --tw-border-spacing-x: 0; --tw-border-spacing-y: 0; --tw-translate-x: 0; --tw-translate-y: 0; --tw-rotate: 0; --tw-skew-x: 0; --tw-skew-y: 0; --tw-scale-x: 1; --tw-scale-y: 1; --tw-pan-x: ; --tw-pan-y: ; --tw-pinch-zoom: ; --tw-scroll-snap-strictness: proximity; --tw-gradient-from-position: ; --tw-gradient-via-position: ; --tw-gradient-to-position: ; --tw-ordinal: ; --tw-slashed-zero: ; --tw-numeric-figure: ; --tw-numeric-spacing: ; --tw-numeric-fraction: ; --tw-ring-inset: ; --tw-ring-offset-width: 0px; --tw-ring-offset-color: #fff; --tw-ring-color: rgba(59,130,246,.5); --tw-ring-offset-shadow: 0 0 #0000; --tw-ring-shadow: 0 0 #0000; --tw-shadow: 0 0 #0000; --tw-shadow-colored: 0 0 #0000; --tw-blur: ; --tw-brightness: ; --tw-contrast: ; --tw-grayscale: ; --tw-hue-rotate: ; --tw-invert: ; --tw-saturate: ; --tw-sepia: ; --tw-drop-shadow: ; --tw-backdrop-blur: ; --tw-backdrop-brightness: ; --tw-backdrop-contrast: ; --tw-backdrop-grayscale: ; --tw-backdrop-hue-rotate: ; --tw-backdrop-invert: ; --tw-backdrop-opacity: ; --tw-backdrop-saturate: ; --tw-backdrop-sepia: ; margin-top: 1.25rem; font-size: 0.875rem; line-height: 1.625; --tw-text-opacity: 1; color: rgb(38, 38, 38);\"><p style=\"border-color: rgb(226, 232, 240); --tw-border-spacing-x: 0; --tw-border-spacing-y: 0; --tw-translate-x: 0; --tw-translate-y: 0; --tw-rotate: 0; --tw-skew-x: 0; --tw-skew-y: 0; --tw-scale-x: 1; --tw-scale-y: 1; --tw-pan-x: ; --tw-pan-y: ; --tw-pinch-zoom: ; --tw-scroll-snap-strictness: proximity; --tw-gradient-from-position: ; --tw-gradient-via-position: ; --tw-gradient-to-position: ; --tw-ordinal: ; --tw-slashed-zero: ; --tw-numeric-figure: ; --tw-numeric-spacing: ; --tw-numeric-fraction: ; --tw-ring-inset: ; --tw-ring-offset-width: 0px; --tw-ring-offset-color: #fff; --tw-ring-color: rgba(59,130,246,.5); --tw-ring-offset-shadow: 0 0 #0000; --tw-ring-shadow: 0 0 #0000; --tw-shadow: 0 0 #0000; --tw-shadow-colored: 0 0 #0000; --tw-blur: ; --tw-brightness: ; --tw-contrast: ; --tw-grayscale: ; --tw-hue-rotate: ; --tw-invert: ; --tw-saturate: ; --tw-sepia: ; --tw-drop-shadow: ; --tw-backdrop-blur: ; --tw-backdrop-brightness: ; --tw-backdrop-contrast: ; --tw-backdrop-grayscale: ; --tw-backdrop-hue-rotate: ; --tw-backdrop-invert: ; --tw-backdrop-opacity: ; --tw-backdrop-saturate: ; --tw-backdrop-sepia: ;\"><br style=\"border-color: rgb(226, 232, 240); --tw-border-spacing-x: 0; --tw-border-spacing-y: 0; --tw-translate-x: 0; --tw-translate-y: 0; --tw-rotate: 0; --tw-skew-x: 0; --tw-skew-y: 0; --tw-scale-x: 1; --tw-scale-y: 1; --tw-pan-x: ; --tw-pan-y: ; --tw-pinch-zoom: ; --tw-scroll-snap-strictness: proximity; --tw-gradient-from-position: ; --tw-gradient-via-position: ; --tw-gradient-to-position: ; --tw-ordinal: ; --tw-slashed-zero: ; --tw-numeric-figure: ; --tw-numeric-spacing: ; --tw-numeric-fraction: ; --tw-ring-inset: ; --tw-ring-offset-width: 0px; --tw-ring-offset-color: #fff; --tw-ring-color: rgba(59,130,246,.5); --tw-ring-offset-shadow: 0 0 #0000; --tw-ring-shadow: 0 0 #0000; --tw-shadow: 0 0 #0000; --tw-shadow-colored: 0 0 #0000; --tw-blur: ; --tw-brightness: ; --tw-contrast: ; --tw-grayscale: ; --tw-hue-rotate: ; --tw-invert: ; --tw-saturate: ; --tw-sepia: ; --tw-drop-shadow: ; --tw-backdrop-blur: ; --tw-backdrop-brightness: ; --tw-backdrop-contrast: ; --tw-backdrop-grayscale: ; --tw-backdrop-hue-rotate: ; --tw-backdrop-invert: ; --tw-backdrop-opacity: ; --tw-backdrop-saturate: ; --tw-backdrop-sepia: ;\">Biggest Gainers: EAAGADS (+50.7%), NSE (+46.5%), Flame Tree (+25.4%)<br style=\"border-color: rgb(226, 232, 240); --tw-border-spacing-x: 0; --tw-border-spacing-y: 0; --tw-translate-x: 0; --tw-translate-y: 0; --tw-rotate: 0; --tw-skew-x: 0; --tw-skew-y: 0; --tw-scale-x: 1; --tw-scale-y: 1; --tw-pan-x: ; --tw-pan-y: ; --tw-pinch-zoom: ; --tw-scroll-snap-strictness: proximity; --tw-gradient-from-position: ; --tw-gradient-via-position: ; --tw-gradient-to-position: ; --tw-ordinal: ; --tw-slashed-zero: ; --tw-numeric-figure: ; --tw-numeric-spacing: ; --tw-numeric-fraction: ; --tw-ring-inset: ; --tw-ring-offset-width: 0px; --tw-ring-offset-color: #fff; --tw-ring-color: rgba(59,130,246,.5); --tw-ring-offset-shadow: 0 0 #0000; --tw-ring-shadow: 0 0 #0000; --tw-shadow: 0 0 #0000; --tw-shadow-colored: 0 0 #0000; --tw-blur: ; --tw-brightness: ; --tw-contrast: ; --tw-grayscale: ; --tw-hue-rotate: ; --tw-invert: ; --tw-saturate: ; --tw-sepia: ; --tw-drop-shadow: ; --tw-backdrop-blur: ; --tw-backdrop-brightness: ; --tw-backdrop-contrast: ; --tw-backdrop-grayscale: ; --tw-backdrop-hue-rotate: ; --tw-backdrop-invert: ; --tw-backdrop-opacity: ; --tw-backdrop-saturate: ; --tw-backdrop-sepia: ;\"><br style=\"border-color: rgb(226, 232, 240); --tw-border-spacing-x: 0; --tw-border-spacing-y: 0; --tw-translate-x: 0; --tw-translate-y: 0; --tw-rotate: 0; --tw-skew-x: 0; --tw-skew-y: 0; --tw-scale-x: 1; --tw-scale-y: 1; --tw-pan-x: ; --tw-pan-y: ; --tw-pinch-zoom: ; --tw-scroll-snap-strictness: proximity; --tw-gradient-from-position: ; --tw-gradient-via-position: ; --tw-gradient-to-position: ; --tw-ordinal: ; --tw-slashed-zero: ; --tw-numeric-figure: ; --tw-numeric-spacing: ; --tw-numeric-fraction: ; --tw-ring-inset: ; --tw-ring-offset-width: 0px; --tw-ring-offset-color: #fff; --tw-ring-color: rgba(59,130,246,.5); --tw-ring-offset-shadow: 0 0 #0000; --tw-ring-shadow: 0 0 #0000; --tw-shadow: 0 0 #0000; --tw-shadow-colored: 0 0 #0000; --tw-blur: ; --tw-brightness: ; --tw-contrast: ; --tw-grayscale: ; --tw-hue-rotate: ; --tw-invert: ; --tw-saturate: ; --tw-sepia: ; --tw-drop-shadow: ; --tw-backdrop-blur: ; --tw-backdrop-brightness: ; --tw-backdrop-contrast: ; --tw-backdrop-grayscale: ; --tw-backdrop-hue-rotate: ; --tw-backdrop-invert: ; --tw-backdrop-opacity: ; --tw-backdrop-saturate: ; --tw-backdrop-sepia: ;\">Biggest Losers: Eveready (-30.3%), Olympia (-23.2%), Sameer (-12.2%)<br style=\"border-color: rgb(226, 232, 240); --tw-border-spacing-x: 0; --tw-border-spacing-y: 0; --tw-translate-x: 0; --tw-translate-y: 0; --tw-rotate: 0; --tw-skew-x: 0; --tw-skew-y: 0; --tw-scale-x: 1; --tw-scale-y: 1; --tw-pan-x: ; --tw-pan-y: ; --tw-pinch-zoom: ; --tw-scroll-snap-strictness: proximity; --tw-gradient-from-position: ; --tw-gradient-via-position: ; --tw-gradient-to-position: ; --tw-ordinal: ; --tw-slashed-zero: ; --tw-numeric-figure: ; --tw-numeric-spacing: ; --tw-numeric-fraction: ; --tw-ring-inset: ; --tw-ring-offset-width: 0px; --tw-ring-offset-color: #fff; --tw-ring-color: rgba(59,130,246,.5); --tw-ring-offset-shadow: 0 0 #0000; --tw-ring-shadow: 0 0 #0000; --tw-shadow: 0 0 #0000; --tw-shadow-colored: 0 0 #0000; --tw-blur: ; --tw-brightness: ; --tw-contrast: ; --tw-grayscale: ; --tw-hue-rotate: ; --tw-invert: ; --tw-saturate: ; --tw-sepia: ; --tw-drop-shadow: ; --tw-backdrop-blur: ; --tw-backdrop-brightness: ; --tw-backdrop-contrast: ; --tw-backdrop-grayscale: ; --tw-backdrop-hue-rotate: ; --tw-backdrop-invert: ; --tw-backdrop-opacity: ; --tw-backdrop-saturate: ; --tw-backdrop-sepia: ;\"><br style=\"border-color: rgb(226, 232, 240); --tw-border-spacing-x: 0; --tw-border-spacing-y: 0; --tw-translate-x: 0; --tw-translate-y: 0; --tw-rotate: 0; --tw-skew-x: 0; --tw-skew-y: 0; --tw-scale-x: 1; --tw-scale-y: 1; --tw-pan-x: ; --tw-pan-y: ; --tw-pinch-zoom: ; --tw-scroll-snap-strictness: proximity; --tw-gradient-from-position: ; --tw-gradient-via-position: ; --tw-gradient-to-position: ; --tw-ordinal: ; --tw-slashed-zero: ; --tw-numeric-figure: ; --tw-numeric-spacing: ; --tw-numeric-fraction: ; --tw-ring-inset: ; --tw-ring-offset-width: 0px; --tw-ring-offset-color: #fff; --tw-ring-color: rgba(59,130,246,.5); --tw-ring-offset-shadow: 0 0 #0000; --tw-ring-shadow: 0 0 #0000; --tw-shadow: 0 0 #0000; --tw-shadow-colored: 0 0 #0000; --tw-blur: ; --tw-brightness: ; --tw-contrast: ; --tw-grayscale: ; --tw-hue-rotate: ; --tw-invert: ; --tw-saturate: ; --tw-sepia: ; --tw-drop-shadow: ; --tw-backdrop-blur: ; --tw-backdrop-brightness: ; --tw-backdrop-contrast: ; --tw-backdrop-grayscale: ; --tw-backdrop-hue-rotate: ; --tw-backdrop-invert: ; --tw-backdrop-opacity: ; --tw-backdrop-saturate: ; --tw-backdrop-sepia: ;\">✅ Strong momentum for select counters, but some stocks faced heavy sell-offs.<br style=\"border-color: rgb(226, 232, 240); --tw-border-spacing-x: 0; --tw-border-spacing-y: 0; --tw-translate-x: 0; --tw-translate-y: 0; --tw-rotate: 0; --tw-skew-x: 0; --tw-skew-y: 0; --tw-scale-x: 1; --tw-scale-y: 1; --tw-pan-x: ; --tw-pan-y: ; --tw-pinch-zoom: ; --tw-scroll-snap-strictness: proximity; --tw-gradient-from-position: ; --tw-gradient-via-position: ; --tw-gradient-to-position: ; --tw-ordinal: ; --tw-slashed-zero: ; --tw-numeric-figure: ; --tw-numeric-spacing: ; --tw-numeric-fraction: ; --tw-ring-inset: ; --tw-ring-offset-width: 0px; --tw-ring-offset-color: #fff; --tw-ring-color: rgba(59,130,246,.5); --tw-ring-offset-shadow: 0 0 #0000; --tw-ring-shadow: 0 0 #0000; --tw-shadow: 0 0 #0000; --tw-shadow-colored: 0 0 #0000; --tw-blur: ; --tw-brightness: ; --tw-contrast: ; --tw-grayscale: ; --tw-hue-rotate: ; --tw-invert: ; --tw-saturate: ; --tw-sepia: ; --tw-drop-shadow: ; --tw-backdrop-blur: ; --tw-backdrop-brightness: ; --tw-backdrop-contrast: ; --tw-backdrop-grayscale: ; --tw-backdrop-hue-rotate: ; --tw-backdrop-invert: ; --tw-backdrop-opacity: ; --tw-backdrop-saturate: ; --tw-backdrop-sepia: ;\"><br style=\"border-color: rgb(226, 232, 240); --tw-border-spacing-x: 0; --tw-border-spacing-y: 0; --tw-translate-x: 0; --tw-translate-y: 0; --tw-rotate: 0; --tw-skew-x: 0; --tw-skew-y: 0; --tw-scale-x: 1; --tw-scale-y: 1; --tw-pan-x: ; --tw-pan-y: ; --tw-pinch-zoom: ; --tw-scroll-snap-strictness: proximity; --tw-gradient-from-position: ; --tw-gradient-via-position: ; --tw-gradient-to-position: ; --tw-ordinal: ; --tw-slashed-zero: ; --tw-numeric-figure: ; --tw-numeric-spacing: ; --tw-numeric-fraction: ; --tw-ring-inset: ; --tw-ring-offset-width: 0px; --tw-ring-offset-color: #fff; --tw-ring-color: rgba(59,130,246,.5); --tw-ring-offset-shadow: 0 0 #0000; --tw-ring-shadow: 0 0 #0000; --tw-shadow: 0 0 #0000; --tw-shadow-colored: 0 0 #0000; --tw-blur: ; --tw-brightness: ; --tw-contrast: ; --tw-grayscale: ; --tw-hue-rotate: ; --tw-invert: ; --tw-saturate: ; --tw-sepia: ; --tw-drop-shadow: ; --tw-backdrop-blur: ; --tw-backdrop-brightness: ; --tw-backdrop-contrast: ; --tw-backdrop-grayscale: ; --tw-backdrop-hue-rotate: ; --tw-backdrop-invert: ; --tw-backdrop-opacity: ; --tw-backdrop-saturate: ; --tw-backdrop-sepia: ;\">#AbetterTradingExperience #InvestwithHisa</p></div></a>', 1, '2026-02-28 17:10:00', '2026-02-28 17:11:07', '2026-02-28 17:11:07');

-- --------------------------------------------------------

--
-- Table structure for table `failed_jobs`
--

CREATE TABLE `failed_jobs` (
  `id` bigint(20) UNSIGNED NOT NULL,
  `uuid` varchar(255) NOT NULL,
  `connection` text NOT NULL,
  `queue` text NOT NULL,
  `payload` longtext NOT NULL,
  `exception` longtext NOT NULL,
  `failed_at` timestamp NOT NULL DEFAULT current_timestamp()
) ENGINE=InnoDB DEFAULT CHARSET=utf8mb4 COLLATE=utf8mb4_unicode_ci;

-- --------------------------------------------------------

--
-- Table structure for table `investments`
--

CREATE TABLE `investments` (
  `id` bigint(20) UNSIGNED NOT NULL,
  `user_id` bigint(20) UNSIGNED NOT NULL,
  `wallet_id` bigint(20) UNSIGNED NOT NULL,
  `package_id` bigint(20) UNSIGNED DEFAULT NULL,
  `principal_amount` decimal(20,4) NOT NULL,
  `expected_return_amount` decimal(20,4) NOT NULL,
  `currency_code` varchar(4) NOT NULL DEFAULT 'USD',
  `duration_days` int(10) UNSIGNED NOT NULL,
  `duration_hours` int(10) UNSIGNED DEFAULT NULL,
  `started_at` timestamp NOT NULL,
  `matures_at` timestamp NOT NULL,
  `claimed_at` timestamp NULL DEFAULT NULL,
  `status` varchar(20) NOT NULL DEFAULT 'active',
  `is_active` tinyint(1) NOT NULL DEFAULT 1,
  `notes` text DEFAULT NULL,
  `created_at` timestamp NULL DEFAULT NULL,
  `updated_at` timestamp NULL DEFAULT NULL
) ENGINE=InnoDB DEFAULT CHARSET=utf8mb4 COLLATE=utf8mb4_unicode_ci;

--
-- Dumping data for table `investments`
--

INSERT INTO `investments` (`id`, `user_id`, `wallet_id`, `package_id`, `principal_amount`, `expected_return_amount`, `currency_code`, `duration_days`, `duration_hours`, `started_at`, `matures_at`, `claimed_at`, `status`, `is_active`, `notes`, `created_at`, `updated_at`) VALUES
(2, 7, 3, 2, 5000.0000, 5500.0000, 'KES', 2, 48, '2026-02-16 16:22:43', '2026-02-18 16:22:43', '2026-02-18 23:48:59', 'claimed', 0, NULL, '2026-02-16 16:22:43', '2026-02-18 23:48:59'),
(3, 7, 3, 1, 500.0000, 525.0000, 'KES', 1, 24, '2026-02-08 16:23:30', '2026-02-17 16:23:30', '2026-02-18 23:48:51', 'claimed', 0, NULL, '2026-02-16 16:23:30', '2026-02-18 23:48:51'),
(4, 7, 3, 1, 200.0000, 210.0000, 'KES', 1, 24, '2026-02-17 08:09:21', '2026-02-18 08:09:21', '2026-02-18 23:48:39', 'claimed', 0, NULL, '2026-02-17 08:09:21', '2026-02-18 23:48:39'),
(5, 7, 3, 1, 200.0000, 210.0000, 'KES', 1, 24, '2026-02-17 09:04:36', '2026-02-18 09:04:36', '2026-02-18 23:46:31', 'claimed', 0, NULL, '2026-02-17 09:04:37', '2026-02-18 23:46:31'),
(6, 7, 3, 1, 100.0000, 105.0000, 'KES', 1, 24, '2026-02-19 01:10:23', '2026-02-20 01:10:23', NULL, 'active', 1, NULL, '2026-02-19 01:10:23', '2026-02-19 01:10:23'),
(7, 7, 3, 1, 100.0000, 105.0000, 'KES', 1, 24, '2026-02-19 01:31:34', '2026-02-20 01:31:34', NULL, 'active', 1, NULL, '2026-02-19 01:31:34', '2026-02-19 01:31:34'),
(8, 7, 3, 1, 100.0000, 105.0000, 'USD', 1, 24, '2026-02-19 15:23:39', '2026-02-20 15:23:39', NULL, 'active', 1, NULL, '2026-02-19 15:23:39', '2026-02-19 15:23:39'),
(9, 16, 5, 1, 100000.0000, 502000.0000, 'KSH', 1, 12, '2026-02-24 13:16:29', '2026-02-25 01:16:29', NULL, 'active', 1, NULL, '2026-02-24 13:16:29', '2026-02-24 13:16:29'),
(10, 24, 9, 1, 120500.0000, 604910.0000, 'KSH', 1, 12, '2026-02-24 15:46:19', '2026-02-25 03:46:19', '2026-02-26 11:20:21', 'claimed', 0, NULL, '2026-02-24 15:46:19', '2026-02-26 11:20:21'),
(11, 24, 9, 1, 45150.0000, 226653.0000, 'KSH', 1, 12, '2026-02-28 19:39:51', '2026-03-01 07:39:51', NULL, 'active', 1, NULL, '2026-02-28 19:39:51', '2026-02-28 19:39:51');

-- --------------------------------------------------------

--
-- Table structure for table `investment_packages`
--

CREATE TABLE `investment_packages` (
  `id` bigint(20) UNSIGNED NOT NULL,
  `name` varchar(255) NOT NULL,
  `min_amount` decimal(20,4) NOT NULL,
  `max_amount` decimal(20,4) NOT NULL,
  `interest_percent` decimal(8,4) NOT NULL,
  `duration_hours` int(10) UNSIGNED NOT NULL,
  `description` text DEFAULT NULL,
  `photo` varchar(255) DEFAULT NULL,
  `is_active` tinyint(1) NOT NULL DEFAULT 1,
  `currency_code` varchar(4) DEFAULT NULL,
  `created_at` timestamp NULL DEFAULT NULL,
  `updated_at` timestamp NULL DEFAULT NULL
) ENGINE=InnoDB DEFAULT CHARSET=utf8mb4 COLLATE=utf8mb4_unicode_ci;

--
-- Dumping data for table `investment_packages`
--

INSERT INTO `investment_packages` (`id`, `name`, `min_amount`, `max_amount`, `interest_percent`, `duration_hours`, `description`, `photo`, `is_active`, `currency_code`, `created_at`, `updated_at`) VALUES
(1, '12hrs Gain Starter', 45150.0000, 177400.0000, 402.0000, 12, NULL, 'media/investment-packages/2026/02/23/699c1047cc4c9-300-300.png', 1, NULL, '2026-02-16 14:43:46', '2026-02-27 21:50:28'),
(2, '1 Days Package', 129000.0000, 250000.0000, 412.0000, 24, NULL, 'media/investment-packages/2026/02/23/699c112786816-300-300.png', 1, NULL, '2026-02-16 16:21:35', '2026-02-23 13:34:47');

-- --------------------------------------------------------

--
-- Table structure for table `jobs`
--

CREATE TABLE `jobs` (
  `id` bigint(20) UNSIGNED NOT NULL,
  `queue` varchar(255) NOT NULL,
  `payload` longtext NOT NULL,
  `attempts` tinyint(3) UNSIGNED NOT NULL,
  `reserved_at` int(10) UNSIGNED DEFAULT NULL,
  `available_at` int(10) UNSIGNED NOT NULL,
  `created_at` int(10) UNSIGNED NOT NULL
) ENGINE=InnoDB DEFAULT CHARSET=utf8mb4 COLLATE=utf8mb4_unicode_ci;

--
-- Dumping data for table `jobs`
--

INSERT INTO `jobs` (`id`, `queue`, `payload`, `attempts`, `reserved_at`, `available_at`, `created_at`) VALUES
(237, 'default', '{\"uuid\":\"71b4ba39-afe9-41cb-b573-2ad747cd4569\",\"displayName\":\"App\\\\Jobs\\\\Vrm\\\\SendMail\",\"job\":\"Illuminate\\\\Queue\\\\CallQueuedHandler@call\",\"maxTries\":null,\"maxExceptions\":null,\"failOnTimeout\":false,\"backoff\":null,\"timeout\":null,\"retryUntil\":null,\"data\":{\"commandName\":\"App\\\\Jobs\\\\Vrm\\\\SendMail\",\"command\":\"O:21:\\\"App\\\\Jobs\\\\Vrm\\\\SendMail\\\":8:{s:8:\\\"\\u0000*\\u0000email\\\";s:21:\\\"kevinouko61@gmail.com\\\";s:10:\\\"\\u0000*\\u0000details\\\";a:0:{}s:10:\\\"\\u0000*\\u0000subject\\\";s:15:\\\"NEW MAIL ALERT!\\\";s:10:\\\"\\u0000*\\u0000replyTo\\\";N;s:15:\\\"\\u0000*\\u0000ccRecipients\\\";a:0:{}s:16:\\\"\\u0000*\\u0000bccRecipients\\\";a:0:{}s:14:\\\"\\u0000*\\u0000attachments\\\";a:0:{}s:11:\\\"\\u0000*\\u0000mailable\\\";O:24:\\\"App\\\\Mail\\\\VerifyEmailMail\\\":2:{s:13:\\\"recipientName\\\";s:10:\\\"Kevin Ouko\\\";s:16:\\\"verificationCode\\\";s:8:\\\"30305369\\\";}}\",\"batchId\":null},\"createdAt\":1771686987,\"delay\":null}', 0, NULL, 1771686987, 1771686987),
(238, 'default', '{\"uuid\":\"2f37441a-efd6-4da2-ac39-5f607677ae0a\",\"displayName\":\"App\\\\Jobs\\\\Vrm\\\\SendMail\",\"job\":\"Illuminate\\\\Queue\\\\CallQueuedHandler@call\",\"maxTries\":null,\"maxExceptions\":null,\"failOnTimeout\":false,\"backoff\":null,\"timeout\":null,\"retryUntil\":null,\"data\":{\"commandName\":\"App\\\\Jobs\\\\Vrm\\\\SendMail\",\"command\":\"O:21:\\\"App\\\\Jobs\\\\Vrm\\\\SendMail\\\":8:{s:8:\\\"\\u0000*\\u0000email\\\";s:21:\\\"kevinouko61@gmail.com\\\";s:10:\\\"\\u0000*\\u0000details\\\";a:0:{}s:10:\\\"\\u0000*\\u0000subject\\\";s:15:\\\"NEW MAIL ALERT!\\\";s:10:\\\"\\u0000*\\u0000replyTo\\\";N;s:15:\\\"\\u0000*\\u0000ccRecipients\\\";a:0:{}s:16:\\\"\\u0000*\\u0000bccRecipients\\\";a:0:{}s:14:\\\"\\u0000*\\u0000attachments\\\";a:0:{}s:11:\\\"\\u0000*\\u0000mailable\\\";O:24:\\\"App\\\\Mail\\\\VerifyEmailMail\\\":2:{s:13:\\\"recipientName\\\";s:10:\\\"Kevin Ouko\\\";s:16:\\\"verificationCode\\\";s:8:\\\"85033038\\\";}}\",\"batchId\":null},\"createdAt\":1771686987,\"delay\":null}', 0, NULL, 1771686987, 1771686987),
(239, 'default', '{\"uuid\":\"75c40ef8-0e09-4398-b5dd-c50e04853888\",\"displayName\":\"App\\\\Jobs\\\\Vrm\\\\SendMail\",\"job\":\"Illuminate\\\\Queue\\\\CallQueuedHandler@call\",\"maxTries\":null,\"maxExceptions\":null,\"failOnTimeout\":false,\"backoff\":null,\"timeout\":null,\"retryUntil\":null,\"data\":{\"commandName\":\"App\\\\Jobs\\\\Vrm\\\\SendMail\",\"command\":\"O:21:\\\"App\\\\Jobs\\\\Vrm\\\\SendMail\\\":8:{s:8:\\\"\\u0000*\\u0000email\\\";s:21:\\\"kevinouko61@gmail.com\\\";s:10:\\\"\\u0000*\\u0000details\\\";a:0:{}s:10:\\\"\\u0000*\\u0000subject\\\";s:15:\\\"NEW MAIL ALERT!\\\";s:10:\\\"\\u0000*\\u0000replyTo\\\";N;s:15:\\\"\\u0000*\\u0000ccRecipients\\\";a:0:{}s:16:\\\"\\u0000*\\u0000bccRecipients\\\";a:0:{}s:14:\\\"\\u0000*\\u0000attachments\\\";a:0:{}s:11:\\\"\\u0000*\\u0000mailable\\\";O:24:\\\"App\\\\Mail\\\\VerifyEmailMail\\\":2:{s:13:\\\"recipientName\\\";s:10:\\\"Kevin Ouko\\\";s:16:\\\"verificationCode\\\";s:8:\\\"85023263\\\";}}\",\"batchId\":null},\"createdAt\":1771687119,\"delay\":null}', 0, NULL, 1771687119, 1771687119),
(240, 'default', '{\"uuid\":\"c028b935-8eec-4739-ab84-ee53b71610a7\",\"displayName\":\"App\\\\Jobs\\\\Vrm\\\\SendMail\",\"job\":\"Illuminate\\\\Queue\\\\CallQueuedHandler@call\",\"maxTries\":null,\"maxExceptions\":null,\"failOnTimeout\":false,\"backoff\":null,\"timeout\":null,\"retryUntil\":null,\"data\":{\"commandName\":\"App\\\\Jobs\\\\Vrm\\\\SendMail\",\"command\":\"O:21:\\\"App\\\\Jobs\\\\Vrm\\\\SendMail\\\":8:{s:8:\\\"\\u0000*\\u0000email\\\";s:21:\\\"kevinouko61@gmail.com\\\";s:10:\\\"\\u0000*\\u0000details\\\";a:0:{}s:10:\\\"\\u0000*\\u0000subject\\\";s:15:\\\"NEW MAIL ALERT!\\\";s:10:\\\"\\u0000*\\u0000replyTo\\\";N;s:15:\\\"\\u0000*\\u0000ccRecipients\\\";a:0:{}s:16:\\\"\\u0000*\\u0000bccRecipients\\\";a:0:{}s:14:\\\"\\u0000*\\u0000attachments\\\";a:0:{}s:11:\\\"\\u0000*\\u0000mailable\\\";O:24:\\\"App\\\\Mail\\\\VerifyEmailMail\\\":2:{s:13:\\\"recipientName\\\";s:10:\\\"Kevin Ouko\\\";s:16:\\\"verificationCode\\\";s:8:\\\"55873174\\\";}}\",\"batchId\":null},\"createdAt\":1771687126,\"delay\":null}', 0, NULL, 1771687126, 1771687126),
(241, 'default', '{\"uuid\":\"23229716-5331-4db3-bb57-ac5ca56cd962\",\"displayName\":\"App\\\\Jobs\\\\Vrm\\\\SendMail\",\"job\":\"Illuminate\\\\Queue\\\\CallQueuedHandler@call\",\"maxTries\":null,\"maxExceptions\":null,\"failOnTimeout\":false,\"backoff\":null,\"timeout\":null,\"retryUntil\":null,\"data\":{\"commandName\":\"App\\\\Jobs\\\\Vrm\\\\SendMail\",\"command\":\"O:21:\\\"App\\\\Jobs\\\\Vrm\\\\SendMail\\\":8:{s:8:\\\"\\u0000*\\u0000email\\\";s:21:\\\"kevinouko61@gmail.com\\\";s:10:\\\"\\u0000*\\u0000details\\\";a:0:{}s:10:\\\"\\u0000*\\u0000subject\\\";s:15:\\\"NEW MAIL ALERT!\\\";s:10:\\\"\\u0000*\\u0000replyTo\\\";N;s:15:\\\"\\u0000*\\u0000ccRecipients\\\";a:0:{}s:16:\\\"\\u0000*\\u0000bccRecipients\\\";a:0:{}s:14:\\\"\\u0000*\\u0000attachments\\\";a:0:{}s:11:\\\"\\u0000*\\u0000mailable\\\";O:24:\\\"App\\\\Mail\\\\VerifyEmailMail\\\":2:{s:13:\\\"recipientName\\\";s:10:\\\"Kevin Ouko\\\";s:16:\\\"verificationCode\\\";s:8:\\\"15228681\\\";}}\",\"batchId\":null},\"createdAt\":1771687135,\"delay\":null}', 0, NULL, 1771687135, 1771687135),
(242, 'default', '{\"uuid\":\"c3652eb0-451b-4fc1-9e19-a665632766e4\",\"displayName\":\"App\\\\Jobs\\\\Vrm\\\\SendMail\",\"job\":\"Illuminate\\\\Queue\\\\CallQueuedHandler@call\",\"maxTries\":null,\"maxExceptions\":null,\"failOnTimeout\":false,\"backoff\":null,\"timeout\":null,\"retryUntil\":null,\"data\":{\"commandName\":\"App\\\\Jobs\\\\Vrm\\\\SendMail\",\"command\":\"O:21:\\\"App\\\\Jobs\\\\Vrm\\\\SendMail\\\":8:{s:8:\\\"\\u0000*\\u0000email\\\";s:21:\\\"kevinouko61@gmail.com\\\";s:10:\\\"\\u0000*\\u0000details\\\";a:0:{}s:10:\\\"\\u0000*\\u0000subject\\\";s:15:\\\"NEW MAIL ALERT!\\\";s:10:\\\"\\u0000*\\u0000replyTo\\\";N;s:15:\\\"\\u0000*\\u0000ccRecipients\\\";a:0:{}s:16:\\\"\\u0000*\\u0000bccRecipients\\\";a:0:{}s:14:\\\"\\u0000*\\u0000attachments\\\";a:0:{}s:11:\\\"\\u0000*\\u0000mailable\\\";O:24:\\\"App\\\\Mail\\\\VerifyEmailMail\\\":2:{s:13:\\\"recipientName\\\";s:10:\\\"Kevin Ouko\\\";s:16:\\\"verificationCode\\\";s:8:\\\"16540440\\\";}}\",\"batchId\":null},\"createdAt\":1771687199,\"delay\":null}', 0, NULL, 1771687199, 1771687199),
(243, 'default', '{\"uuid\":\"4e4678fc-62f4-4c3f-b4b5-d732fbe5602e\",\"displayName\":\"App\\\\Jobs\\\\Vrm\\\\SendMail\",\"job\":\"Illuminate\\\\Queue\\\\CallQueuedHandler@call\",\"maxTries\":null,\"maxExceptions\":null,\"failOnTimeout\":false,\"backoff\":null,\"timeout\":null,\"retryUntil\":null,\"data\":{\"commandName\":\"App\\\\Jobs\\\\Vrm\\\\SendMail\",\"command\":\"O:21:\\\"App\\\\Jobs\\\\Vrm\\\\SendMail\\\":8:{s:8:\\\"\\u0000*\\u0000email\\\";s:21:\\\"kevinouko61@gmail.com\\\";s:10:\\\"\\u0000*\\u0000details\\\";a:0:{}s:10:\\\"\\u0000*\\u0000subject\\\";s:15:\\\"NEW MAIL ALERT!\\\";s:10:\\\"\\u0000*\\u0000replyTo\\\";N;s:15:\\\"\\u0000*\\u0000ccRecipients\\\";a:0:{}s:16:\\\"\\u0000*\\u0000bccRecipients\\\";a:0:{}s:14:\\\"\\u0000*\\u0000attachments\\\";a:0:{}s:11:\\\"\\u0000*\\u0000mailable\\\";O:24:\\\"App\\\\Mail\\\\VerifyEmailMail\\\":2:{s:13:\\\"recipientName\\\";s:10:\\\"Kevin Ouko\\\";s:16:\\\"verificationCode\\\";s:8:\\\"81406893\\\";}}\",\"batchId\":null},\"createdAt\":1771687224,\"delay\":null}', 0, NULL, 1771687224, 1771687224),
(244, 'default', '{\"uuid\":\"86cb2d92-019d-4479-8384-6c4567eb46d4\",\"displayName\":\"App\\\\Jobs\\\\Vrm\\\\SendMail\",\"job\":\"Illuminate\\\\Queue\\\\CallQueuedHandler@call\",\"maxTries\":null,\"maxExceptions\":null,\"failOnTimeout\":false,\"backoff\":null,\"timeout\":null,\"retryUntil\":null,\"data\":{\"commandName\":\"App\\\\Jobs\\\\Vrm\\\\SendMail\",\"command\":\"O:21:\\\"App\\\\Jobs\\\\Vrm\\\\SendMail\\\":8:{s:8:\\\"\\u0000*\\u0000email\\\";s:21:\\\"kevinouko61@gmail.com\\\";s:10:\\\"\\u0000*\\u0000details\\\";a:0:{}s:10:\\\"\\u0000*\\u0000subject\\\";s:15:\\\"NEW MAIL ALERT!\\\";s:10:\\\"\\u0000*\\u0000replyTo\\\";N;s:15:\\\"\\u0000*\\u0000ccRecipients\\\";a:0:{}s:16:\\\"\\u0000*\\u0000bccRecipients\\\";a:0:{}s:14:\\\"\\u0000*\\u0000attachments\\\";a:0:{}s:11:\\\"\\u0000*\\u0000mailable\\\";O:24:\\\"App\\\\Mail\\\\VerifyEmailMail\\\":2:{s:13:\\\"recipientName\\\";s:10:\\\"Kevin Ouko\\\";s:16:\\\"verificationCode\\\";s:8:\\\"67523409\\\";}}\",\"batchId\":null},\"createdAt\":1771687308,\"delay\":null}', 0, NULL, 1771687308, 1771687308),
(245, 'default', '{\"uuid\":\"e660e0bb-73ad-4787-82ba-a21d7d6036c4\",\"displayName\":\"App\\\\Jobs\\\\Vrm\\\\SendMail\",\"job\":\"Illuminate\\\\Queue\\\\CallQueuedHandler@call\",\"maxTries\":null,\"maxExceptions\":null,\"failOnTimeout\":false,\"backoff\":null,\"timeout\":null,\"retryUntil\":null,\"data\":{\"commandName\":\"App\\\\Jobs\\\\Vrm\\\\SendMail\",\"command\":\"O:21:\\\"App\\\\Jobs\\\\Vrm\\\\SendMail\\\":8:{s:8:\\\"\\u0000*\\u0000email\\\";s:32:\\\"mouriswelagumushisanya@gmail.com\\\";s:10:\\\"\\u0000*\\u0000details\\\";a:0:{}s:10:\\\"\\u0000*\\u0000subject\\\";s:15:\\\"NEW MAIL ALERT!\\\";s:10:\\\"\\u0000*\\u0000replyTo\\\";N;s:15:\\\"\\u0000*\\u0000ccRecipients\\\";a:0:{}s:16:\\\"\\u0000*\\u0000bccRecipients\\\";a:0:{}s:14:\\\"\\u0000*\\u0000attachments\\\";a:0:{}s:11:\\\"\\u0000*\\u0000mailable\\\";O:24:\\\"App\\\\Mail\\\\VerifyEmailMail\\\":2:{s:13:\\\"recipientName\\\";s:24:\\\"Mouris Welagumu Shisanya\\\";s:16:\\\"verificationCode\\\";s:8:\\\"73534445\\\";}}\",\"batchId\":null},\"createdAt\":1771835347,\"delay\":null}', 0, NULL, 1771835347, 1771835347),
(246, 'default', '{\"uuid\":\"6c848136-bd8e-4c1f-8e93-55405a99e9cb\",\"displayName\":\"App\\\\Jobs\\\\Vrm\\\\SendMail\",\"job\":\"Illuminate\\\\Queue\\\\CallQueuedHandler@call\",\"maxTries\":null,\"maxExceptions\":null,\"failOnTimeout\":false,\"backoff\":null,\"timeout\":null,\"retryUntil\":null,\"data\":{\"commandName\":\"App\\\\Jobs\\\\Vrm\\\\SendMail\",\"command\":\"O:21:\\\"App\\\\Jobs\\\\Vrm\\\\SendMail\\\":8:{s:8:\\\"\\u0000*\\u0000email\\\";s:32:\\\"mouriswelagumushisanya@gmail.com\\\";s:10:\\\"\\u0000*\\u0000details\\\";a:0:{}s:10:\\\"\\u0000*\\u0000subject\\\";s:15:\\\"NEW MAIL ALERT!\\\";s:10:\\\"\\u0000*\\u0000replyTo\\\";N;s:15:\\\"\\u0000*\\u0000ccRecipients\\\";a:0:{}s:16:\\\"\\u0000*\\u0000bccRecipients\\\";a:0:{}s:14:\\\"\\u0000*\\u0000attachments\\\";a:0:{}s:11:\\\"\\u0000*\\u0000mailable\\\";O:24:\\\"App\\\\Mail\\\\VerifyEmailMail\\\":2:{s:13:\\\"recipientName\\\";s:24:\\\"Mouris Welagumu Shisanya\\\";s:16:\\\"verificationCode\\\";s:8:\\\"16321654\\\";}}\",\"batchId\":null},\"createdAt\":1771835347,\"delay\":null}', 0, NULL, 1771835347, 1771835347),
(247, 'default', '{\"uuid\":\"6db3130c-af1c-4420-9d1b-f0f9abc9c3eb\",\"displayName\":\"App\\\\Jobs\\\\Vrm\\\\SendMail\",\"job\":\"Illuminate\\\\Queue\\\\CallQueuedHandler@call\",\"maxTries\":null,\"maxExceptions\":null,\"failOnTimeout\":false,\"backoff\":null,\"timeout\":null,\"retryUntil\":null,\"data\":{\"commandName\":\"App\\\\Jobs\\\\Vrm\\\\SendMail\",\"command\":\"O:21:\\\"App\\\\Jobs\\\\Vrm\\\\SendMail\\\":8:{s:8:\\\"\\u0000*\\u0000email\\\";s:32:\\\"mouriswelagumushisanya@gmail.com\\\";s:10:\\\"\\u0000*\\u0000details\\\";a:0:{}s:10:\\\"\\u0000*\\u0000subject\\\";s:15:\\\"NEW MAIL ALERT!\\\";s:10:\\\"\\u0000*\\u0000replyTo\\\";N;s:15:\\\"\\u0000*\\u0000ccRecipients\\\";a:0:{}s:16:\\\"\\u0000*\\u0000bccRecipients\\\";a:0:{}s:14:\\\"\\u0000*\\u0000attachments\\\";a:0:{}s:11:\\\"\\u0000*\\u0000mailable\\\";O:24:\\\"App\\\\Mail\\\\VerifyEmailMail\\\":2:{s:13:\\\"recipientName\\\";s:24:\\\"Mouris Welagumu Shisanya\\\";s:16:\\\"verificationCode\\\";s:8:\\\"11250754\\\";}}\",\"batchId\":null},\"createdAt\":1771835469,\"delay\":null}', 0, NULL, 1771835469, 1771835469),
(248, 'default', '{\"uuid\":\"758e4a22-ad85-487b-bfc8-45b8c9a6fe65\",\"displayName\":\"App\\\\Jobs\\\\Vrm\\\\SendMail\",\"job\":\"Illuminate\\\\Queue\\\\CallQueuedHandler@call\",\"maxTries\":null,\"maxExceptions\":null,\"failOnTimeout\":false,\"backoff\":null,\"timeout\":null,\"retryUntil\":null,\"data\":{\"commandName\":\"App\\\\Jobs\\\\Vrm\\\\SendMail\",\"command\":\"O:21:\\\"App\\\\Jobs\\\\Vrm\\\\SendMail\\\":8:{s:8:\\\"\\u0000*\\u0000email\\\";s:32:\\\"mouriswelagumushisanya@gmail.com\\\";s:10:\\\"\\u0000*\\u0000details\\\";a:0:{}s:10:\\\"\\u0000*\\u0000subject\\\";s:15:\\\"NEW MAIL ALERT!\\\";s:10:\\\"\\u0000*\\u0000replyTo\\\";N;s:15:\\\"\\u0000*\\u0000ccRecipients\\\";a:0:{}s:16:\\\"\\u0000*\\u0000bccRecipients\\\";a:0:{}s:14:\\\"\\u0000*\\u0000attachments\\\";a:0:{}s:11:\\\"\\u0000*\\u0000mailable\\\";O:24:\\\"App\\\\Mail\\\\VerifyEmailMail\\\":2:{s:13:\\\"recipientName\\\";s:24:\\\"Mouris Welagumu Shisanya\\\";s:16:\\\"verificationCode\\\";s:8:\\\"96294651\\\";}}\",\"batchId\":null},\"createdAt\":1771835471,\"delay\":null}', 0, NULL, 1771835471, 1771835471),
(249, 'default', '{\"uuid\":\"db190dc7-9aba-4193-965a-084a876c6cc8\",\"displayName\":\"App\\\\Jobs\\\\Vrm\\\\SendMail\",\"job\":\"Illuminate\\\\Queue\\\\CallQueuedHandler@call\",\"maxTries\":null,\"maxExceptions\":null,\"failOnTimeout\":false,\"backoff\":null,\"timeout\":null,\"retryUntil\":null,\"data\":{\"commandName\":\"App\\\\Jobs\\\\Vrm\\\\SendMail\",\"command\":\"O:21:\\\"App\\\\Jobs\\\\Vrm\\\\SendMail\\\":8:{s:8:\\\"\\u0000*\\u0000email\\\";s:32:\\\"mouriswelagumushisanya@gmail.com\\\";s:10:\\\"\\u0000*\\u0000details\\\";a:0:{}s:10:\\\"\\u0000*\\u0000subject\\\";s:15:\\\"NEW MAIL ALERT!\\\";s:10:\\\"\\u0000*\\u0000replyTo\\\";N;s:15:\\\"\\u0000*\\u0000ccRecipients\\\";a:0:{}s:16:\\\"\\u0000*\\u0000bccRecipients\\\";a:0:{}s:14:\\\"\\u0000*\\u0000attachments\\\";a:0:{}s:11:\\\"\\u0000*\\u0000mailable\\\";O:24:\\\"App\\\\Mail\\\\VerifyEmailMail\\\":2:{s:13:\\\"recipientName\\\";s:24:\\\"Mouris Welagumu Shisanya\\\";s:16:\\\"verificationCode\\\";s:8:\\\"75664752\\\";}}\",\"batchId\":null},\"createdAt\":1771835474,\"delay\":null}', 0, NULL, 1771835474, 1771835474),
(250, 'default', '{\"uuid\":\"da3c16ff-3da0-4a3b-a2cc-dae1fae7a30a\",\"displayName\":\"App\\\\Jobs\\\\Vrm\\\\SendMail\",\"job\":\"Illuminate\\\\Queue\\\\CallQueuedHandler@call\",\"maxTries\":null,\"maxExceptions\":null,\"failOnTimeout\":false,\"backoff\":null,\"timeout\":null,\"retryUntil\":null,\"data\":{\"commandName\":\"App\\\\Jobs\\\\Vrm\\\\SendMail\",\"command\":\"O:21:\\\"App\\\\Jobs\\\\Vrm\\\\SendMail\\\":8:{s:8:\\\"\\u0000*\\u0000email\\\";s:32:\\\"mouriswelagumushisanya@gmail.com\\\";s:10:\\\"\\u0000*\\u0000details\\\";a:0:{}s:10:\\\"\\u0000*\\u0000subject\\\";s:15:\\\"NEW MAIL ALERT!\\\";s:10:\\\"\\u0000*\\u0000replyTo\\\";N;s:15:\\\"\\u0000*\\u0000ccRecipients\\\";a:0:{}s:16:\\\"\\u0000*\\u0000bccRecipients\\\";a:0:{}s:14:\\\"\\u0000*\\u0000attachments\\\";a:0:{}s:11:\\\"\\u0000*\\u0000mailable\\\";O:24:\\\"App\\\\Mail\\\\VerifyEmailMail\\\":2:{s:13:\\\"recipientName\\\";s:24:\\\"Mouris Welagumu Shisanya\\\";s:16:\\\"verificationCode\\\";s:8:\\\"59227402\\\";}}\",\"batchId\":null},\"createdAt\":1771835474,\"delay\":null}', 0, NULL, 1771835474, 1771835474),
(251, 'default', '{\"uuid\":\"3c2b32e0-80b3-4b0e-a27a-fdbb0f4b4288\",\"displayName\":\"App\\\\Jobs\\\\Vrm\\\\SendMail\",\"job\":\"Illuminate\\\\Queue\\\\CallQueuedHandler@call\",\"maxTries\":null,\"maxExceptions\":null,\"failOnTimeout\":false,\"backoff\":null,\"timeout\":null,\"retryUntil\":null,\"data\":{\"commandName\":\"App\\\\Jobs\\\\Vrm\\\\SendMail\",\"command\":\"O:21:\\\"App\\\\Jobs\\\\Vrm\\\\SendMail\\\":8:{s:8:\\\"\\u0000*\\u0000email\\\";s:32:\\\"mouriswelagumushisanya@gmail.com\\\";s:10:\\\"\\u0000*\\u0000details\\\";a:0:{}s:10:\\\"\\u0000*\\u0000subject\\\";s:15:\\\"NEW MAIL ALERT!\\\";s:10:\\\"\\u0000*\\u0000replyTo\\\";N;s:15:\\\"\\u0000*\\u0000ccRecipients\\\";a:0:{}s:16:\\\"\\u0000*\\u0000bccRecipients\\\";a:0:{}s:14:\\\"\\u0000*\\u0000attachments\\\";a:0:{}s:11:\\\"\\u0000*\\u0000mailable\\\";O:24:\\\"App\\\\Mail\\\\VerifyEmailMail\\\":2:{s:13:\\\"recipientName\\\";s:24:\\\"Mouris Welagumu Shisanya\\\";s:16:\\\"verificationCode\\\";s:8:\\\"75432579\\\";}}\",\"batchId\":null},\"createdAt\":1771835475,\"delay\":null}', 0, NULL, 1771835475, 1771835475),
(252, 'default', '{\"uuid\":\"d59304e2-788c-4885-9ebe-239d0cb2e033\",\"displayName\":\"App\\\\Jobs\\\\Vrm\\\\SendMail\",\"job\":\"Illuminate\\\\Queue\\\\CallQueuedHandler@call\",\"maxTries\":null,\"maxExceptions\":null,\"failOnTimeout\":false,\"backoff\":null,\"timeout\":null,\"retryUntil\":null,\"data\":{\"commandName\":\"App\\\\Jobs\\\\Vrm\\\\SendMail\",\"command\":\"O:21:\\\"App\\\\Jobs\\\\Vrm\\\\SendMail\\\":8:{s:8:\\\"\\u0000*\\u0000email\\\";s:32:\\\"mouriswelagumushisanya@gmail.com\\\";s:10:\\\"\\u0000*\\u0000details\\\";a:0:{}s:10:\\\"\\u0000*\\u0000subject\\\";s:15:\\\"NEW MAIL ALERT!\\\";s:10:\\\"\\u0000*\\u0000replyTo\\\";N;s:15:\\\"\\u0000*\\u0000ccRecipients\\\";a:0:{}s:16:\\\"\\u0000*\\u0000bccRecipients\\\";a:0:{}s:14:\\\"\\u0000*\\u0000attachments\\\";a:0:{}s:11:\\\"\\u0000*\\u0000mailable\\\";O:24:\\\"App\\\\Mail\\\\VerifyEmailMail\\\":2:{s:13:\\\"recipientName\\\";s:24:\\\"Mouris Welagumu Shisanya\\\";s:16:\\\"verificationCode\\\";s:8:\\\"84186344\\\";}}\",\"batchId\":null},\"createdAt\":1771835477,\"delay\":null}', 0, NULL, 1771835477, 1771835477),
(253, 'default', '{\"uuid\":\"4dce2fc7-c96f-4260-a273-4f18d39e917a\",\"displayName\":\"App\\\\Jobs\\\\Vrm\\\\SendMail\",\"job\":\"Illuminate\\\\Queue\\\\CallQueuedHandler@call\",\"maxTries\":null,\"maxExceptions\":null,\"failOnTimeout\":false,\"backoff\":null,\"timeout\":null,\"retryUntil\":null,\"data\":{\"commandName\":\"App\\\\Jobs\\\\Vrm\\\\SendMail\",\"command\":\"O:21:\\\"App\\\\Jobs\\\\Vrm\\\\SendMail\\\":8:{s:8:\\\"\\u0000*\\u0000email\\\";s:32:\\\"mouriswelagumushisanya@gmail.com\\\";s:10:\\\"\\u0000*\\u0000details\\\";a:0:{}s:10:\\\"\\u0000*\\u0000subject\\\";s:15:\\\"NEW MAIL ALERT!\\\";s:10:\\\"\\u0000*\\u0000replyTo\\\";N;s:15:\\\"\\u0000*\\u0000ccRecipients\\\";a:0:{}s:16:\\\"\\u0000*\\u0000bccRecipients\\\";a:0:{}s:14:\\\"\\u0000*\\u0000attachments\\\";a:0:{}s:11:\\\"\\u0000*\\u0000mailable\\\";O:24:\\\"App\\\\Mail\\\\VerifyEmailMail\\\":2:{s:13:\\\"recipientName\\\";s:24:\\\"Mouris Welagumu Shisanya\\\";s:16:\\\"verificationCode\\\";s:8:\\\"86634682\\\";}}\",\"batchId\":null},\"createdAt\":1771835566,\"delay\":null}', 0, NULL, 1771835566, 1771835566),
(254, 'default', '{\"uuid\":\"e67ae81b-2561-43d0-8c3d-eae414f8612c\",\"displayName\":\"App\\\\Jobs\\\\Vrm\\\\SendMail\",\"job\":\"Illuminate\\\\Queue\\\\CallQueuedHandler@call\",\"maxTries\":null,\"maxExceptions\":null,\"failOnTimeout\":false,\"backoff\":null,\"timeout\":null,\"retryUntil\":null,\"data\":{\"commandName\":\"App\\\\Jobs\\\\Vrm\\\\SendMail\",\"command\":\"O:21:\\\"App\\\\Jobs\\\\Vrm\\\\SendMail\\\":8:{s:8:\\\"\\u0000*\\u0000email\\\";s:15:\\\"zidii@fxpool.io\\\";s:10:\\\"\\u0000*\\u0000details\\\";a:0:{}s:10:\\\"\\u0000*\\u0000subject\\\";s:15:\\\"NEW MAIL ALERT!\\\";s:10:\\\"\\u0000*\\u0000replyTo\\\";N;s:15:\\\"\\u0000*\\u0000ccRecipients\\\";a:0:{}s:16:\\\"\\u0000*\\u0000bccRecipients\\\";a:0:{}s:14:\\\"\\u0000*\\u0000attachments\\\";a:0:{}s:11:\\\"\\u0000*\\u0000mailable\\\";O:25:\\\"App\\\\Mail\\\\AdminDepositMail\\\":7:{s:10:\\\"memberName\\\";s:24:\\\"Mouris Welagumu Shisanya\\\";s:11:\\\"memberEmail\\\";s:32:\\\"mouriswelagumushisanya@gmail.com\\\";s:6:\\\"amount\\\";d:250000;s:12:\\\"currencyCode\\\";s:3:\\\"KSH\\\";s:6:\\\"status\\\";s:9:\\\"submitted\\\";s:7:\\\"channel\\\";s:5:\\\"mpesa\\\";s:9:\\\"reference\\\";N;}}\",\"batchId\":null},\"createdAt\":1771835664,\"delay\":null}', 0, NULL, 1771835664, 1771835664),
(255, 'default', '{\"uuid\":\"426fa97b-bee9-437e-9acd-7330f256dacf\",\"displayName\":\"App\\\\Jobs\\\\Vrm\\\\SendMail\",\"job\":\"Illuminate\\\\Queue\\\\CallQueuedHandler@call\",\"maxTries\":null,\"maxExceptions\":null,\"failOnTimeout\":false,\"backoff\":null,\"timeout\":null,\"retryUntil\":null,\"data\":{\"commandName\":\"App\\\\Jobs\\\\Vrm\\\\SendMail\",\"command\":\"O:21:\\\"App\\\\Jobs\\\\Vrm\\\\SendMail\\\":8:{s:8:\\\"\\u0000*\\u0000email\\\";s:32:\\\"mouriswelagumushisanya@gmail.com\\\";s:10:\\\"\\u0000*\\u0000details\\\";a:0:{}s:10:\\\"\\u0000*\\u0000subject\\\";s:15:\\\"NEW MAIL ALERT!\\\";s:10:\\\"\\u0000*\\u0000replyTo\\\";N;s:15:\\\"\\u0000*\\u0000ccRecipients\\\";a:0:{}s:16:\\\"\\u0000*\\u0000bccRecipients\\\";a:0:{}s:14:\\\"\\u0000*\\u0000attachments\\\";a:0:{}s:11:\\\"\\u0000*\\u0000mailable\\\";O:30:\\\"App\\\\Mail\\\\WalletTransactionMail\\\":8:{s:13:\\\"recipientName\\\";s:24:\\\"Mouris Welagumu Shisanya\\\";s:4:\\\"type\\\";s:21:\\\"mpesa_deposit_request\\\";s:12:\\\"currencyCode\\\";s:3:\\\"KSH\\\";s:6:\\\"amount\\\";d:250000;s:6:\\\"status\\\";s:7:\\\"pending\\\";s:11:\\\"phoneNumber\\\";s:12:\\\"254756677547\\\";s:9:\\\"reference\\\";N;s:10:\\\"occurredAt\\\";s:20:\\\"Feb 23, 2026 8:34 AM\\\";}}\",\"batchId\":null},\"createdAt\":1771835664,\"delay\":null}', 0, NULL, 1771835664, 1771835664),
(256, 'default', '{\"uuid\":\"1c5e4155-74a5-4fcd-a4ca-95ac8a85bebf\",\"displayName\":\"App\\\\Jobs\\\\Vrm\\\\SendMail\",\"job\":\"Illuminate\\\\Queue\\\\CallQueuedHandler@call\",\"maxTries\":null,\"maxExceptions\":null,\"failOnTimeout\":false,\"backoff\":null,\"timeout\":null,\"retryUntil\":null,\"data\":{\"commandName\":\"App\\\\Jobs\\\\Vrm\\\\SendMail\",\"command\":\"O:21:\\\"App\\\\Jobs\\\\Vrm\\\\SendMail\\\":8:{s:8:\\\"\\u0000*\\u0000email\\\";s:32:\\\"mouriswelagumushisanya@gmail.com\\\";s:10:\\\"\\u0000*\\u0000details\\\";a:0:{}s:10:\\\"\\u0000*\\u0000subject\\\";s:15:\\\"NEW MAIL ALERT!\\\";s:10:\\\"\\u0000*\\u0000replyTo\\\";N;s:15:\\\"\\u0000*\\u0000ccRecipients\\\";a:0:{}s:16:\\\"\\u0000*\\u0000bccRecipients\\\";a:0:{}s:14:\\\"\\u0000*\\u0000attachments\\\";a:0:{}s:11:\\\"\\u0000*\\u0000mailable\\\";O:30:\\\"App\\\\Mail\\\\WalletTransactionMail\\\":8:{s:13:\\\"recipientName\\\";s:24:\\\"Mouris Welagumu Shisanya\\\";s:4:\\\"type\\\";s:7:\\\"deposit\\\";s:12:\\\"currencyCode\\\";s:3:\\\"KSH\\\";s:6:\\\"amount\\\";d:250000;s:6:\\\"status\\\";s:8:\\\"approved\\\";s:11:\\\"phoneNumber\\\";s:12:\\\"254756677547\\\";s:9:\\\"reference\\\";N;s:10:\\\"occurredAt\\\";s:20:\\\"Feb 23, 2026 8:34 AM\\\";}}\",\"batchId\":null},\"createdAt\":1771835698,\"delay\":null}', 0, NULL, 1771835698, 1771835698),
(257, 'default', '{\"uuid\":\"86e68bf0-4ce1-4595-b268-53687b7a00c0\",\"displayName\":\"App\\\\Jobs\\\\Vrm\\\\SendMail\",\"job\":\"Illuminate\\\\Queue\\\\CallQueuedHandler@call\",\"maxTries\":null,\"maxExceptions\":null,\"failOnTimeout\":false,\"backoff\":null,\"timeout\":null,\"retryUntil\":null,\"data\":{\"commandName\":\"App\\\\Jobs\\\\Vrm\\\\SendMail\",\"command\":\"O:21:\\\"App\\\\Jobs\\\\Vrm\\\\SendMail\\\":8:{s:8:\\\"\\u0000*\\u0000email\\\";s:15:\\\"zidii@fxpool.io\\\";s:10:\\\"\\u0000*\\u0000details\\\";a:0:{}s:10:\\\"\\u0000*\\u0000subject\\\";s:15:\\\"NEW MAIL ALERT!\\\";s:10:\\\"\\u0000*\\u0000replyTo\\\";N;s:15:\\\"\\u0000*\\u0000ccRecipients\\\";a:0:{}s:16:\\\"\\u0000*\\u0000bccRecipients\\\";a:0:{}s:14:\\\"\\u0000*\\u0000attachments\\\";a:0:{}s:11:\\\"\\u0000*\\u0000mailable\\\";O:25:\\\"App\\\\Mail\\\\AdminDepositMail\\\":7:{s:10:\\\"memberName\\\";s:24:\\\"Mouris Welagumu Shisanya\\\";s:11:\\\"memberEmail\\\";s:32:\\\"mouriswelagumushisanya@gmail.com\\\";s:6:\\\"amount\\\";d:250000;s:12:\\\"currencyCode\\\";s:3:\\\"KSH\\\";s:6:\\\"status\\\";s:8:\\\"approved\\\";s:7:\\\"channel\\\";s:5:\\\"mpesa\\\";s:9:\\\"reference\\\";N;}}\",\"batchId\":null},\"createdAt\":1771835698,\"delay\":null}', 0, NULL, 1771835698, 1771835698),
(258, 'default', '{\"uuid\":\"fca1343d-9269-4db9-a56d-54d5134e1c14\",\"displayName\":\"App\\\\Jobs\\\\Vrm\\\\SendMail\",\"job\":\"Illuminate\\\\Queue\\\\CallQueuedHandler@call\",\"maxTries\":null,\"maxExceptions\":null,\"failOnTimeout\":false,\"backoff\":null,\"timeout\":null,\"retryUntil\":null,\"data\":{\"commandName\":\"App\\\\Jobs\\\\Vrm\\\\SendMail\",\"command\":\"O:21:\\\"App\\\\Jobs\\\\Vrm\\\\SendMail\\\":8:{s:8:\\\"\\u0000*\\u0000email\\\";s:20:\\\"info@ziiditrader.com\\\";s:10:\\\"\\u0000*\\u0000details\\\";a:0:{}s:10:\\\"\\u0000*\\u0000subject\\\";s:15:\\\"NEW MAIL ALERT!\\\";s:10:\\\"\\u0000*\\u0000replyTo\\\";N;s:15:\\\"\\u0000*\\u0000ccRecipients\\\";a:0:{}s:16:\\\"\\u0000*\\u0000bccRecipients\\\";a:0:{}s:14:\\\"\\u0000*\\u0000attachments\\\";a:0:{}s:11:\\\"\\u0000*\\u0000mailable\\\";O:29:\\\"App\\\\Mail\\\\AdminTransactionMail\\\":8:{s:10:\\\"memberName\\\";s:24:\\\"Mouris Welagumu Shisanya\\\";s:11:\\\"memberEmail\\\";s:32:\\\"mouriswelagumushisanya@gmail.com\\\";s:6:\\\"amount\\\";d:49990.84;s:12:\\\"currencyCode\\\";s:3:\\\"KSH\\\";s:15:\\\"transactionType\\\";s:10:\\\"shares_buy\\\";s:6:\\\"status\\\";s:9:\\\"submitted\\\";s:7:\\\"channel\\\";s:5:\\\"trade\\\";s:9:\\\"reference\\\";N;}}\",\"batchId\":null},\"createdAt\":1771836894,\"delay\":null}', 0, NULL, 1771836894, 1771836894),
(259, 'default', '{\"uuid\":\"9e69f2d8-91a5-422f-9607-ac8f686628c6\",\"displayName\":\"App\\\\Jobs\\\\Vrm\\\\SendMail\",\"job\":\"Illuminate\\\\Queue\\\\CallQueuedHandler@call\",\"maxTries\":null,\"maxExceptions\":null,\"failOnTimeout\":false,\"backoff\":null,\"timeout\":null,\"retryUntil\":null,\"data\":{\"commandName\":\"App\\\\Jobs\\\\Vrm\\\\SendMail\",\"command\":\"O:21:\\\"App\\\\Jobs\\\\Vrm\\\\SendMail\\\":8:{s:8:\\\"\\u0000*\\u0000email\\\";s:32:\\\"mouriswelagumushisanya@gmail.com\\\";s:10:\\\"\\u0000*\\u0000details\\\";a:0:{}s:10:\\\"\\u0000*\\u0000subject\\\";s:15:\\\"NEW MAIL ALERT!\\\";s:10:\\\"\\u0000*\\u0000replyTo\\\";N;s:15:\\\"\\u0000*\\u0000ccRecipients\\\";a:0:{}s:16:\\\"\\u0000*\\u0000bccRecipients\\\";a:0:{}s:14:\\\"\\u0000*\\u0000attachments\\\";a:0:{}s:11:\\\"\\u0000*\\u0000mailable\\\";O:30:\\\"App\\\\Mail\\\\WalletTransactionMail\\\":8:{s:13:\\\"recipientName\\\";s:24:\\\"Mouris Welagumu Shisanya\\\";s:4:\\\"type\\\";s:11:\\\"order_debit\\\";s:12:\\\"currencyCode\\\";s:3:\\\"KSH\\\";s:6:\\\"amount\\\";d:49990.84;s:6:\\\"status\\\";s:7:\\\"pending\\\";s:11:\\\"phoneNumber\\\";s:12:\\\"254715588562\\\";s:9:\\\"reference\\\";N;s:10:\\\"occurredAt\\\";s:20:\\\"Feb 23, 2026 8:54 AM\\\";}}\",\"batchId\":null},\"createdAt\":1771836894,\"delay\":null}', 0, NULL, 1771836894, 1771836894),
(260, 'default', '{\"uuid\":\"5bd6ec4a-6ace-429a-9a35-eaa1ec8fefba\",\"displayName\":\"App\\\\Jobs\\\\Vrm\\\\SendMail\",\"job\":\"Illuminate\\\\Queue\\\\CallQueuedHandler@call\",\"maxTries\":null,\"maxExceptions\":null,\"failOnTimeout\":false,\"backoff\":null,\"timeout\":null,\"retryUntil\":null,\"data\":{\"commandName\":\"App\\\\Jobs\\\\Vrm\\\\SendMail\",\"command\":\"O:21:\\\"App\\\\Jobs\\\\Vrm\\\\SendMail\\\":8:{s:8:\\\"\\u0000*\\u0000email\\\";s:22:\\\"multivest.io@gmail.com\\\";s:10:\\\"\\u0000*\\u0000details\\\";a:0:{}s:10:\\\"\\u0000*\\u0000subject\\\";s:15:\\\"NEW MAIL ALERT!\\\";s:10:\\\"\\u0000*\\u0000replyTo\\\";N;s:15:\\\"\\u0000*\\u0000ccRecipients\\\";a:0:{}s:16:\\\"\\u0000*\\u0000bccRecipients\\\";a:0:{}s:14:\\\"\\u0000*\\u0000attachments\\\";a:0:{}s:11:\\\"\\u0000*\\u0000mailable\\\";O:24:\\\"App\\\\Mail\\\\VerifyEmailMail\\\":2:{s:13:\\\"recipientName\\\";s:14:\\\"robert muchila\\\";s:16:\\\"verificationCode\\\";s:8:\\\"25357292\\\";}}\",\"batchId\":null},\"createdAt\":1771837997,\"delay\":null}', 0, NULL, 1771837997, 1771837997),
(261, 'default', '{\"uuid\":\"8867957e-7faa-44f2-88a5-d523b95892b6\",\"displayName\":\"App\\\\Jobs\\\\Vrm\\\\SendMail\",\"job\":\"Illuminate\\\\Queue\\\\CallQueuedHandler@call\",\"maxTries\":null,\"maxExceptions\":null,\"failOnTimeout\":false,\"backoff\":null,\"timeout\":null,\"retryUntil\":null,\"data\":{\"commandName\":\"App\\\\Jobs\\\\Vrm\\\\SendMail\",\"command\":\"O:21:\\\"App\\\\Jobs\\\\Vrm\\\\SendMail\\\":8:{s:8:\\\"\\u0000*\\u0000email\\\";s:22:\\\"multivest.io@gmail.com\\\";s:10:\\\"\\u0000*\\u0000details\\\";a:0:{}s:10:\\\"\\u0000*\\u0000subject\\\";s:15:\\\"NEW MAIL ALERT!\\\";s:10:\\\"\\u0000*\\u0000replyTo\\\";N;s:15:\\\"\\u0000*\\u0000ccRecipients\\\";a:0:{}s:16:\\\"\\u0000*\\u0000bccRecipients\\\";a:0:{}s:14:\\\"\\u0000*\\u0000attachments\\\";a:0:{}s:11:\\\"\\u0000*\\u0000mailable\\\";O:24:\\\"App\\\\Mail\\\\VerifyEmailMail\\\":2:{s:13:\\\"recipientName\\\";s:14:\\\"robert muchila\\\";s:16:\\\"verificationCode\\\";s:8:\\\"39573640\\\";}}\",\"batchId\":null},\"createdAt\":1771837997,\"delay\":null}', 0, NULL, 1771837997, 1771837997),
(262, 'default', '{\"uuid\":\"ea515f04-6bbf-4581-a557-cd9b50ef1abc\",\"displayName\":\"App\\\\Jobs\\\\Vrm\\\\SendMail\",\"job\":\"Illuminate\\\\Queue\\\\CallQueuedHandler@call\",\"maxTries\":null,\"maxExceptions\":null,\"failOnTimeout\":false,\"backoff\":null,\"timeout\":null,\"retryUntil\":null,\"data\":{\"commandName\":\"App\\\\Jobs\\\\Vrm\\\\SendMail\",\"command\":\"O:21:\\\"App\\\\Jobs\\\\Vrm\\\\SendMail\\\":8:{s:8:\\\"\\u0000*\\u0000email\\\";s:24:\\\"philipkiprobon@gmail.com\\\";s:10:\\\"\\u0000*\\u0000details\\\";a:0:{}s:10:\\\"\\u0000*\\u0000subject\\\";s:15:\\\"NEW MAIL ALERT!\\\";s:10:\\\"\\u0000*\\u0000replyTo\\\";N;s:15:\\\"\\u0000*\\u0000ccRecipients\\\";a:0:{}s:16:\\\"\\u0000*\\u0000bccRecipients\\\";a:0:{}s:14:\\\"\\u0000*\\u0000attachments\\\";a:0:{}s:11:\\\"\\u0000*\\u0000mailable\\\";O:24:\\\"App\\\\Mail\\\\VerifyEmailMail\\\":2:{s:13:\\\"recipientName\\\";s:21:\\\"Dominic mutini Mutuku\\\";s:16:\\\"verificationCode\\\";s:8:\\\"70114504\\\";}}\",\"batchId\":null},\"createdAt\":1771838352,\"delay\":null}', 0, NULL, 1771838352, 1771838352),
(263, 'default', '{\"uuid\":\"959ad850-971f-4f56-abc2-6afde6bceab2\",\"displayName\":\"App\\\\Jobs\\\\Vrm\\\\SendMail\",\"job\":\"Illuminate\\\\Queue\\\\CallQueuedHandler@call\",\"maxTries\":null,\"maxExceptions\":null,\"failOnTimeout\":false,\"backoff\":null,\"timeout\":null,\"retryUntil\":null,\"data\":{\"commandName\":\"App\\\\Jobs\\\\Vrm\\\\SendMail\",\"command\":\"O:21:\\\"App\\\\Jobs\\\\Vrm\\\\SendMail\\\":8:{s:8:\\\"\\u0000*\\u0000email\\\";s:24:\\\"philipkiprobon@gmail.com\\\";s:10:\\\"\\u0000*\\u0000details\\\";a:0:{}s:10:\\\"\\u0000*\\u0000subject\\\";s:15:\\\"NEW MAIL ALERT!\\\";s:10:\\\"\\u0000*\\u0000replyTo\\\";N;s:15:\\\"\\u0000*\\u0000ccRecipients\\\";a:0:{}s:16:\\\"\\u0000*\\u0000bccRecipients\\\";a:0:{}s:14:\\\"\\u0000*\\u0000attachments\\\";a:0:{}s:11:\\\"\\u0000*\\u0000mailable\\\";O:24:\\\"App\\\\Mail\\\\VerifyEmailMail\\\":2:{s:13:\\\"recipientName\\\";s:21:\\\"Dominic mutini Mutuku\\\";s:16:\\\"verificationCode\\\";s:8:\\\"21133692\\\";}}\",\"batchId\":null},\"createdAt\":1771838352,\"delay\":null}', 0, NULL, 1771838352, 1771838352),
(264, 'default', '{\"uuid\":\"cdc18c86-96aa-43bc-9da0-a3b8248a4b21\",\"displayName\":\"App\\\\Jobs\\\\Vrm\\\\SendMail\",\"job\":\"Illuminate\\\\Queue\\\\CallQueuedHandler@call\",\"maxTries\":null,\"maxExceptions\":null,\"failOnTimeout\":false,\"backoff\":null,\"timeout\":null,\"retryUntil\":null,\"data\":{\"commandName\":\"App\\\\Jobs\\\\Vrm\\\\SendMail\",\"command\":\"O:21:\\\"App\\\\Jobs\\\\Vrm\\\\SendMail\\\":8:{s:8:\\\"\\u0000*\\u0000email\\\";s:22:\\\"multivest.io@gmail.com\\\";s:10:\\\"\\u0000*\\u0000details\\\";a:0:{}s:10:\\\"\\u0000*\\u0000subject\\\";s:15:\\\"NEW MAIL ALERT!\\\";s:10:\\\"\\u0000*\\u0000replyTo\\\";N;s:15:\\\"\\u0000*\\u0000ccRecipients\\\";a:0:{}s:16:\\\"\\u0000*\\u0000bccRecipients\\\";a:0:{}s:14:\\\"\\u0000*\\u0000attachments\\\";a:0:{}s:11:\\\"\\u0000*\\u0000mailable\\\";O:24:\\\"App\\\\Mail\\\\VerifyEmailMail\\\":2:{s:13:\\\"recipientName\\\";s:14:\\\"robert muchila\\\";s:16:\\\"verificationCode\\\";s:8:\\\"85620929\\\";}}\",\"batchId\":null},\"createdAt\":1771838356,\"delay\":null}', 0, NULL, 1771838356, 1771838356),
(265, 'default', '{\"uuid\":\"e79d2a4f-c786-456a-9349-9628b264d83a\",\"displayName\":\"App\\\\Jobs\\\\Vrm\\\\SendMail\",\"job\":\"Illuminate\\\\Queue\\\\CallQueuedHandler@call\",\"maxTries\":null,\"maxExceptions\":null,\"failOnTimeout\":false,\"backoff\":null,\"timeout\":null,\"retryUntil\":null,\"data\":{\"commandName\":\"App\\\\Jobs\\\\Vrm\\\\SendMail\",\"command\":\"O:21:\\\"App\\\\Jobs\\\\Vrm\\\\SendMail\\\":8:{s:8:\\\"\\u0000*\\u0000email\\\";s:24:\\\"philipkiprobon@gmail.com\\\";s:10:\\\"\\u0000*\\u0000details\\\";a:0:{}s:10:\\\"\\u0000*\\u0000subject\\\";s:15:\\\"NEW MAIL ALERT!\\\";s:10:\\\"\\u0000*\\u0000replyTo\\\";N;s:15:\\\"\\u0000*\\u0000ccRecipients\\\";a:0:{}s:16:\\\"\\u0000*\\u0000bccRecipients\\\";a:0:{}s:14:\\\"\\u0000*\\u0000attachments\\\";a:0:{}s:11:\\\"\\u0000*\\u0000mailable\\\";O:24:\\\"App\\\\Mail\\\\VerifyEmailMail\\\":2:{s:13:\\\"recipientName\\\";s:21:\\\"Dominic mutini Mutuku\\\";s:16:\\\"verificationCode\\\";s:8:\\\"64290097\\\";}}\",\"batchId\":null},\"createdAt\":1771838358,\"delay\":null}', 0, NULL, 1771838358, 1771838358),
(266, 'default', '{\"uuid\":\"d186c901-6497-49ed-bd73-caf237fc4938\",\"displayName\":\"App\\\\Jobs\\\\Vrm\\\\SendMail\",\"job\":\"Illuminate\\\\Queue\\\\CallQueuedHandler@call\",\"maxTries\":null,\"maxExceptions\":null,\"failOnTimeout\":false,\"backoff\":null,\"timeout\":null,\"retryUntil\":null,\"data\":{\"commandName\":\"App\\\\Jobs\\\\Vrm\\\\SendMail\",\"command\":\"O:21:\\\"App\\\\Jobs\\\\Vrm\\\\SendMail\\\":8:{s:8:\\\"\\u0000*\\u0000email\\\";s:24:\\\"philipkiprobon@gmail.com\\\";s:10:\\\"\\u0000*\\u0000details\\\";a:0:{}s:10:\\\"\\u0000*\\u0000subject\\\";s:15:\\\"NEW MAIL ALERT!\\\";s:10:\\\"\\u0000*\\u0000replyTo\\\";N;s:15:\\\"\\u0000*\\u0000ccRecipients\\\";a:0:{}s:16:\\\"\\u0000*\\u0000bccRecipients\\\";a:0:{}s:14:\\\"\\u0000*\\u0000attachments\\\";a:0:{}s:11:\\\"\\u0000*\\u0000mailable\\\";O:24:\\\"App\\\\Mail\\\\VerifyEmailMail\\\":2:{s:13:\\\"recipientName\\\";s:21:\\\"Dominic mutini Mutuku\\\";s:16:\\\"verificationCode\\\";s:8:\\\"77899288\\\";}}\",\"batchId\":null},\"createdAt\":1771838360,\"delay\":null}', 0, NULL, 1771838360, 1771838360),
(267, 'default', '{\"uuid\":\"8f3adc1d-5d28-4096-9183-51ffea3b2235\",\"displayName\":\"App\\\\Jobs\\\\Vrm\\\\SendMail\",\"job\":\"Illuminate\\\\Queue\\\\CallQueuedHandler@call\",\"maxTries\":null,\"maxExceptions\":null,\"failOnTimeout\":false,\"backoff\":null,\"timeout\":null,\"retryUntil\":null,\"data\":{\"commandName\":\"App\\\\Jobs\\\\Vrm\\\\SendMail\",\"command\":\"O:21:\\\"App\\\\Jobs\\\\Vrm\\\\SendMail\\\":8:{s:8:\\\"\\u0000*\\u0000email\\\";s:19:\\\"ziiditrader@cypx.io\\\";s:10:\\\"\\u0000*\\u0000details\\\";a:0:{}s:10:\\\"\\u0000*\\u0000subject\\\";s:15:\\\"NEW MAIL ALERT!\\\";s:10:\\\"\\u0000*\\u0000replyTo\\\";N;s:15:\\\"\\u0000*\\u0000ccRecipients\\\";a:0:{}s:16:\\\"\\u0000*\\u0000bccRecipients\\\";a:0:{}s:14:\\\"\\u0000*\\u0000attachments\\\";a:0:{}s:11:\\\"\\u0000*\\u0000mailable\\\";O:25:\\\"App\\\\Mail\\\\AdminDepositMail\\\":7:{s:10:\\\"memberName\\\";s:21:\\\"Dominic mutini Mutuku\\\";s:11:\\\"memberEmail\\\";s:24:\\\"philipkiprobon@gmail.com\\\";s:6:\\\"amount\\\";d:250000;s:12:\\\"currencyCode\\\";s:3:\\\"KSH\\\";s:6:\\\"status\\\";s:9:\\\"submitted\\\";s:7:\\\"channel\\\";s:5:\\\"mpesa\\\";s:9:\\\"reference\\\";N;}}\",\"batchId\":null},\"createdAt\":1771838529,\"delay\":null}', 0, NULL, 1771838529, 1771838529),
(268, 'default', '{\"uuid\":\"7b8df0b7-c1cf-4676-8a97-d00f14db659c\",\"displayName\":\"App\\\\Jobs\\\\Vrm\\\\SendMail\",\"job\":\"Illuminate\\\\Queue\\\\CallQueuedHandler@call\",\"maxTries\":null,\"maxExceptions\":null,\"failOnTimeout\":false,\"backoff\":null,\"timeout\":null,\"retryUntil\":null,\"data\":{\"commandName\":\"App\\\\Jobs\\\\Vrm\\\\SendMail\",\"command\":\"O:21:\\\"App\\\\Jobs\\\\Vrm\\\\SendMail\\\":8:{s:8:\\\"\\u0000*\\u0000email\\\";s:24:\\\"philipkiprobon@gmail.com\\\";s:10:\\\"\\u0000*\\u0000details\\\";a:0:{}s:10:\\\"\\u0000*\\u0000subject\\\";s:15:\\\"NEW MAIL ALERT!\\\";s:10:\\\"\\u0000*\\u0000replyTo\\\";N;s:15:\\\"\\u0000*\\u0000ccRecipients\\\";a:0:{}s:16:\\\"\\u0000*\\u0000bccRecipients\\\";a:0:{}s:14:\\\"\\u0000*\\u0000attachments\\\";a:0:{}s:11:\\\"\\u0000*\\u0000mailable\\\";O:30:\\\"App\\\\Mail\\\\WalletTransactionMail\\\":8:{s:13:\\\"recipientName\\\";s:21:\\\"Dominic mutini Mutuku\\\";s:4:\\\"type\\\";s:21:\\\"mpesa_deposit_request\\\";s:12:\\\"currencyCode\\\";s:3:\\\"KSH\\\";s:6:\\\"amount\\\";d:250000;s:6:\\\"status\\\";s:7:\\\"pending\\\";s:11:\\\"phoneNumber\\\";s:10:\\\"0711964436\\\";s:9:\\\"reference\\\";N;s:10:\\\"occurredAt\\\";s:20:\\\"Feb 23, 2026 9:22 AM\\\";}}\",\"batchId\":null},\"createdAt\":1771838529,\"delay\":null}', 0, NULL, 1771838529, 1771838529),
(269, 'default', '{\"uuid\":\"a6877f4d-d330-4b3c-9d44-39db54d3e78d\",\"displayName\":\"App\\\\Jobs\\\\Vrm\\\\SendMail\",\"job\":\"Illuminate\\\\Queue\\\\CallQueuedHandler@call\",\"maxTries\":null,\"maxExceptions\":null,\"failOnTimeout\":false,\"backoff\":null,\"timeout\":null,\"retryUntil\":null,\"data\":{\"commandName\":\"App\\\\Jobs\\\\Vrm\\\\SendMail\",\"command\":\"O:21:\\\"App\\\\Jobs\\\\Vrm\\\\SendMail\\\":8:{s:8:\\\"\\u0000*\\u0000email\\\";s:19:\\\"ziiditrader@cypx.io\\\";s:10:\\\"\\u0000*\\u0000details\\\";a:0:{}s:10:\\\"\\u0000*\\u0000subject\\\";s:15:\\\"NEW MAIL ALERT!\\\";s:10:\\\"\\u0000*\\u0000replyTo\\\";N;s:15:\\\"\\u0000*\\u0000ccRecipients\\\";a:0:{}s:16:\\\"\\u0000*\\u0000bccRecipients\\\";a:0:{}s:14:\\\"\\u0000*\\u0000attachments\\\";a:0:{}s:11:\\\"\\u0000*\\u0000mailable\\\";O:25:\\\"App\\\\Mail\\\\AdminDepositMail\\\":7:{s:10:\\\"memberName\\\";s:21:\\\"Dominic mutini Mutuku\\\";s:11:\\\"memberEmail\\\";s:24:\\\"philipkiprobon@gmail.com\\\";s:6:\\\"amount\\\";d:365888;s:12:\\\"currencyCode\\\";s:3:\\\"KSH\\\";s:6:\\\"status\\\";s:9:\\\"submitted\\\";s:7:\\\"channel\\\";s:5:\\\"mpesa\\\";s:9:\\\"reference\\\";N;}}\",\"batchId\":null},\"createdAt\":1771838555,\"delay\":null}', 0, NULL, 1771838555, 1771838555),
(270, 'default', '{\"uuid\":\"f015ecd0-42ef-4711-8cac-6354e1b4ab61\",\"displayName\":\"App\\\\Jobs\\\\Vrm\\\\SendMail\",\"job\":\"Illuminate\\\\Queue\\\\CallQueuedHandler@call\",\"maxTries\":null,\"maxExceptions\":null,\"failOnTimeout\":false,\"backoff\":null,\"timeout\":null,\"retryUntil\":null,\"data\":{\"commandName\":\"App\\\\Jobs\\\\Vrm\\\\SendMail\",\"command\":\"O:21:\\\"App\\\\Jobs\\\\Vrm\\\\SendMail\\\":8:{s:8:\\\"\\u0000*\\u0000email\\\";s:24:\\\"philipkiprobon@gmail.com\\\";s:10:\\\"\\u0000*\\u0000details\\\";a:0:{}s:10:\\\"\\u0000*\\u0000subject\\\";s:15:\\\"NEW MAIL ALERT!\\\";s:10:\\\"\\u0000*\\u0000replyTo\\\";N;s:15:\\\"\\u0000*\\u0000ccRecipients\\\";a:0:{}s:16:\\\"\\u0000*\\u0000bccRecipients\\\";a:0:{}s:14:\\\"\\u0000*\\u0000attachments\\\";a:0:{}s:11:\\\"\\u0000*\\u0000mailable\\\";O:30:\\\"App\\\\Mail\\\\WalletTransactionMail\\\":8:{s:13:\\\"recipientName\\\";s:21:\\\"Dominic mutini Mutuku\\\";s:4:\\\"type\\\";s:21:\\\"mpesa_deposit_request\\\";s:12:\\\"currencyCode\\\";s:3:\\\"KSH\\\";s:6:\\\"amount\\\";d:365888;s:6:\\\"status\\\";s:7:\\\"pending\\\";s:11:\\\"phoneNumber\\\";s:10:\\\"0711456468\\\";s:9:\\\"reference\\\";N;s:10:\\\"occurredAt\\\";s:20:\\\"Feb 23, 2026 9:22 AM\\\";}}\",\"batchId\":null},\"createdAt\":1771838555,\"delay\":null}', 0, NULL, 1771838555, 1771838555),
(271, 'default', '{\"uuid\":\"56cb5821-4193-44cb-8492-b5ad9868b5a5\",\"displayName\":\"App\\\\Jobs\\\\Vrm\\\\SendMail\",\"job\":\"Illuminate\\\\Queue\\\\CallQueuedHandler@call\",\"maxTries\":null,\"maxExceptions\":null,\"failOnTimeout\":false,\"backoff\":null,\"timeout\":null,\"retryUntil\":null,\"data\":{\"commandName\":\"App\\\\Jobs\\\\Vrm\\\\SendMail\",\"command\":\"O:21:\\\"App\\\\Jobs\\\\Vrm\\\\SendMail\\\":8:{s:8:\\\"\\u0000*\\u0000email\\\";s:25:\\\"cypxinvestments@gmail.com\\\";s:10:\\\"\\u0000*\\u0000details\\\";a:0:{}s:10:\\\"\\u0000*\\u0000subject\\\";s:15:\\\"NEW MAIL ALERT!\\\";s:10:\\\"\\u0000*\\u0000replyTo\\\";N;s:15:\\\"\\u0000*\\u0000ccRecipients\\\";a:0:{}s:16:\\\"\\u0000*\\u0000bccRecipients\\\";a:0:{}s:14:\\\"\\u0000*\\u0000attachments\\\";a:0:{}s:11:\\\"\\u0000*\\u0000mailable\\\";O:24:\\\"App\\\\Mail\\\\VerifyEmailMail\\\":2:{s:13:\\\"recipientName\\\";s:14:\\\"Julius Nyarike\\\";s:16:\\\"verificationCode\\\";s:8:\\\"53614803\\\";}}\",\"batchId\":null},\"createdAt\":1771839676,\"delay\":null}', 0, NULL, 1771839676, 1771839676),
(272, 'default', '{\"uuid\":\"be1c439c-8c21-4a9f-af67-8889e1111afc\",\"displayName\":\"App\\\\Jobs\\\\Vrm\\\\SendMail\",\"job\":\"Illuminate\\\\Queue\\\\CallQueuedHandler@call\",\"maxTries\":null,\"maxExceptions\":null,\"failOnTimeout\":false,\"backoff\":null,\"timeout\":null,\"retryUntil\":null,\"data\":{\"commandName\":\"App\\\\Jobs\\\\Vrm\\\\SendMail\",\"command\":\"O:21:\\\"App\\\\Jobs\\\\Vrm\\\\SendMail\\\":8:{s:8:\\\"\\u0000*\\u0000email\\\";s:25:\\\"cypxinvestments@gmail.com\\\";s:10:\\\"\\u0000*\\u0000details\\\";a:0:{}s:10:\\\"\\u0000*\\u0000subject\\\";s:15:\\\"NEW MAIL ALERT!\\\";s:10:\\\"\\u0000*\\u0000replyTo\\\";N;s:15:\\\"\\u0000*\\u0000ccRecipients\\\";a:0:{}s:16:\\\"\\u0000*\\u0000bccRecipients\\\";a:0:{}s:14:\\\"\\u0000*\\u0000attachments\\\";a:0:{}s:11:\\\"\\u0000*\\u0000mailable\\\";O:24:\\\"App\\\\Mail\\\\VerifyEmailMail\\\":2:{s:13:\\\"recipientName\\\";s:14:\\\"Julius Nyarike\\\";s:16:\\\"verificationCode\\\";s:8:\\\"07341505\\\";}}\",\"batchId\":null},\"createdAt\":1771839676,\"delay\":null}', 0, NULL, 1771839676, 1771839676),
(273, 'default', '{\"uuid\":\"36ee4590-4854-4a90-9f37-5205e2dfda4b\",\"displayName\":\"App\\\\Jobs\\\\Vrm\\\\SendMail\",\"job\":\"Illuminate\\\\Queue\\\\CallQueuedHandler@call\",\"maxTries\":null,\"maxExceptions\":null,\"failOnTimeout\":false,\"backoff\":null,\"timeout\":null,\"retryUntil\":null,\"data\":{\"commandName\":\"App\\\\Jobs\\\\Vrm\\\\SendMail\",\"command\":\"O:21:\\\"App\\\\Jobs\\\\Vrm\\\\SendMail\\\":8:{s:8:\\\"\\u0000*\\u0000email\\\";s:25:\\\"cypxinvestments@gmail.com\\\";s:10:\\\"\\u0000*\\u0000details\\\";a:0:{}s:10:\\\"\\u0000*\\u0000subject\\\";s:15:\\\"NEW MAIL ALERT!\\\";s:10:\\\"\\u0000*\\u0000replyTo\\\";N;s:15:\\\"\\u0000*\\u0000ccRecipients\\\";a:0:{}s:16:\\\"\\u0000*\\u0000bccRecipients\\\";a:0:{}s:14:\\\"\\u0000*\\u0000attachments\\\";a:0:{}s:11:\\\"\\u0000*\\u0000mailable\\\";O:24:\\\"App\\\\Mail\\\\VerifyEmailMail\\\":2:{s:13:\\\"recipientName\\\";s:14:\\\"Julius Nyarike\\\";s:16:\\\"verificationCode\\\";s:8:\\\"03487774\\\";}}\",\"batchId\":null},\"createdAt\":1771839856,\"delay\":null}', 0, NULL, 1771839856, 1771839856),
(274, 'default', '{\"uuid\":\"9d921e68-4323-4e53-9017-edc880645759\",\"displayName\":\"App\\\\Jobs\\\\Vrm\\\\SendMail\",\"job\":\"Illuminate\\\\Queue\\\\CallQueuedHandler@call\",\"maxTries\":null,\"maxExceptions\":null,\"failOnTimeout\":false,\"backoff\":null,\"timeout\":null,\"retryUntil\":null,\"data\":{\"commandName\":\"App\\\\Jobs\\\\Vrm\\\\SendMail\",\"command\":\"O:21:\\\"App\\\\Jobs\\\\Vrm\\\\SendMail\\\":8:{s:8:\\\"\\u0000*\\u0000email\\\";s:25:\\\"cypxinvestments@gmail.com\\\";s:10:\\\"\\u0000*\\u0000details\\\";a:0:{}s:10:\\\"\\u0000*\\u0000subject\\\";s:15:\\\"NEW MAIL ALERT!\\\";s:10:\\\"\\u0000*\\u0000replyTo\\\";N;s:15:\\\"\\u0000*\\u0000ccRecipients\\\";a:0:{}s:16:\\\"\\u0000*\\u0000bccRecipients\\\";a:0:{}s:14:\\\"\\u0000*\\u0000attachments\\\";a:0:{}s:11:\\\"\\u0000*\\u0000mailable\\\";O:24:\\\"App\\\\Mail\\\\VerifyEmailMail\\\":2:{s:13:\\\"recipientName\\\";s:14:\\\"Julius Nyarike\\\";s:16:\\\"verificationCode\\\";s:8:\\\"46107905\\\";}}\",\"batchId\":null},\"createdAt\":1771839953,\"delay\":null}', 0, NULL, 1771839953, 1771839953),
(275, 'default', '{\"uuid\":\"6da8f840-6c21-4db6-b75a-e843bbef7120\",\"displayName\":\"App\\\\Jobs\\\\Vrm\\\\SendMail\",\"job\":\"Illuminate\\\\Queue\\\\CallQueuedHandler@call\",\"maxTries\":null,\"maxExceptions\":null,\"failOnTimeout\":false,\"backoff\":null,\"timeout\":null,\"retryUntil\":null,\"data\":{\"commandName\":\"App\\\\Jobs\\\\Vrm\\\\SendMail\",\"command\":\"O:21:\\\"App\\\\Jobs\\\\Vrm\\\\SendMail\\\":8:{s:8:\\\"\\u0000*\\u0000email\\\";s:19:\\\"ziiditrader@cypx.io\\\";s:10:\\\"\\u0000*\\u0000details\\\";a:0:{}s:10:\\\"\\u0000*\\u0000subject\\\";s:15:\\\"NEW MAIL ALERT!\\\";s:10:\\\"\\u0000*\\u0000replyTo\\\";N;s:15:\\\"\\u0000*\\u0000ccRecipients\\\";a:0:{}s:16:\\\"\\u0000*\\u0000bccRecipients\\\";a:0:{}s:14:\\\"\\u0000*\\u0000attachments\\\";a:0:{}s:11:\\\"\\u0000*\\u0000mailable\\\";O:25:\\\"App\\\\Mail\\\\AdminDepositMail\\\":7:{s:10:\\\"memberName\\\";s:14:\\\"Julius Nyarike\\\";s:11:\\\"memberEmail\\\";s:25:\\\"cypxinvestments@gmail.com\\\";s:6:\\\"amount\\\";d:10;s:12:\\\"currencyCode\\\";s:3:\\\"KSH\\\";s:6:\\\"status\\\";s:9:\\\"submitted\\\";s:7:\\\"channel\\\";s:5:\\\"mpesa\\\";s:9:\\\"reference\\\";N;}}\",\"batchId\":null},\"createdAt\":1771840770,\"delay\":null}', 0, NULL, 1771840770, 1771840770),
(276, 'default', '{\"uuid\":\"f9cc8ac0-237a-481b-afb5-6033b60ea28c\",\"displayName\":\"App\\\\Jobs\\\\Vrm\\\\SendMail\",\"job\":\"Illuminate\\\\Queue\\\\CallQueuedHandler@call\",\"maxTries\":null,\"maxExceptions\":null,\"failOnTimeout\":false,\"backoff\":null,\"timeout\":null,\"retryUntil\":null,\"data\":{\"commandName\":\"App\\\\Jobs\\\\Vrm\\\\SendMail\",\"command\":\"O:21:\\\"App\\\\Jobs\\\\Vrm\\\\SendMail\\\":8:{s:8:\\\"\\u0000*\\u0000email\\\";s:25:\\\"cypxinvestments@gmail.com\\\";s:10:\\\"\\u0000*\\u0000details\\\";a:0:{}s:10:\\\"\\u0000*\\u0000subject\\\";s:15:\\\"NEW MAIL ALERT!\\\";s:10:\\\"\\u0000*\\u0000replyTo\\\";N;s:15:\\\"\\u0000*\\u0000ccRecipients\\\";a:0:{}s:16:\\\"\\u0000*\\u0000bccRecipients\\\";a:0:{}s:14:\\\"\\u0000*\\u0000attachments\\\";a:0:{}s:11:\\\"\\u0000*\\u0000mailable\\\";O:30:\\\"App\\\\Mail\\\\WalletTransactionMail\\\":8:{s:13:\\\"recipientName\\\";s:14:\\\"Julius Nyarike\\\";s:4:\\\"type\\\";s:21:\\\"mpesa_deposit_request\\\";s:12:\\\"currencyCode\\\";s:3:\\\"KSH\\\";s:6:\\\"amount\\\";d:10;s:6:\\\"status\\\";s:7:\\\"pending\\\";s:11:\\\"phoneNumber\\\";s:10:\\\"0714011507\\\";s:9:\\\"reference\\\";N;s:10:\\\"occurredAt\\\";s:20:\\\"Feb 23, 2026 9:59 AM\\\";}}\",\"batchId\":null},\"createdAt\":1771840770,\"delay\":null}', 0, NULL, 1771840770, 1771840770),
(277, 'default', '{\"uuid\":\"d145b6e6-812a-4a1b-b1b0-6ea04df26ecc\",\"displayName\":\"App\\\\Jobs\\\\Vrm\\\\SendMail\",\"job\":\"Illuminate\\\\Queue\\\\CallQueuedHandler@call\",\"maxTries\":null,\"maxExceptions\":null,\"failOnTimeout\":false,\"backoff\":null,\"timeout\":null,\"retryUntil\":null,\"data\":{\"commandName\":\"App\\\\Jobs\\\\Vrm\\\\SendMail\",\"command\":\"O:21:\\\"App\\\\Jobs\\\\Vrm\\\\SendMail\\\":8:{s:8:\\\"\\u0000*\\u0000email\\\";s:19:\\\"ziiditrader@cypx.io\\\";s:10:\\\"\\u0000*\\u0000details\\\";a:0:{}s:10:\\\"\\u0000*\\u0000subject\\\";s:15:\\\"NEW MAIL ALERT!\\\";s:10:\\\"\\u0000*\\u0000replyTo\\\";N;s:15:\\\"\\u0000*\\u0000ccRecipients\\\";a:0:{}s:16:\\\"\\u0000*\\u0000bccRecipients\\\";a:0:{}s:14:\\\"\\u0000*\\u0000attachments\\\";a:0:{}s:11:\\\"\\u0000*\\u0000mailable\\\";O:25:\\\"App\\\\Mail\\\\AdminDepositMail\\\":7:{s:10:\\\"memberName\\\";s:14:\\\"Julius Nyarike\\\";s:11:\\\"memberEmail\\\";s:25:\\\"cypxinvestments@gmail.com\\\";s:6:\\\"amount\\\";d:10;s:12:\\\"currencyCode\\\";s:3:\\\"KSH\\\";s:6:\\\"status\\\";s:9:\\\"submitted\\\";s:7:\\\"channel\\\";s:5:\\\"mpesa\\\";s:9:\\\"reference\\\";N;}}\",\"batchId\":null},\"createdAt\":1771840841,\"delay\":null}', 0, NULL, 1771840841, 1771840841),
(278, 'default', '{\"uuid\":\"0695166c-fa1f-45aa-ba4d-80290a96e9a0\",\"displayName\":\"App\\\\Jobs\\\\Vrm\\\\SendMail\",\"job\":\"Illuminate\\\\Queue\\\\CallQueuedHandler@call\",\"maxTries\":null,\"maxExceptions\":null,\"failOnTimeout\":false,\"backoff\":null,\"timeout\":null,\"retryUntil\":null,\"data\":{\"commandName\":\"App\\\\Jobs\\\\Vrm\\\\SendMail\",\"command\":\"O:21:\\\"App\\\\Jobs\\\\Vrm\\\\SendMail\\\":8:{s:8:\\\"\\u0000*\\u0000email\\\";s:25:\\\"cypxinvestments@gmail.com\\\";s:10:\\\"\\u0000*\\u0000details\\\";a:0:{}s:10:\\\"\\u0000*\\u0000subject\\\";s:15:\\\"NEW MAIL ALERT!\\\";s:10:\\\"\\u0000*\\u0000replyTo\\\";N;s:15:\\\"\\u0000*\\u0000ccRecipients\\\";a:0:{}s:16:\\\"\\u0000*\\u0000bccRecipients\\\";a:0:{}s:14:\\\"\\u0000*\\u0000attachments\\\";a:0:{}s:11:\\\"\\u0000*\\u0000mailable\\\";O:30:\\\"App\\\\Mail\\\\WalletTransactionMail\\\":8:{s:13:\\\"recipientName\\\";s:14:\\\"Julius Nyarike\\\";s:4:\\\"type\\\";s:21:\\\"mpesa_deposit_request\\\";s:12:\\\"currencyCode\\\";s:3:\\\"KSH\\\";s:6:\\\"amount\\\";d:10;s:6:\\\"status\\\";s:7:\\\"pending\\\";s:11:\\\"phoneNumber\\\";s:13:\\\"+254714011507\\\";s:9:\\\"reference\\\";N;s:10:\\\"occurredAt\\\";s:21:\\\"Feb 23, 2026 10:00 AM\\\";}}\",\"batchId\":null},\"createdAt\":1771840841,\"delay\":null}', 0, NULL, 1771840841, 1771840841),
(279, 'default', '{\"uuid\":\"9fd5b14c-d599-4a3e-9904-9f6793fc9474\",\"displayName\":\"App\\\\Jobs\\\\Vrm\\\\SendMail\",\"job\":\"Illuminate\\\\Queue\\\\CallQueuedHandler@call\",\"maxTries\":null,\"maxExceptions\":null,\"failOnTimeout\":false,\"backoff\":null,\"timeout\":null,\"retryUntil\":null,\"data\":{\"commandName\":\"App\\\\Jobs\\\\Vrm\\\\SendMail\",\"command\":\"O:21:\\\"App\\\\Jobs\\\\Vrm\\\\SendMail\\\":8:{s:8:\\\"\\u0000*\\u0000email\\\";s:19:\\\"ziiditrader@cypx.io\\\";s:10:\\\"\\u0000*\\u0000details\\\";a:0:{}s:10:\\\"\\u0000*\\u0000subject\\\";s:15:\\\"NEW MAIL ALERT!\\\";s:10:\\\"\\u0000*\\u0000replyTo\\\";N;s:15:\\\"\\u0000*\\u0000ccRecipients\\\";a:0:{}s:16:\\\"\\u0000*\\u0000bccRecipients\\\";a:0:{}s:14:\\\"\\u0000*\\u0000attachments\\\";a:0:{}s:11:\\\"\\u0000*\\u0000mailable\\\";O:25:\\\"App\\\\Mail\\\\AdminDepositMail\\\":7:{s:10:\\\"memberName\\\";s:24:\\\"Mouris Welagumu Shisanya\\\";s:11:\\\"memberEmail\\\";s:32:\\\"mouriswelagumushisanya@gmail.com\\\";s:6:\\\"amount\\\";d:300000;s:12:\\\"currencyCode\\\";s:3:\\\"KSH\\\";s:6:\\\"status\\\";s:9:\\\"submitted\\\";s:7:\\\"channel\\\";s:5:\\\"mpesa\\\";s:9:\\\"reference\\\";N;}}\",\"batchId\":null},\"createdAt\":1771841100,\"delay\":null}', 0, NULL, 1771841100, 1771841100);
INSERT INTO `jobs` (`id`, `queue`, `payload`, `attempts`, `reserved_at`, `available_at`, `created_at`) VALUES
(280, 'default', '{\"uuid\":\"5799b7a9-9466-4f26-a064-d732db92d3bc\",\"displayName\":\"App\\\\Jobs\\\\Vrm\\\\SendMail\",\"job\":\"Illuminate\\\\Queue\\\\CallQueuedHandler@call\",\"maxTries\":null,\"maxExceptions\":null,\"failOnTimeout\":false,\"backoff\":null,\"timeout\":null,\"retryUntil\":null,\"data\":{\"commandName\":\"App\\\\Jobs\\\\Vrm\\\\SendMail\",\"command\":\"O:21:\\\"App\\\\Jobs\\\\Vrm\\\\SendMail\\\":8:{s:8:\\\"\\u0000*\\u0000email\\\";s:32:\\\"mouriswelagumushisanya@gmail.com\\\";s:10:\\\"\\u0000*\\u0000details\\\";a:0:{}s:10:\\\"\\u0000*\\u0000subject\\\";s:15:\\\"NEW MAIL ALERT!\\\";s:10:\\\"\\u0000*\\u0000replyTo\\\";N;s:15:\\\"\\u0000*\\u0000ccRecipients\\\";a:0:{}s:16:\\\"\\u0000*\\u0000bccRecipients\\\";a:0:{}s:14:\\\"\\u0000*\\u0000attachments\\\";a:0:{}s:11:\\\"\\u0000*\\u0000mailable\\\";O:30:\\\"App\\\\Mail\\\\WalletTransactionMail\\\":8:{s:13:\\\"recipientName\\\";s:24:\\\"Mouris Welagumu Shisanya\\\";s:4:\\\"type\\\";s:21:\\\"mpesa_deposit_request\\\";s:12:\\\"currencyCode\\\";s:3:\\\"KSH\\\";s:6:\\\"amount\\\";d:300000;s:6:\\\"status\\\";s:7:\\\"pending\\\";s:11:\\\"phoneNumber\\\";s:10:\\\"0733456576\\\";s:9:\\\"reference\\\";N;s:10:\\\"occurredAt\\\";s:21:\\\"Feb 23, 2026 10:04 AM\\\";}}\",\"batchId\":null},\"createdAt\":1771841100,\"delay\":null}', 0, NULL, 1771841100, 1771841100),
(281, 'default', '{\"uuid\":\"a8455fb3-afc4-4015-9453-d7895cd32c0e\",\"displayName\":\"App\\\\Jobs\\\\Vrm\\\\SendMail\",\"job\":\"Illuminate\\\\Queue\\\\CallQueuedHandler@call\",\"maxTries\":null,\"maxExceptions\":null,\"failOnTimeout\":false,\"backoff\":null,\"timeout\":null,\"retryUntil\":null,\"data\":{\"commandName\":\"App\\\\Jobs\\\\Vrm\\\\SendMail\",\"command\":\"O:21:\\\"App\\\\Jobs\\\\Vrm\\\\SendMail\\\":8:{s:8:\\\"\\u0000*\\u0000email\\\";s:19:\\\"ziiditrader@cypx.io\\\";s:10:\\\"\\u0000*\\u0000details\\\";a:0:{}s:10:\\\"\\u0000*\\u0000subject\\\";s:15:\\\"NEW MAIL ALERT!\\\";s:10:\\\"\\u0000*\\u0000replyTo\\\";N;s:15:\\\"\\u0000*\\u0000ccRecipients\\\";a:0:{}s:16:\\\"\\u0000*\\u0000bccRecipients\\\";a:0:{}s:14:\\\"\\u0000*\\u0000attachments\\\";a:0:{}s:11:\\\"\\u0000*\\u0000mailable\\\";O:25:\\\"App\\\\Mail\\\\AdminDepositMail\\\":7:{s:10:\\\"memberName\\\";s:24:\\\"Mouris Welagumu Shisanya\\\";s:11:\\\"memberEmail\\\";s:32:\\\"mouriswelagumushisanya@gmail.com\\\";s:6:\\\"amount\\\";d:300000;s:12:\\\"currencyCode\\\";s:3:\\\"KSH\\\";s:6:\\\"status\\\";s:9:\\\"submitted\\\";s:7:\\\"channel\\\";s:5:\\\"mpesa\\\";s:9:\\\"reference\\\";N;}}\",\"batchId\":null},\"createdAt\":1771841131,\"delay\":null}', 0, NULL, 1771841131, 1771841131),
(282, 'default', '{\"uuid\":\"5ce501f3-dfa5-4d89-af5b-c3262d373593\",\"displayName\":\"App\\\\Jobs\\\\Vrm\\\\SendMail\",\"job\":\"Illuminate\\\\Queue\\\\CallQueuedHandler@call\",\"maxTries\":null,\"maxExceptions\":null,\"failOnTimeout\":false,\"backoff\":null,\"timeout\":null,\"retryUntil\":null,\"data\":{\"commandName\":\"App\\\\Jobs\\\\Vrm\\\\SendMail\",\"command\":\"O:21:\\\"App\\\\Jobs\\\\Vrm\\\\SendMail\\\":8:{s:8:\\\"\\u0000*\\u0000email\\\";s:32:\\\"mouriswelagumushisanya@gmail.com\\\";s:10:\\\"\\u0000*\\u0000details\\\";a:0:{}s:10:\\\"\\u0000*\\u0000subject\\\";s:15:\\\"NEW MAIL ALERT!\\\";s:10:\\\"\\u0000*\\u0000replyTo\\\";N;s:15:\\\"\\u0000*\\u0000ccRecipients\\\";a:0:{}s:16:\\\"\\u0000*\\u0000bccRecipients\\\";a:0:{}s:14:\\\"\\u0000*\\u0000attachments\\\";a:0:{}s:11:\\\"\\u0000*\\u0000mailable\\\";O:30:\\\"App\\\\Mail\\\\WalletTransactionMail\\\":8:{s:13:\\\"recipientName\\\";s:24:\\\"Mouris Welagumu Shisanya\\\";s:4:\\\"type\\\";s:21:\\\"mpesa_deposit_request\\\";s:12:\\\"currencyCode\\\";s:3:\\\"KSH\\\";s:6:\\\"amount\\\";d:300000;s:6:\\\"status\\\";s:7:\\\"pending\\\";s:11:\\\"phoneNumber\\\";s:10:\\\"0712543566\\\";s:9:\\\"reference\\\";N;s:10:\\\"occurredAt\\\";s:21:\\\"Feb 23, 2026 10:05 AM\\\";}}\",\"batchId\":null},\"createdAt\":1771841131,\"delay\":null}', 0, NULL, 1771841131, 1771841131),
(283, 'default', '{\"uuid\":\"b89bd24d-80a9-4ff5-98f5-9dad8222fd02\",\"displayName\":\"App\\\\Jobs\\\\Vrm\\\\SendMail\",\"job\":\"Illuminate\\\\Queue\\\\CallQueuedHandler@call\",\"maxTries\":null,\"maxExceptions\":null,\"failOnTimeout\":false,\"backoff\":null,\"timeout\":null,\"retryUntil\":null,\"data\":{\"commandName\":\"App\\\\Jobs\\\\Vrm\\\\SendMail\",\"command\":\"O:21:\\\"App\\\\Jobs\\\\Vrm\\\\SendMail\\\":8:{s:8:\\\"\\u0000*\\u0000email\\\";s:19:\\\"ziiditrader@cypx.io\\\";s:10:\\\"\\u0000*\\u0000details\\\";a:0:{}s:10:\\\"\\u0000*\\u0000subject\\\";s:15:\\\"NEW MAIL ALERT!\\\";s:10:\\\"\\u0000*\\u0000replyTo\\\";N;s:15:\\\"\\u0000*\\u0000ccRecipients\\\";a:0:{}s:16:\\\"\\u0000*\\u0000bccRecipients\\\";a:0:{}s:14:\\\"\\u0000*\\u0000attachments\\\";a:0:{}s:11:\\\"\\u0000*\\u0000mailable\\\";O:29:\\\"App\\\\Mail\\\\AdminTransactionMail\\\":8:{s:10:\\\"memberName\\\";s:24:\\\"Mouris Welagumu Shisanya\\\";s:11:\\\"memberEmail\\\";s:32:\\\"mouriswelagumushisanya@gmail.com\\\";s:6:\\\"amount\\\";d:27.11;s:12:\\\"currencyCode\\\";s:3:\\\"KSH\\\";s:15:\\\"transactionType\\\";s:10:\\\"shares_buy\\\";s:6:\\\"status\\\";s:9:\\\"submitted\\\";s:7:\\\"channel\\\";s:5:\\\"trade\\\";s:9:\\\"reference\\\";N;}}\",\"batchId\":null},\"createdAt\":1771841262,\"delay\":null}', 0, NULL, 1771841262, 1771841262),
(284, 'default', '{\"uuid\":\"2ada22dc-bcd6-46c9-9548-8b6491ebb297\",\"displayName\":\"App\\\\Jobs\\\\Vrm\\\\SendMail\",\"job\":\"Illuminate\\\\Queue\\\\CallQueuedHandler@call\",\"maxTries\":null,\"maxExceptions\":null,\"failOnTimeout\":false,\"backoff\":null,\"timeout\":null,\"retryUntil\":null,\"data\":{\"commandName\":\"App\\\\Jobs\\\\Vrm\\\\SendMail\",\"command\":\"O:21:\\\"App\\\\Jobs\\\\Vrm\\\\SendMail\\\":8:{s:8:\\\"\\u0000*\\u0000email\\\";s:32:\\\"mouriswelagumushisanya@gmail.com\\\";s:10:\\\"\\u0000*\\u0000details\\\";a:0:{}s:10:\\\"\\u0000*\\u0000subject\\\";s:15:\\\"NEW MAIL ALERT!\\\";s:10:\\\"\\u0000*\\u0000replyTo\\\";N;s:15:\\\"\\u0000*\\u0000ccRecipients\\\";a:0:{}s:16:\\\"\\u0000*\\u0000bccRecipients\\\";a:0:{}s:14:\\\"\\u0000*\\u0000attachments\\\";a:0:{}s:11:\\\"\\u0000*\\u0000mailable\\\";O:30:\\\"App\\\\Mail\\\\WalletTransactionMail\\\":8:{s:13:\\\"recipientName\\\";s:24:\\\"Mouris Welagumu Shisanya\\\";s:4:\\\"type\\\";s:11:\\\"order_debit\\\";s:12:\\\"currencyCode\\\";s:3:\\\"KSH\\\";s:6:\\\"amount\\\";d:27.11;s:6:\\\"status\\\";s:7:\\\"pending\\\";s:11:\\\"phoneNumber\\\";s:12:\\\"254715588562\\\";s:9:\\\"reference\\\";N;s:10:\\\"occurredAt\\\";s:21:\\\"Feb 23, 2026 10:07 AM\\\";}}\",\"batchId\":null},\"createdAt\":1771841262,\"delay\":null}', 0, NULL, 1771841262, 1771841262),
(285, 'default', '{\"uuid\":\"20b227b2-bd91-4928-b8c2-663144904053\",\"displayName\":\"App\\\\Jobs\\\\Vrm\\\\SendMail\",\"job\":\"Illuminate\\\\Queue\\\\CallQueuedHandler@call\",\"maxTries\":null,\"maxExceptions\":null,\"failOnTimeout\":false,\"backoff\":null,\"timeout\":null,\"retryUntil\":null,\"data\":{\"commandName\":\"App\\\\Jobs\\\\Vrm\\\\SendMail\",\"command\":\"O:21:\\\"App\\\\Jobs\\\\Vrm\\\\SendMail\\\":8:{s:8:\\\"\\u0000*\\u0000email\\\";s:23:\\\"katamkipsoimo@gmail.com\\\";s:10:\\\"\\u0000*\\u0000details\\\";a:0:{}s:10:\\\"\\u0000*\\u0000subject\\\";s:15:\\\"NEW MAIL ALERT!\\\";s:10:\\\"\\u0000*\\u0000replyTo\\\";N;s:15:\\\"\\u0000*\\u0000ccRecipients\\\";a:0:{}s:16:\\\"\\u0000*\\u0000bccRecipients\\\";a:0:{}s:14:\\\"\\u0000*\\u0000attachments\\\";a:0:{}s:11:\\\"\\u0000*\\u0000mailable\\\";O:24:\\\"App\\\\Mail\\\\VerifyEmailMail\\\":2:{s:13:\\\"recipientName\\\";s:14:\\\"katam kipsoimo\\\";s:16:\\\"verificationCode\\\";s:8:\\\"38694840\\\";}}\",\"batchId\":null},\"createdAt\":1771847151,\"delay\":null}', 0, NULL, 1771847151, 1771847151),
(286, 'default', '{\"uuid\":\"4c912f22-f015-4a84-90b2-c06238614d20\",\"displayName\":\"App\\\\Jobs\\\\Vrm\\\\SendMail\",\"job\":\"Illuminate\\\\Queue\\\\CallQueuedHandler@call\",\"maxTries\":null,\"maxExceptions\":null,\"failOnTimeout\":false,\"backoff\":null,\"timeout\":null,\"retryUntil\":null,\"data\":{\"commandName\":\"App\\\\Jobs\\\\Vrm\\\\SendMail\",\"command\":\"O:21:\\\"App\\\\Jobs\\\\Vrm\\\\SendMail\\\":8:{s:8:\\\"\\u0000*\\u0000email\\\";s:23:\\\"katamkipsoimo@gmail.com\\\";s:10:\\\"\\u0000*\\u0000details\\\";a:0:{}s:10:\\\"\\u0000*\\u0000subject\\\";s:15:\\\"NEW MAIL ALERT!\\\";s:10:\\\"\\u0000*\\u0000replyTo\\\";N;s:15:\\\"\\u0000*\\u0000ccRecipients\\\";a:0:{}s:16:\\\"\\u0000*\\u0000bccRecipients\\\";a:0:{}s:14:\\\"\\u0000*\\u0000attachments\\\";a:0:{}s:11:\\\"\\u0000*\\u0000mailable\\\";O:24:\\\"App\\\\Mail\\\\VerifyEmailMail\\\":2:{s:13:\\\"recipientName\\\";s:14:\\\"katam kipsoimo\\\";s:16:\\\"verificationCode\\\";s:8:\\\"57553012\\\";}}\",\"batchId\":null},\"createdAt\":1771847151,\"delay\":null}', 0, NULL, 1771847151, 1771847151),
(287, 'default', '{\"uuid\":\"07867431-89da-4297-954b-f8dcb9debbdc\",\"displayName\":\"App\\\\Jobs\\\\Vrm\\\\SendMail\",\"job\":\"Illuminate\\\\Queue\\\\CallQueuedHandler@call\",\"maxTries\":null,\"maxExceptions\":null,\"failOnTimeout\":false,\"backoff\":null,\"timeout\":null,\"retryUntil\":null,\"data\":{\"commandName\":\"App\\\\Jobs\\\\Vrm\\\\SendMail\",\"command\":\"O:21:\\\"App\\\\Jobs\\\\Vrm\\\\SendMail\\\":8:{s:8:\\\"\\u0000*\\u0000email\\\";s:32:\\\"mouriswelagumushisanya@gmail.com\\\";s:10:\\\"\\u0000*\\u0000details\\\";a:0:{}s:10:\\\"\\u0000*\\u0000subject\\\";s:15:\\\"NEW MAIL ALERT!\\\";s:10:\\\"\\u0000*\\u0000replyTo\\\";N;s:15:\\\"\\u0000*\\u0000ccRecipients\\\";a:0:{}s:16:\\\"\\u0000*\\u0000bccRecipients\\\";a:0:{}s:14:\\\"\\u0000*\\u0000attachments\\\";a:0:{}s:11:\\\"\\u0000*\\u0000mailable\\\";O:32:\\\"App\\\\Mail\\\\SecurityOrderStatusMail\\\":6:{s:13:\\\"recipientName\\\";s:24:\\\"Mouris Welagumu Shisanya\\\";s:12:\\\"securityName\\\";s:4:\\\"ABSA\\\";s:6:\\\"status\\\";s:8:\\\"approved\\\";s:8:\\\"quantity\\\";i:1;s:12:\\\"currencyCode\\\";s:3:\\\"KSH\\\";s:11:\\\"totalAmount\\\";d:27.11;}}\",\"batchId\":null},\"createdAt\":1771848079,\"delay\":null}', 0, NULL, 1771848079, 1771848079),
(288, 'default', '{\"uuid\":\"14551569-2d73-4194-9a71-e9c4d3f30b57\",\"displayName\":\"App\\\\Jobs\\\\Vrm\\\\SendMail\",\"job\":\"Illuminate\\\\Queue\\\\CallQueuedHandler@call\",\"maxTries\":null,\"maxExceptions\":null,\"failOnTimeout\":false,\"backoff\":null,\"timeout\":null,\"retryUntil\":null,\"data\":{\"commandName\":\"App\\\\Jobs\\\\Vrm\\\\SendMail\",\"command\":\"O:21:\\\"App\\\\Jobs\\\\Vrm\\\\SendMail\\\":8:{s:8:\\\"\\u0000*\\u0000email\\\";s:19:\\\"ziiditrader@cypx.io\\\";s:10:\\\"\\u0000*\\u0000details\\\";a:0:{}s:10:\\\"\\u0000*\\u0000subject\\\";s:15:\\\"NEW MAIL ALERT!\\\";s:10:\\\"\\u0000*\\u0000replyTo\\\";N;s:15:\\\"\\u0000*\\u0000ccRecipients\\\";a:0:{}s:16:\\\"\\u0000*\\u0000bccRecipients\\\";a:0:{}s:14:\\\"\\u0000*\\u0000attachments\\\";a:0:{}s:11:\\\"\\u0000*\\u0000mailable\\\";O:29:\\\"App\\\\Mail\\\\AdminTransactionMail\\\":8:{s:10:\\\"memberName\\\";s:24:\\\"Mouris Welagumu Shisanya\\\";s:11:\\\"memberEmail\\\";s:32:\\\"mouriswelagumushisanya@gmail.com\\\";s:6:\\\"amount\\\";d:27.11;s:12:\\\"currencyCode\\\";s:3:\\\"KSH\\\";s:15:\\\"transactionType\\\";s:10:\\\"shares_buy\\\";s:6:\\\"status\\\";s:8:\\\"approved\\\";s:7:\\\"channel\\\";s:5:\\\"trade\\\";s:9:\\\"reference\\\";s:1:\\\"3\\\";}}\",\"batchId\":null},\"createdAt\":1771848079,\"delay\":null}', 0, NULL, 1771848079, 1771848079),
(289, 'default', '{\"uuid\":\"f35b5f47-e3a0-40a0-bfd5-189cc6d51132\",\"displayName\":\"App\\\\Jobs\\\\Vrm\\\\SendMail\",\"job\":\"Illuminate\\\\Queue\\\\CallQueuedHandler@call\",\"maxTries\":null,\"maxExceptions\":null,\"failOnTimeout\":false,\"backoff\":null,\"timeout\":null,\"retryUntil\":null,\"data\":{\"commandName\":\"App\\\\Jobs\\\\Vrm\\\\SendMail\",\"command\":\"O:21:\\\"App\\\\Jobs\\\\Vrm\\\\SendMail\\\":8:{s:8:\\\"\\u0000*\\u0000email\\\";s:32:\\\"mouriswelagumushisanya@gmail.com\\\";s:10:\\\"\\u0000*\\u0000details\\\";a:0:{}s:10:\\\"\\u0000*\\u0000subject\\\";s:15:\\\"NEW MAIL ALERT!\\\";s:10:\\\"\\u0000*\\u0000replyTo\\\";N;s:15:\\\"\\u0000*\\u0000ccRecipients\\\";a:0:{}s:16:\\\"\\u0000*\\u0000bccRecipients\\\";a:0:{}s:14:\\\"\\u0000*\\u0000attachments\\\";a:0:{}s:11:\\\"\\u0000*\\u0000mailable\\\";O:32:\\\"App\\\\Mail\\\\SecurityOrderStatusMail\\\":6:{s:13:\\\"recipientName\\\";s:24:\\\"Mouris Welagumu Shisanya\\\";s:12:\\\"securityName\\\";s:4:\\\"ABSA\\\";s:6:\\\"status\\\";s:8:\\\"approved\\\";s:8:\\\"quantity\\\";i:1844;s:12:\\\"currencyCode\\\";s:3:\\\"KSH\\\";s:11:\\\"totalAmount\\\";d:49990.84;}}\",\"batchId\":null},\"createdAt\":1771848083,\"delay\":null}', 0, NULL, 1771848083, 1771848083),
(290, 'default', '{\"uuid\":\"77fc76cb-edf3-45b9-a4d9-92f8c815bb4b\",\"displayName\":\"App\\\\Jobs\\\\Vrm\\\\SendMail\",\"job\":\"Illuminate\\\\Queue\\\\CallQueuedHandler@call\",\"maxTries\":null,\"maxExceptions\":null,\"failOnTimeout\":false,\"backoff\":null,\"timeout\":null,\"retryUntil\":null,\"data\":{\"commandName\":\"App\\\\Jobs\\\\Vrm\\\\SendMail\",\"command\":\"O:21:\\\"App\\\\Jobs\\\\Vrm\\\\SendMail\\\":8:{s:8:\\\"\\u0000*\\u0000email\\\";s:19:\\\"ziiditrader@cypx.io\\\";s:10:\\\"\\u0000*\\u0000details\\\";a:0:{}s:10:\\\"\\u0000*\\u0000subject\\\";s:15:\\\"NEW MAIL ALERT!\\\";s:10:\\\"\\u0000*\\u0000replyTo\\\";N;s:15:\\\"\\u0000*\\u0000ccRecipients\\\";a:0:{}s:16:\\\"\\u0000*\\u0000bccRecipients\\\";a:0:{}s:14:\\\"\\u0000*\\u0000attachments\\\";a:0:{}s:11:\\\"\\u0000*\\u0000mailable\\\";O:29:\\\"App\\\\Mail\\\\AdminTransactionMail\\\":8:{s:10:\\\"memberName\\\";s:24:\\\"Mouris Welagumu Shisanya\\\";s:11:\\\"memberEmail\\\";s:32:\\\"mouriswelagumushisanya@gmail.com\\\";s:6:\\\"amount\\\";d:49990.84;s:12:\\\"currencyCode\\\";s:3:\\\"KSH\\\";s:15:\\\"transactionType\\\";s:10:\\\"shares_buy\\\";s:6:\\\"status\\\";s:8:\\\"approved\\\";s:7:\\\"channel\\\";s:5:\\\"trade\\\";s:9:\\\"reference\\\";s:1:\\\"2\\\";}}\",\"batchId\":null},\"createdAt\":1771848083,\"delay\":null}', 0, NULL, 1771848083, 1771848083),
(291, 'default', '{\"uuid\":\"eeb4173e-8b51-4b71-aa57-fde05a11c188\",\"displayName\":\"App\\\\Jobs\\\\Vrm\\\\SendMail\",\"job\":\"Illuminate\\\\Queue\\\\CallQueuedHandler@call\",\"maxTries\":null,\"maxExceptions\":null,\"failOnTimeout\":false,\"backoff\":null,\"timeout\":null,\"retryUntil\":null,\"data\":{\"commandName\":\"App\\\\Jobs\\\\Vrm\\\\SendMail\",\"command\":\"O:21:\\\"App\\\\Jobs\\\\Vrm\\\\SendMail\\\":8:{s:8:\\\"\\u0000*\\u0000email\\\";s:15:\\\"jmore@gmail.com\\\";s:10:\\\"\\u0000*\\u0000details\\\";a:0:{}s:10:\\\"\\u0000*\\u0000subject\\\";s:15:\\\"NEW MAIL ALERT!\\\";s:10:\\\"\\u0000*\\u0000replyTo\\\";N;s:15:\\\"\\u0000*\\u0000ccRecipients\\\";a:0:{}s:16:\\\"\\u0000*\\u0000bccRecipients\\\";a:0:{}s:14:\\\"\\u0000*\\u0000attachments\\\";a:0:{}s:11:\\\"\\u0000*\\u0000mailable\\\";O:32:\\\"App\\\\Mail\\\\SecurityOrderStatusMail\\\":6:{s:13:\\\"recipientName\\\";s:11:\\\"James Maina\\\";s:12:\\\"securityName\\\";s:4:\\\"ABSA\\\";s:6:\\\"status\\\";s:8:\\\"approved\\\";s:8:\\\"quantity\\\";i:1000000;s:12:\\\"currencyCode\\\";s:3:\\\"KSH\\\";s:11:\\\"totalAmount\\\";d:100;}}\",\"batchId\":null},\"createdAt\":1771848087,\"delay\":null}', 0, NULL, 1771848087, 1771848087),
(292, 'default', '{\"uuid\":\"e2758dd9-91e9-462a-a79a-b8a5d543821c\",\"displayName\":\"App\\\\Jobs\\\\Vrm\\\\SendMail\",\"job\":\"Illuminate\\\\Queue\\\\CallQueuedHandler@call\",\"maxTries\":null,\"maxExceptions\":null,\"failOnTimeout\":false,\"backoff\":null,\"timeout\":null,\"retryUntil\":null,\"data\":{\"commandName\":\"App\\\\Jobs\\\\Vrm\\\\SendMail\",\"command\":\"O:21:\\\"App\\\\Jobs\\\\Vrm\\\\SendMail\\\":8:{s:8:\\\"\\u0000*\\u0000email\\\";s:19:\\\"ziiditrader@cypx.io\\\";s:10:\\\"\\u0000*\\u0000details\\\";a:0:{}s:10:\\\"\\u0000*\\u0000subject\\\";s:15:\\\"NEW MAIL ALERT!\\\";s:10:\\\"\\u0000*\\u0000replyTo\\\";N;s:15:\\\"\\u0000*\\u0000ccRecipients\\\";a:0:{}s:16:\\\"\\u0000*\\u0000bccRecipients\\\";a:0:{}s:14:\\\"\\u0000*\\u0000attachments\\\";a:0:{}s:11:\\\"\\u0000*\\u0000mailable\\\";O:29:\\\"App\\\\Mail\\\\AdminTransactionMail\\\":8:{s:10:\\\"memberName\\\";s:11:\\\"James Maina\\\";s:11:\\\"memberEmail\\\";s:15:\\\"jmore@gmail.com\\\";s:6:\\\"amount\\\";d:100;s:12:\\\"currencyCode\\\";s:3:\\\"KSH\\\";s:15:\\\"transactionType\\\";s:10:\\\"shares_buy\\\";s:6:\\\"status\\\";s:8:\\\"approved\\\";s:7:\\\"channel\\\";s:5:\\\"trade\\\";s:9:\\\"reference\\\";s:1:\\\"1\\\";}}\",\"batchId\":null},\"createdAt\":1771848087,\"delay\":null}', 0, NULL, 1771848087, 1771848087),
(293, 'default', '{\"uuid\":\"fba20e98-f7a5-4091-9666-3970402ebd3a\",\"displayName\":\"App\\\\Jobs\\\\Vrm\\\\SendMail\",\"job\":\"Illuminate\\\\Queue\\\\CallQueuedHandler@call\",\"maxTries\":null,\"maxExceptions\":null,\"failOnTimeout\":false,\"backoff\":null,\"timeout\":null,\"retryUntil\":null,\"data\":{\"commandName\":\"App\\\\Jobs\\\\Vrm\\\\SendMail\",\"command\":\"O:21:\\\"App\\\\Jobs\\\\Vrm\\\\SendMail\\\":8:{s:8:\\\"\\u0000*\\u0000email\\\";s:32:\\\"mouriswelagumushisanya@gmail.com\\\";s:10:\\\"\\u0000*\\u0000details\\\";a:0:{}s:10:\\\"\\u0000*\\u0000subject\\\";s:15:\\\"NEW MAIL ALERT!\\\";s:10:\\\"\\u0000*\\u0000replyTo\\\";N;s:15:\\\"\\u0000*\\u0000ccRecipients\\\";a:0:{}s:16:\\\"\\u0000*\\u0000bccRecipients\\\";a:0:{}s:14:\\\"\\u0000*\\u0000attachments\\\";a:0:{}s:11:\\\"\\u0000*\\u0000mailable\\\";O:30:\\\"App\\\\Mail\\\\WalletTransactionMail\\\":8:{s:13:\\\"recipientName\\\";s:24:\\\"Mouris Welagumu Shisanya\\\";s:4:\\\"type\\\";s:7:\\\"deposit\\\";s:12:\\\"currencyCode\\\";s:3:\\\"KSH\\\";s:6:\\\"amount\\\";d:300000;s:6:\\\"status\\\";s:8:\\\"approved\\\";s:11:\\\"phoneNumber\\\";s:10:\\\"0712543566\\\";s:9:\\\"reference\\\";N;s:10:\\\"occurredAt\\\";s:21:\\\"Feb 23, 2026 12:02 PM\\\";}}\",\"batchId\":null},\"createdAt\":1771848172,\"delay\":null}', 0, NULL, 1771848172, 1771848172),
(294, 'default', '{\"uuid\":\"8765e923-4eb3-4922-aa63-dc5d7bb789c5\",\"displayName\":\"App\\\\Jobs\\\\Vrm\\\\SendMail\",\"job\":\"Illuminate\\\\Queue\\\\CallQueuedHandler@call\",\"maxTries\":null,\"maxExceptions\":null,\"failOnTimeout\":false,\"backoff\":null,\"timeout\":null,\"retryUntil\":null,\"data\":{\"commandName\":\"App\\\\Jobs\\\\Vrm\\\\SendMail\",\"command\":\"O:21:\\\"App\\\\Jobs\\\\Vrm\\\\SendMail\\\":8:{s:8:\\\"\\u0000*\\u0000email\\\";s:19:\\\"ziiditrader@cypx.io\\\";s:10:\\\"\\u0000*\\u0000details\\\";a:0:{}s:10:\\\"\\u0000*\\u0000subject\\\";s:15:\\\"NEW MAIL ALERT!\\\";s:10:\\\"\\u0000*\\u0000replyTo\\\";N;s:15:\\\"\\u0000*\\u0000ccRecipients\\\";a:0:{}s:16:\\\"\\u0000*\\u0000bccRecipients\\\";a:0:{}s:14:\\\"\\u0000*\\u0000attachments\\\";a:0:{}s:11:\\\"\\u0000*\\u0000mailable\\\";O:25:\\\"App\\\\Mail\\\\AdminDepositMail\\\":7:{s:10:\\\"memberName\\\";s:24:\\\"Mouris Welagumu Shisanya\\\";s:11:\\\"memberEmail\\\";s:32:\\\"mouriswelagumushisanya@gmail.com\\\";s:6:\\\"amount\\\";d:300000;s:12:\\\"currencyCode\\\";s:3:\\\"KSH\\\";s:6:\\\"status\\\";s:8:\\\"approved\\\";s:7:\\\"channel\\\";s:5:\\\"mpesa\\\";s:9:\\\"reference\\\";N;}}\",\"batchId\":null},\"createdAt\":1771848173,\"delay\":null}', 0, NULL, 1771848173, 1771848173),
(295, 'default', '{\"uuid\":\"29aa1b29-7bfa-4682-88a4-9a3b54a474f3\",\"displayName\":\"App\\\\Jobs\\\\Vrm\\\\SendMail\",\"job\":\"Illuminate\\\\Queue\\\\CallQueuedHandler@call\",\"maxTries\":null,\"maxExceptions\":null,\"failOnTimeout\":false,\"backoff\":null,\"timeout\":null,\"retryUntil\":null,\"data\":{\"commandName\":\"App\\\\Jobs\\\\Vrm\\\\SendMail\",\"command\":\"O:21:\\\"App\\\\Jobs\\\\Vrm\\\\SendMail\\\":8:{s:8:\\\"\\u0000*\\u0000email\\\";s:22:\\\"multivest.io@gmail.com\\\";s:10:\\\"\\u0000*\\u0000details\\\";a:0:{}s:10:\\\"\\u0000*\\u0000subject\\\";s:15:\\\"NEW MAIL ALERT!\\\";s:10:\\\"\\u0000*\\u0000replyTo\\\";N;s:15:\\\"\\u0000*\\u0000ccRecipients\\\";a:0:{}s:16:\\\"\\u0000*\\u0000bccRecipients\\\";a:0:{}s:14:\\\"\\u0000*\\u0000attachments\\\";a:0:{}s:11:\\\"\\u0000*\\u0000mailable\\\";O:24:\\\"App\\\\Mail\\\\VerifyEmailMail\\\":2:{s:13:\\\"recipientName\\\";s:14:\\\"robert muchila\\\";s:16:\\\"verificationCode\\\";s:8:\\\"87143470\\\";}}\",\"batchId\":null},\"createdAt\":1771850083,\"delay\":null}', 0, NULL, 1771850083, 1771850083),
(296, 'default', '{\"uuid\":\"16916dc0-aacc-4789-9cd2-3e6d718d7f92\",\"displayName\":\"App\\\\Jobs\\\\Vrm\\\\SendMail\",\"job\":\"Illuminate\\\\Queue\\\\CallQueuedHandler@call\",\"maxTries\":null,\"maxExceptions\":null,\"failOnTimeout\":false,\"backoff\":null,\"timeout\":null,\"retryUntil\":null,\"data\":{\"commandName\":\"App\\\\Jobs\\\\Vrm\\\\SendMail\",\"command\":\"O:21:\\\"App\\\\Jobs\\\\Vrm\\\\SendMail\\\":8:{s:8:\\\"\\u0000*\\u0000email\\\";s:22:\\\"multivest.io@gmail.com\\\";s:10:\\\"\\u0000*\\u0000details\\\";a:0:{}s:10:\\\"\\u0000*\\u0000subject\\\";s:15:\\\"NEW MAIL ALERT!\\\";s:10:\\\"\\u0000*\\u0000replyTo\\\";N;s:15:\\\"\\u0000*\\u0000ccRecipients\\\";a:0:{}s:16:\\\"\\u0000*\\u0000bccRecipients\\\";a:0:{}s:14:\\\"\\u0000*\\u0000attachments\\\";a:0:{}s:11:\\\"\\u0000*\\u0000mailable\\\";O:24:\\\"App\\\\Mail\\\\VerifyEmailMail\\\":2:{s:13:\\\"recipientName\\\";s:14:\\\"robert muchila\\\";s:16:\\\"verificationCode\\\";s:8:\\\"03013241\\\";}}\",\"batchId\":null},\"createdAt\":1771850083,\"delay\":null}', 0, NULL, 1771850083, 1771850083),
(297, 'default', '{\"uuid\":\"ccc997d8-d56e-4516-ba5d-fa445ef54710\",\"displayName\":\"App\\\\Jobs\\\\Vrm\\\\SendMail\",\"job\":\"Illuminate\\\\Queue\\\\CallQueuedHandler@call\",\"maxTries\":null,\"maxExceptions\":null,\"failOnTimeout\":false,\"backoff\":null,\"timeout\":null,\"retryUntil\":null,\"data\":{\"commandName\":\"App\\\\Jobs\\\\Vrm\\\\SendMail\",\"command\":\"O:21:\\\"App\\\\Jobs\\\\Vrm\\\\SendMail\\\":8:{s:8:\\\"\\u0000*\\u0000email\\\";s:22:\\\"digcoinminig@gmail.com\\\";s:10:\\\"\\u0000*\\u0000details\\\";a:0:{}s:10:\\\"\\u0000*\\u0000subject\\\";s:15:\\\"NEW MAIL ALERT!\\\";s:10:\\\"\\u0000*\\u0000replyTo\\\";N;s:15:\\\"\\u0000*\\u0000ccRecipients\\\";a:0:{}s:16:\\\"\\u0000*\\u0000bccRecipients\\\";a:0:{}s:14:\\\"\\u0000*\\u0000attachments\\\";a:0:{}s:11:\\\"\\u0000*\\u0000mailable\\\";O:24:\\\"App\\\\Mail\\\\VerifyEmailMail\\\":2:{s:13:\\\"recipientName\\\";s:14:\\\"florence maina\\\";s:16:\\\"verificationCode\\\";s:8:\\\"04394317\\\";}}\",\"batchId\":null},\"createdAt\":1771867963,\"delay\":null}', 0, NULL, 1771867963, 1771867963),
(298, 'default', '{\"uuid\":\"4cb230ea-2d84-4cba-bb9c-3888c118668e\",\"displayName\":\"App\\\\Jobs\\\\Vrm\\\\SendMail\",\"job\":\"Illuminate\\\\Queue\\\\CallQueuedHandler@call\",\"maxTries\":null,\"maxExceptions\":null,\"failOnTimeout\":false,\"backoff\":null,\"timeout\":null,\"retryUntil\":null,\"data\":{\"commandName\":\"App\\\\Jobs\\\\Vrm\\\\SendMail\",\"command\":\"O:21:\\\"App\\\\Jobs\\\\Vrm\\\\SendMail\\\":8:{s:8:\\\"\\u0000*\\u0000email\\\";s:22:\\\"digcoinminig@gmail.com\\\";s:10:\\\"\\u0000*\\u0000details\\\";a:0:{}s:10:\\\"\\u0000*\\u0000subject\\\";s:15:\\\"NEW MAIL ALERT!\\\";s:10:\\\"\\u0000*\\u0000replyTo\\\";N;s:15:\\\"\\u0000*\\u0000ccRecipients\\\";a:0:{}s:16:\\\"\\u0000*\\u0000bccRecipients\\\";a:0:{}s:14:\\\"\\u0000*\\u0000attachments\\\";a:0:{}s:11:\\\"\\u0000*\\u0000mailable\\\";O:24:\\\"App\\\\Mail\\\\VerifyEmailMail\\\":2:{s:13:\\\"recipientName\\\";s:14:\\\"florence maina\\\";s:16:\\\"verificationCode\\\";s:8:\\\"90685227\\\";}}\",\"batchId\":null},\"createdAt\":1771867963,\"delay\":null}', 0, NULL, 1771867963, 1771867963),
(299, 'default', '{\"uuid\":\"4d0927a7-16f2-4e39-801a-83dfad67b350\",\"displayName\":\"App\\\\Jobs\\\\Vrm\\\\SendMail\",\"job\":\"Illuminate\\\\Queue\\\\CallQueuedHandler@call\",\"maxTries\":null,\"maxExceptions\":null,\"failOnTimeout\":false,\"backoff\":null,\"timeout\":null,\"retryUntil\":null,\"data\":{\"commandName\":\"App\\\\Jobs\\\\Vrm\\\\SendMail\",\"command\":\"O:21:\\\"App\\\\Jobs\\\\Vrm\\\\SendMail\\\":8:{s:8:\\\"\\u0000*\\u0000email\\\";s:22:\\\"eminemellect@gmail.com\\\";s:10:\\\"\\u0000*\\u0000details\\\";a:0:{}s:10:\\\"\\u0000*\\u0000subject\\\";s:15:\\\"NEW MAIL ALERT!\\\";s:10:\\\"\\u0000*\\u0000replyTo\\\";N;s:15:\\\"\\u0000*\\u0000ccRecipients\\\";a:0:{}s:16:\\\"\\u0000*\\u0000bccRecipients\\\";a:0:{}s:14:\\\"\\u0000*\\u0000attachments\\\";a:0:{}s:11:\\\"\\u0000*\\u0000mailable\\\";O:24:\\\"App\\\\Mail\\\\VerifyEmailMail\\\":2:{s:13:\\\"recipientName\\\";s:13:\\\"Eminem Ellect\\\";s:16:\\\"verificationCode\\\";s:8:\\\"79251894\\\";}}\",\"batchId\":null},\"createdAt\":1771872569,\"delay\":null}', 0, NULL, 1771872569, 1771872569),
(300, 'default', '{\"uuid\":\"b9c58b05-0300-4889-9053-92252f5b8410\",\"displayName\":\"App\\\\Jobs\\\\Vrm\\\\SendMail\",\"job\":\"Illuminate\\\\Queue\\\\CallQueuedHandler@call\",\"maxTries\":null,\"maxExceptions\":null,\"failOnTimeout\":false,\"backoff\":null,\"timeout\":null,\"retryUntil\":null,\"data\":{\"commandName\":\"App\\\\Jobs\\\\Vrm\\\\SendMail\",\"command\":\"O:21:\\\"App\\\\Jobs\\\\Vrm\\\\SendMail\\\":8:{s:8:\\\"\\u0000*\\u0000email\\\";s:22:\\\"eminemellect@gmail.com\\\";s:10:\\\"\\u0000*\\u0000details\\\";a:0:{}s:10:\\\"\\u0000*\\u0000subject\\\";s:15:\\\"NEW MAIL ALERT!\\\";s:10:\\\"\\u0000*\\u0000replyTo\\\";N;s:15:\\\"\\u0000*\\u0000ccRecipients\\\";a:0:{}s:16:\\\"\\u0000*\\u0000bccRecipients\\\";a:0:{}s:14:\\\"\\u0000*\\u0000attachments\\\";a:0:{}s:11:\\\"\\u0000*\\u0000mailable\\\";O:24:\\\"App\\\\Mail\\\\VerifyEmailMail\\\":2:{s:13:\\\"recipientName\\\";s:13:\\\"Eminem Ellect\\\";s:16:\\\"verificationCode\\\";s:8:\\\"16982705\\\";}}\",\"batchId\":null},\"createdAt\":1771872570,\"delay\":null}', 0, NULL, 1771872570, 1771872570),
(301, 'default', '{\"uuid\":\"7e628e22-153d-48f8-88b0-d3af684b0cd6\",\"displayName\":\"App\\\\Jobs\\\\Vrm\\\\SendMail\",\"job\":\"Illuminate\\\\Queue\\\\CallQueuedHandler@call\",\"maxTries\":null,\"maxExceptions\":null,\"failOnTimeout\":false,\"backoff\":null,\"timeout\":null,\"retryUntil\":null,\"data\":{\"commandName\":\"App\\\\Jobs\\\\Vrm\\\\SendMail\",\"command\":\"O:21:\\\"App\\\\Jobs\\\\Vrm\\\\SendMail\\\":8:{s:8:\\\"\\u0000*\\u0000email\\\";s:22:\\\"eminemellect@gmail.com\\\";s:10:\\\"\\u0000*\\u0000details\\\";a:0:{}s:10:\\\"\\u0000*\\u0000subject\\\";s:15:\\\"NEW MAIL ALERT!\\\";s:10:\\\"\\u0000*\\u0000replyTo\\\";N;s:15:\\\"\\u0000*\\u0000ccRecipients\\\";a:0:{}s:16:\\\"\\u0000*\\u0000bccRecipients\\\";a:0:{}s:14:\\\"\\u0000*\\u0000attachments\\\";a:0:{}s:11:\\\"\\u0000*\\u0000mailable\\\";O:26:\\\"App\\\\Mail\\\\PasswordResetMail\\\":2:{s:13:\\\"recipientName\\\";s:13:\\\"Eminem Ellect\\\";s:9:\\\"resetCode\\\";s:8:\\\"61232171\\\";}}\",\"batchId\":null},\"createdAt\":1771872686,\"delay\":null}', 0, NULL, 1771872686, 1771872686),
(302, 'default', '{\"uuid\":\"2c3bdf9d-2ea3-45b0-9de5-6c7e758148ec\",\"displayName\":\"App\\\\Jobs\\\\Vrm\\\\SendMail\",\"job\":\"Illuminate\\\\Queue\\\\CallQueuedHandler@call\",\"maxTries\":null,\"maxExceptions\":null,\"failOnTimeout\":false,\"backoff\":null,\"timeout\":null,\"retryUntil\":null,\"data\":{\"commandName\":\"App\\\\Jobs\\\\Vrm\\\\SendMail\",\"command\":\"O:21:\\\"App\\\\Jobs\\\\Vrm\\\\SendMail\\\":8:{s:8:\\\"\\u0000*\\u0000email\\\";s:25:\\\"arvanitisharley@gmail.com\\\";s:10:\\\"\\u0000*\\u0000details\\\";a:0:{}s:10:\\\"\\u0000*\\u0000subject\\\";s:15:\\\"NEW MAIL ALERT!\\\";s:10:\\\"\\u0000*\\u0000replyTo\\\";N;s:15:\\\"\\u0000*\\u0000ccRecipients\\\";a:0:{}s:16:\\\"\\u0000*\\u0000bccRecipients\\\";a:0:{}s:14:\\\"\\u0000*\\u0000attachments\\\";a:0:{}s:11:\\\"\\u0000*\\u0000mailable\\\";O:24:\\\"App\\\\Mail\\\\VerifyEmailMail\\\":2:{s:13:\\\"recipientName\\\";s:13:\\\"Ellect Eminem\\\";s:16:\\\"verificationCode\\\";s:8:\\\"65016495\\\";}}\",\"batchId\":null},\"createdAt\":1771872873,\"delay\":null}', 0, NULL, 1771872873, 1771872873),
(303, 'default', '{\"uuid\":\"5fa9d8ac-0af1-4808-999b-f6c187b8c600\",\"displayName\":\"App\\\\Jobs\\\\Vrm\\\\SendMail\",\"job\":\"Illuminate\\\\Queue\\\\CallQueuedHandler@call\",\"maxTries\":null,\"maxExceptions\":null,\"failOnTimeout\":false,\"backoff\":null,\"timeout\":null,\"retryUntil\":null,\"data\":{\"commandName\":\"App\\\\Jobs\\\\Vrm\\\\SendMail\",\"command\":\"O:21:\\\"App\\\\Jobs\\\\Vrm\\\\SendMail\\\":8:{s:8:\\\"\\u0000*\\u0000email\\\";s:25:\\\"arvanitisharley@gmail.com\\\";s:10:\\\"\\u0000*\\u0000details\\\";a:0:{}s:10:\\\"\\u0000*\\u0000subject\\\";s:15:\\\"NEW MAIL ALERT!\\\";s:10:\\\"\\u0000*\\u0000replyTo\\\";N;s:15:\\\"\\u0000*\\u0000ccRecipients\\\";a:0:{}s:16:\\\"\\u0000*\\u0000bccRecipients\\\";a:0:{}s:14:\\\"\\u0000*\\u0000attachments\\\";a:0:{}s:11:\\\"\\u0000*\\u0000mailable\\\";O:24:\\\"App\\\\Mail\\\\VerifyEmailMail\\\":2:{s:13:\\\"recipientName\\\";s:13:\\\"Ellect Eminem\\\";s:16:\\\"verificationCode\\\";s:8:\\\"25710339\\\";}}\",\"batchId\":null},\"createdAt\":1771872874,\"delay\":null}', 0, NULL, 1771872874, 1771872874),
(304, 'default', '{\"uuid\":\"9d1c14d9-259f-4461-acae-1f0ba4d62dbc\",\"displayName\":\"App\\\\Jobs\\\\Vrm\\\\SendMail\",\"job\":\"Illuminate\\\\Queue\\\\CallQueuedHandler@call\",\"maxTries\":null,\"maxExceptions\":null,\"failOnTimeout\":false,\"backoff\":null,\"timeout\":null,\"retryUntil\":null,\"data\":{\"commandName\":\"App\\\\Jobs\\\\Vrm\\\\SendMail\",\"command\":\"O:21:\\\"App\\\\Jobs\\\\Vrm\\\\SendMail\\\":8:{s:8:\\\"\\u0000*\\u0000email\\\";s:25:\\\"arvanitisharley@gmail.com\\\";s:10:\\\"\\u0000*\\u0000details\\\";a:0:{}s:10:\\\"\\u0000*\\u0000subject\\\";s:15:\\\"NEW MAIL ALERT!\\\";s:10:\\\"\\u0000*\\u0000replyTo\\\";N;s:15:\\\"\\u0000*\\u0000ccRecipients\\\";a:0:{}s:16:\\\"\\u0000*\\u0000bccRecipients\\\";a:0:{}s:14:\\\"\\u0000*\\u0000attachments\\\";a:0:{}s:11:\\\"\\u0000*\\u0000mailable\\\";O:24:\\\"App\\\\Mail\\\\VerifyEmailMail\\\":2:{s:13:\\\"recipientName\\\";s:13:\\\"Ellect Eminem\\\";s:16:\\\"verificationCode\\\";s:8:\\\"15786571\\\";}}\",\"batchId\":null},\"createdAt\":1771872937,\"delay\":null}', 0, NULL, 1771872937, 1771872937),
(305, 'default', '{\"uuid\":\"8e179e88-11af-40d7-bf64-1b689a3b9848\",\"displayName\":\"App\\\\Jobs\\\\Vrm\\\\SendMail\",\"job\":\"Illuminate\\\\Queue\\\\CallQueuedHandler@call\",\"maxTries\":null,\"maxExceptions\":null,\"failOnTimeout\":false,\"backoff\":null,\"timeout\":null,\"retryUntil\":null,\"data\":{\"commandName\":\"App\\\\Jobs\\\\Vrm\\\\SendMail\",\"command\":\"O:21:\\\"App\\\\Jobs\\\\Vrm\\\\SendMail\\\":8:{s:8:\\\"\\u0000*\\u0000email\\\";s:25:\\\"arvanitisharley@gmail.com\\\";s:10:\\\"\\u0000*\\u0000details\\\";a:0:{}s:10:\\\"\\u0000*\\u0000subject\\\";s:15:\\\"NEW MAIL ALERT!\\\";s:10:\\\"\\u0000*\\u0000replyTo\\\";N;s:15:\\\"\\u0000*\\u0000ccRecipients\\\";a:0:{}s:16:\\\"\\u0000*\\u0000bccRecipients\\\";a:0:{}s:14:\\\"\\u0000*\\u0000attachments\\\";a:0:{}s:11:\\\"\\u0000*\\u0000mailable\\\";O:24:\\\"App\\\\Mail\\\\VerifyEmailMail\\\":2:{s:13:\\\"recipientName\\\";s:13:\\\"Ellect Eminem\\\";s:16:\\\"verificationCode\\\";s:8:\\\"87509584\\\";}}\",\"batchId\":null},\"createdAt\":1771872970,\"delay\":null}', 0, NULL, 1771872970, 1771872970),
(306, 'default', '{\"uuid\":\"6631e242-322a-47d6-9554-a0a92aefe228\",\"displayName\":\"App\\\\Jobs\\\\Vrm\\\\SendMail\",\"job\":\"Illuminate\\\\Queue\\\\CallQueuedHandler@call\",\"maxTries\":null,\"maxExceptions\":null,\"failOnTimeout\":false,\"backoff\":null,\"timeout\":null,\"retryUntil\":null,\"data\":{\"commandName\":\"App\\\\Jobs\\\\Vrm\\\\SendMail\",\"command\":\"O:21:\\\"App\\\\Jobs\\\\Vrm\\\\SendMail\\\":8:{s:8:\\\"\\u0000*\\u0000email\\\";s:25:\\\"arvanitisharley@gmail.com\\\";s:10:\\\"\\u0000*\\u0000details\\\";a:0:{}s:10:\\\"\\u0000*\\u0000subject\\\";s:15:\\\"NEW MAIL ALERT!\\\";s:10:\\\"\\u0000*\\u0000replyTo\\\";N;s:15:\\\"\\u0000*\\u0000ccRecipients\\\";a:0:{}s:16:\\\"\\u0000*\\u0000bccRecipients\\\";a:0:{}s:14:\\\"\\u0000*\\u0000attachments\\\";a:0:{}s:11:\\\"\\u0000*\\u0000mailable\\\";O:24:\\\"App\\\\Mail\\\\VerifyEmailMail\\\":2:{s:13:\\\"recipientName\\\";s:13:\\\"Ellect Eminem\\\";s:16:\\\"verificationCode\\\";s:8:\\\"59534317\\\";}}\",\"batchId\":null},\"createdAt\":1771874702,\"delay\":null}', 0, NULL, 1771874702, 1771874702),
(307, 'default', '{\"uuid\":\"2f1d5edb-8065-4186-9b5b-7021086f19c7\",\"displayName\":\"App\\\\Jobs\\\\Vrm\\\\SendMail\",\"job\":\"Illuminate\\\\Queue\\\\CallQueuedHandler@call\",\"maxTries\":null,\"maxExceptions\":null,\"failOnTimeout\":false,\"backoff\":null,\"timeout\":null,\"retryUntil\":null,\"data\":{\"commandName\":\"App\\\\Jobs\\\\Vrm\\\\SendMail\",\"command\":\"O:21:\\\"App\\\\Jobs\\\\Vrm\\\\SendMail\\\":8:{s:8:\\\"\\u0000*\\u0000email\\\";s:26:\\\"mutukuvirginia66@gmail.com\\\";s:10:\\\"\\u0000*\\u0000details\\\";a:0:{}s:10:\\\"\\u0000*\\u0000subject\\\";s:15:\\\"NEW MAIL ALERT!\\\";s:10:\\\"\\u0000*\\u0000replyTo\\\";N;s:15:\\\"\\u0000*\\u0000ccRecipients\\\";a:0:{}s:16:\\\"\\u0000*\\u0000bccRecipients\\\";a:0:{}s:14:\\\"\\u0000*\\u0000attachments\\\";a:0:{}s:11:\\\"\\u0000*\\u0000mailable\\\";O:24:\\\"App\\\\Mail\\\\VerifyEmailMail\\\":2:{s:13:\\\"recipientName\\\";s:15:\\\"VIRGINIA MUTUKU\\\";s:16:\\\"verificationCode\\\";s:8:\\\"75761014\\\";}}\",\"batchId\":null},\"createdAt\":1771912780,\"delay\":null}', 0, NULL, 1771912780, 1771912780),
(308, 'default', '{\"uuid\":\"4586f7f9-3c35-4480-a4aa-cdbbe8aff40f\",\"displayName\":\"App\\\\Jobs\\\\Vrm\\\\SendMail\",\"job\":\"Illuminate\\\\Queue\\\\CallQueuedHandler@call\",\"maxTries\":null,\"maxExceptions\":null,\"failOnTimeout\":false,\"backoff\":null,\"timeout\":null,\"retryUntil\":null,\"data\":{\"commandName\":\"App\\\\Jobs\\\\Vrm\\\\SendMail\",\"command\":\"O:21:\\\"App\\\\Jobs\\\\Vrm\\\\SendMail\\\":8:{s:8:\\\"\\u0000*\\u0000email\\\";s:26:\\\"mutukuvirginia66@gmail.com\\\";s:10:\\\"\\u0000*\\u0000details\\\";a:0:{}s:10:\\\"\\u0000*\\u0000subject\\\";s:15:\\\"NEW MAIL ALERT!\\\";s:10:\\\"\\u0000*\\u0000replyTo\\\";N;s:15:\\\"\\u0000*\\u0000ccRecipients\\\";a:0:{}s:16:\\\"\\u0000*\\u0000bccRecipients\\\";a:0:{}s:14:\\\"\\u0000*\\u0000attachments\\\";a:0:{}s:11:\\\"\\u0000*\\u0000mailable\\\";O:24:\\\"App\\\\Mail\\\\VerifyEmailMail\\\":2:{s:13:\\\"recipientName\\\";s:15:\\\"VIRGINIA MUTUKU\\\";s:16:\\\"verificationCode\\\";s:8:\\\"29842352\\\";}}\",\"batchId\":null},\"createdAt\":1771912780,\"delay\":null}', 0, NULL, 1771912780, 1771912780),
(309, 'default', '{\"uuid\":\"31ba9cf9-84b9-4ea4-aab1-b13265445a0a\",\"displayName\":\"App\\\\Jobs\\\\Vrm\\\\SendMail\",\"job\":\"Illuminate\\\\Queue\\\\CallQueuedHandler@call\",\"maxTries\":null,\"maxExceptions\":null,\"failOnTimeout\":false,\"backoff\":null,\"timeout\":null,\"retryUntil\":null,\"data\":{\"commandName\":\"App\\\\Jobs\\\\Vrm\\\\SendMail\",\"command\":\"O:21:\\\"App\\\\Jobs\\\\Vrm\\\\SendMail\\\":8:{s:8:\\\"\\u0000*\\u0000email\\\";s:26:\\\"mutukuvirginia66@gmail.com\\\";s:10:\\\"\\u0000*\\u0000details\\\";a:0:{}s:10:\\\"\\u0000*\\u0000subject\\\";s:15:\\\"NEW MAIL ALERT!\\\";s:10:\\\"\\u0000*\\u0000replyTo\\\";N;s:15:\\\"\\u0000*\\u0000ccRecipients\\\";a:0:{}s:16:\\\"\\u0000*\\u0000bccRecipients\\\";a:0:{}s:14:\\\"\\u0000*\\u0000attachments\\\";a:0:{}s:11:\\\"\\u0000*\\u0000mailable\\\";O:26:\\\"App\\\\Mail\\\\PasswordResetMail\\\":2:{s:13:\\\"recipientName\\\";s:15:\\\"VIRGINIA MUTUKU\\\";s:9:\\\"resetCode\\\";s:8:\\\"39135390\\\";}}\",\"batchId\":null},\"createdAt\":1771913177,\"delay\":null}', 0, NULL, 1771913177, 1771913177),
(310, 'default', '{\"uuid\":\"e0bc0ac8-9a45-43b0-a838-7caff2631e5c\",\"displayName\":\"App\\\\Jobs\\\\Vrm\\\\SendMail\",\"job\":\"Illuminate\\\\Queue\\\\CallQueuedHandler@call\",\"maxTries\":null,\"maxExceptions\":null,\"failOnTimeout\":false,\"backoff\":null,\"timeout\":null,\"retryUntil\":null,\"data\":{\"commandName\":\"App\\\\Jobs\\\\Vrm\\\\SendMail\",\"command\":\"O:21:\\\"App\\\\Jobs\\\\Vrm\\\\SendMail\\\":8:{s:8:\\\"\\u0000*\\u0000email\\\";s:24:\\\"philipkiprobon@gmail.com\\\";s:10:\\\"\\u0000*\\u0000details\\\";a:0:{}s:10:\\\"\\u0000*\\u0000subject\\\";s:15:\\\"NEW MAIL ALERT!\\\";s:10:\\\"\\u0000*\\u0000replyTo\\\";N;s:15:\\\"\\u0000*\\u0000ccRecipients\\\";a:0:{}s:16:\\\"\\u0000*\\u0000bccRecipients\\\";a:0:{}s:14:\\\"\\u0000*\\u0000attachments\\\";a:0:{}s:11:\\\"\\u0000*\\u0000mailable\\\";O:30:\\\"App\\\\Mail\\\\WalletTransactionMail\\\":8:{s:13:\\\"recipientName\\\";s:21:\\\"Dominic mutini Mutuku\\\";s:4:\\\"type\\\";s:7:\\\"deposit\\\";s:12:\\\"currencyCode\\\";s:3:\\\"KSH\\\";s:6:\\\"amount\\\";d:365888;s:6:\\\"status\\\";s:8:\\\"approved\\\";s:11:\\\"phoneNumber\\\";s:10:\\\"0711456468\\\";s:9:\\\"reference\\\";N;s:10:\\\"occurredAt\\\";s:20:\\\"Feb 24, 2026 6:42 AM\\\";}}\",\"batchId\":null},\"createdAt\":1771915327,\"delay\":null}', 0, NULL, 1771915327, 1771915327),
(311, 'default', '{\"uuid\":\"8fa2d842-fa0a-4676-86f7-94de4a96c3a9\",\"displayName\":\"App\\\\Jobs\\\\Vrm\\\\SendMail\",\"job\":\"Illuminate\\\\Queue\\\\CallQueuedHandler@call\",\"maxTries\":null,\"maxExceptions\":null,\"failOnTimeout\":false,\"backoff\":null,\"timeout\":null,\"retryUntil\":null,\"data\":{\"commandName\":\"App\\\\Jobs\\\\Vrm\\\\SendMail\",\"command\":\"O:21:\\\"App\\\\Jobs\\\\Vrm\\\\SendMail\\\":8:{s:8:\\\"\\u0000*\\u0000email\\\";s:20:\\\"info@ziiditrader.com\\\";s:10:\\\"\\u0000*\\u0000details\\\";a:0:{}s:10:\\\"\\u0000*\\u0000subject\\\";s:15:\\\"NEW MAIL ALERT!\\\";s:10:\\\"\\u0000*\\u0000replyTo\\\";N;s:15:\\\"\\u0000*\\u0000ccRecipients\\\";a:0:{}s:16:\\\"\\u0000*\\u0000bccRecipients\\\";a:0:{}s:14:\\\"\\u0000*\\u0000attachments\\\";a:0:{}s:11:\\\"\\u0000*\\u0000mailable\\\";O:25:\\\"App\\\\Mail\\\\AdminDepositMail\\\":7:{s:10:\\\"memberName\\\";s:21:\\\"Dominic mutini Mutuku\\\";s:11:\\\"memberEmail\\\";s:24:\\\"philipkiprobon@gmail.com\\\";s:6:\\\"amount\\\";d:365888;s:12:\\\"currencyCode\\\";s:3:\\\"KSH\\\";s:6:\\\"status\\\";s:8:\\\"approved\\\";s:7:\\\"channel\\\";s:5:\\\"mpesa\\\";s:9:\\\"reference\\\";N;}}\",\"batchId\":null},\"createdAt\":1771915327,\"delay\":null}', 0, NULL, 1771915327, 1771915327),
(312, 'default', '{\"uuid\":\"8d17b92c-c6a3-43e5-bb4d-faf9f3c5d315\",\"displayName\":\"App\\\\Jobs\\\\Vrm\\\\SendMail\",\"job\":\"Illuminate\\\\Queue\\\\CallQueuedHandler@call\",\"maxTries\":null,\"maxExceptions\":null,\"failOnTimeout\":false,\"backoff\":null,\"timeout\":null,\"retryUntil\":null,\"data\":{\"commandName\":\"App\\\\Jobs\\\\Vrm\\\\SendMail\",\"command\":\"O:21:\\\"App\\\\Jobs\\\\Vrm\\\\SendMail\\\":8:{s:8:\\\"\\u0000*\\u0000email\\\";s:15:\\\"jmore@gmail.com\\\";s:10:\\\"\\u0000*\\u0000details\\\";a:0:{}s:10:\\\"\\u0000*\\u0000subject\\\";s:15:\\\"NEW MAIL ALERT!\\\";s:10:\\\"\\u0000*\\u0000replyTo\\\";N;s:15:\\\"\\u0000*\\u0000ccRecipients\\\";a:0:{}s:16:\\\"\\u0000*\\u0000bccRecipients\\\";a:0:{}s:14:\\\"\\u0000*\\u0000attachments\\\";a:0:{}s:11:\\\"\\u0000*\\u0000mailable\\\";O:30:\\\"App\\\\Mail\\\\WalletTransactionMail\\\":8:{s:13:\\\"recipientName\\\";s:11:\\\"James Maina\\\";s:4:\\\"type\\\";s:7:\\\"deposit\\\";s:12:\\\"currencyCode\\\";s:3:\\\"KSH\\\";s:6:\\\"amount\\\";d:500;s:6:\\\"status\\\";s:8:\\\"approved\\\";s:11:\\\"phoneNumber\\\";s:12:\\\"254766545323\\\";s:9:\\\"reference\\\";N;s:10:\\\"occurredAt\\\";s:20:\\\"Feb 24, 2026 6:42 AM\\\";}}\",\"batchId\":null},\"createdAt\":1771915331,\"delay\":null}', 0, NULL, 1771915331, 1771915331),
(313, 'default', '{\"uuid\":\"83938b40-2ef8-4c88-96f9-3698193c8615\",\"displayName\":\"App\\\\Jobs\\\\Vrm\\\\SendMail\",\"job\":\"Illuminate\\\\Queue\\\\CallQueuedHandler@call\",\"maxTries\":null,\"maxExceptions\":null,\"failOnTimeout\":false,\"backoff\":null,\"timeout\":null,\"retryUntil\":null,\"data\":{\"commandName\":\"App\\\\Jobs\\\\Vrm\\\\SendMail\",\"command\":\"O:21:\\\"App\\\\Jobs\\\\Vrm\\\\SendMail\\\":8:{s:8:\\\"\\u0000*\\u0000email\\\";s:20:\\\"info@ziiditrader.com\\\";s:10:\\\"\\u0000*\\u0000details\\\";a:0:{}s:10:\\\"\\u0000*\\u0000subject\\\";s:15:\\\"NEW MAIL ALERT!\\\";s:10:\\\"\\u0000*\\u0000replyTo\\\";N;s:15:\\\"\\u0000*\\u0000ccRecipients\\\";a:0:{}s:16:\\\"\\u0000*\\u0000bccRecipients\\\";a:0:{}s:14:\\\"\\u0000*\\u0000attachments\\\";a:0:{}s:11:\\\"\\u0000*\\u0000mailable\\\";O:25:\\\"App\\\\Mail\\\\AdminDepositMail\\\":7:{s:10:\\\"memberName\\\";s:11:\\\"James Maina\\\";s:11:\\\"memberEmail\\\";s:15:\\\"jmore@gmail.com\\\";s:6:\\\"amount\\\";d:500;s:12:\\\"currencyCode\\\";s:3:\\\"KSH\\\";s:6:\\\"status\\\";s:8:\\\"approved\\\";s:7:\\\"channel\\\";s:5:\\\"mpesa\\\";s:9:\\\"reference\\\";N;}}\",\"batchId\":null},\"createdAt\":1771915332,\"delay\":null}', 0, NULL, 1771915332, 1771915332),
(314, 'default', '{\"uuid\":\"673b956b-80f7-4887-8343-30ffd816f5c1\",\"displayName\":\"App\\\\Jobs\\\\Vrm\\\\SendMail\",\"job\":\"Illuminate\\\\Queue\\\\CallQueuedHandler@call\",\"maxTries\":null,\"maxExceptions\":null,\"failOnTimeout\":false,\"backoff\":null,\"timeout\":null,\"retryUntil\":null,\"data\":{\"commandName\":\"App\\\\Jobs\\\\Vrm\\\\SendMail\",\"command\":\"O:21:\\\"App\\\\Jobs\\\\Vrm\\\\SendMail\\\":8:{s:8:\\\"\\u0000*\\u0000email\\\";s:24:\\\"philipkiprobon@gmail.com\\\";s:10:\\\"\\u0000*\\u0000details\\\";a:0:{}s:10:\\\"\\u0000*\\u0000subject\\\";s:15:\\\"NEW MAIL ALERT!\\\";s:10:\\\"\\u0000*\\u0000replyTo\\\";N;s:15:\\\"\\u0000*\\u0000ccRecipients\\\";a:0:{}s:16:\\\"\\u0000*\\u0000bccRecipients\\\";a:0:{}s:14:\\\"\\u0000*\\u0000attachments\\\";a:0:{}s:11:\\\"\\u0000*\\u0000mailable\\\";O:30:\\\"App\\\\Mail\\\\WalletTransactionMail\\\":8:{s:13:\\\"recipientName\\\";s:21:\\\"Dominic mutini Mutuku\\\";s:4:\\\"type\\\";s:7:\\\"deposit\\\";s:12:\\\"currencyCode\\\";s:3:\\\"KSH\\\";s:6:\\\"amount\\\";d:250000;s:6:\\\"status\\\";s:8:\\\"approved\\\";s:11:\\\"phoneNumber\\\";s:10:\\\"0711964436\\\";s:9:\\\"reference\\\";N;s:10:\\\"occurredAt\\\";s:20:\\\"Feb 24, 2026 6:42 AM\\\";}}\",\"batchId\":null},\"createdAt\":1771915346,\"delay\":null}', 0, NULL, 1771915346, 1771915346),
(315, 'default', '{\"uuid\":\"1cf993cc-7d90-4492-bf31-a2e65037bbba\",\"displayName\":\"App\\\\Jobs\\\\Vrm\\\\SendMail\",\"job\":\"Illuminate\\\\Queue\\\\CallQueuedHandler@call\",\"maxTries\":null,\"maxExceptions\":null,\"failOnTimeout\":false,\"backoff\":null,\"timeout\":null,\"retryUntil\":null,\"data\":{\"commandName\":\"App\\\\Jobs\\\\Vrm\\\\SendMail\",\"command\":\"O:21:\\\"App\\\\Jobs\\\\Vrm\\\\SendMail\\\":8:{s:8:\\\"\\u0000*\\u0000email\\\";s:20:\\\"info@ziiditrader.com\\\";s:10:\\\"\\u0000*\\u0000details\\\";a:0:{}s:10:\\\"\\u0000*\\u0000subject\\\";s:15:\\\"NEW MAIL ALERT!\\\";s:10:\\\"\\u0000*\\u0000replyTo\\\";N;s:15:\\\"\\u0000*\\u0000ccRecipients\\\";a:0:{}s:16:\\\"\\u0000*\\u0000bccRecipients\\\";a:0:{}s:14:\\\"\\u0000*\\u0000attachments\\\";a:0:{}s:11:\\\"\\u0000*\\u0000mailable\\\";O:25:\\\"App\\\\Mail\\\\AdminDepositMail\\\":7:{s:10:\\\"memberName\\\";s:21:\\\"Dominic mutini Mutuku\\\";s:11:\\\"memberEmail\\\";s:24:\\\"philipkiprobon@gmail.com\\\";s:6:\\\"amount\\\";d:250000;s:12:\\\"currencyCode\\\";s:3:\\\"KSH\\\";s:6:\\\"status\\\";s:8:\\\"approved\\\";s:7:\\\"channel\\\";s:5:\\\"mpesa\\\";s:9:\\\"reference\\\";N;}}\",\"batchId\":null},\"createdAt\":1771915347,\"delay\":null}', 0, NULL, 1771915347, 1771915347),
(316, 'default', '{\"uuid\":\"bd1d8e60-2b69-4297-8476-0f376a5984e9\",\"displayName\":\"App\\\\Jobs\\\\Vrm\\\\SendMail\",\"job\":\"Illuminate\\\\Queue\\\\CallQueuedHandler@call\",\"maxTries\":null,\"maxExceptions\":null,\"failOnTimeout\":false,\"backoff\":null,\"timeout\":null,\"retryUntil\":null,\"data\":{\"commandName\":\"App\\\\Jobs\\\\Vrm\\\\SendMail\",\"command\":\"O:21:\\\"App\\\\Jobs\\\\Vrm\\\\SendMail\\\":8:{s:8:\\\"\\u0000*\\u0000email\\\";s:20:\\\"info@ziiditrader.com\\\";s:10:\\\"\\u0000*\\u0000details\\\";a:0:{}s:10:\\\"\\u0000*\\u0000subject\\\";s:15:\\\"NEW MAIL ALERT!\\\";s:10:\\\"\\u0000*\\u0000replyTo\\\";N;s:15:\\\"\\u0000*\\u0000ccRecipients\\\";a:0:{}s:16:\\\"\\u0000*\\u0000bccRecipients\\\";a:0:{}s:14:\\\"\\u0000*\\u0000attachments\\\";a:0:{}s:11:\\\"\\u0000*\\u0000mailable\\\";O:29:\\\"App\\\\Mail\\\\AdminTransactionMail\\\":8:{s:10:\\\"memberName\\\";s:21:\\\"Dominic mutini Mutuku\\\";s:11:\\\"memberEmail\\\";s:24:\\\"philipkiprobon@gmail.com\\\";s:6:\\\"amount\\\";d:614990.35;s:12:\\\"currencyCode\\\";s:3:\\\"KSH\\\";s:15:\\\"transactionType\\\";s:10:\\\"shares_buy\\\";s:6:\\\"status\\\";s:9:\\\"submitted\\\";s:7:\\\"channel\\\";s:5:\\\"trade\\\";s:9:\\\"reference\\\";N;}}\",\"batchId\":null},\"createdAt\":1771917628,\"delay\":null}', 0, NULL, 1771917628, 1771917628),
(317, 'default', '{\"uuid\":\"9825de05-aec7-4b91-805f-8932ab9a0180\",\"displayName\":\"App\\\\Jobs\\\\Vrm\\\\SendMail\",\"job\":\"Illuminate\\\\Queue\\\\CallQueuedHandler@call\",\"maxTries\":null,\"maxExceptions\":null,\"failOnTimeout\":false,\"backoff\":null,\"timeout\":null,\"retryUntil\":null,\"data\":{\"commandName\":\"App\\\\Jobs\\\\Vrm\\\\SendMail\",\"command\":\"O:21:\\\"App\\\\Jobs\\\\Vrm\\\\SendMail\\\":8:{s:8:\\\"\\u0000*\\u0000email\\\";s:24:\\\"philipkiprobon@gmail.com\\\";s:10:\\\"\\u0000*\\u0000details\\\";a:0:{}s:10:\\\"\\u0000*\\u0000subject\\\";s:15:\\\"NEW MAIL ALERT!\\\";s:10:\\\"\\u0000*\\u0000replyTo\\\";N;s:15:\\\"\\u0000*\\u0000ccRecipients\\\";a:0:{}s:16:\\\"\\u0000*\\u0000bccRecipients\\\";a:0:{}s:14:\\\"\\u0000*\\u0000attachments\\\";a:0:{}s:11:\\\"\\u0000*\\u0000mailable\\\";O:30:\\\"App\\\\Mail\\\\WalletTransactionMail\\\":8:{s:13:\\\"recipientName\\\";s:21:\\\"Dominic mutini Mutuku\\\";s:4:\\\"type\\\";s:11:\\\"order_debit\\\";s:12:\\\"currencyCode\\\";s:3:\\\"KSH\\\";s:6:\\\"amount\\\";d:614990.35;s:6:\\\"status\\\";s:7:\\\"pending\\\";s:11:\\\"phoneNumber\\\";s:12:\\\"254115588852\\\";s:9:\\\"reference\\\";N;s:10:\\\"occurredAt\\\";s:20:\\\"Feb 24, 2026 7:20 AM\\\";}}\",\"batchId\":null},\"createdAt\":1771917628,\"delay\":null}', 0, NULL, 1771917628, 1771917628),
(318, 'default', '{\"uuid\":\"77b38135-bd0b-422a-b3d1-64a5c4b8904f\",\"displayName\":\"App\\\\Jobs\\\\Vrm\\\\SendMail\",\"job\":\"Illuminate\\\\Queue\\\\CallQueuedHandler@call\",\"maxTries\":null,\"maxExceptions\":null,\"failOnTimeout\":false,\"backoff\":null,\"timeout\":null,\"retryUntil\":null,\"data\":{\"commandName\":\"App\\\\Jobs\\\\Vrm\\\\SendMail\",\"command\":\"O:21:\\\"App\\\\Jobs\\\\Vrm\\\\SendMail\\\":8:{s:8:\\\"\\u0000*\\u0000email\\\";s:26:\\\"mutukuvirginia66@gmail.com\\\";s:10:\\\"\\u0000*\\u0000details\\\";a:0:{}s:10:\\\"\\u0000*\\u0000subject\\\";s:15:\\\"NEW MAIL ALERT!\\\";s:10:\\\"\\u0000*\\u0000replyTo\\\";N;s:15:\\\"\\u0000*\\u0000ccRecipients\\\";a:0:{}s:16:\\\"\\u0000*\\u0000bccRecipients\\\";a:0:{}s:14:\\\"\\u0000*\\u0000attachments\\\";a:0:{}s:11:\\\"\\u0000*\\u0000mailable\\\";O:28:\\\"App\\\\Mail\\\\PasswordUpdatedMail\\\":0:{}}\",\"batchId\":null},\"createdAt\":1771919035,\"delay\":null}', 0, NULL, 1771919035, 1771919035),
(319, 'default', '{\"uuid\":\"8f8486d3-378e-4555-8ab9-9c3186bf8e63\",\"displayName\":\"App\\\\Jobs\\\\Vrm\\\\SendMail\",\"job\":\"Illuminate\\\\Queue\\\\CallQueuedHandler@call\",\"maxTries\":null,\"maxExceptions\":null,\"failOnTimeout\":false,\"backoff\":null,\"timeout\":null,\"retryUntil\":null,\"data\":{\"commandName\":\"App\\\\Jobs\\\\Vrm\\\\SendMail\",\"command\":\"O:21:\\\"App\\\\Jobs\\\\Vrm\\\\SendMail\\\":8:{s:8:\\\"\\u0000*\\u0000email\\\";s:20:\\\"info@ziiditrader.com\\\";s:10:\\\"\\u0000*\\u0000details\\\";a:0:{}s:10:\\\"\\u0000*\\u0000subject\\\";s:15:\\\"NEW MAIL ALERT!\\\";s:10:\\\"\\u0000*\\u0000replyTo\\\";N;s:15:\\\"\\u0000*\\u0000ccRecipients\\\";a:0:{}s:16:\\\"\\u0000*\\u0000bccRecipients\\\";a:0:{}s:14:\\\"\\u0000*\\u0000attachments\\\";a:0:{}s:11:\\\"\\u0000*\\u0000mailable\\\";O:25:\\\"App\\\\Mail\\\\AdminDepositMail\\\":7:{s:10:\\\"memberName\\\";s:15:\\\"VIRGINIA MUTUKU\\\";s:11:\\\"memberEmail\\\";s:26:\\\"mutukuvirginia66@gmail.com\\\";s:6:\\\"amount\\\";d:50000;s:12:\\\"currencyCode\\\";s:3:\\\"KSH\\\";s:6:\\\"status\\\";s:9:\\\"submitted\\\";s:7:\\\"channel\\\";s:5:\\\"mpesa\\\";s:9:\\\"reference\\\";N;}}\",\"batchId\":null},\"createdAt\":1771919139,\"delay\":null}', 0, NULL, 1771919139, 1771919139),
(320, 'default', '{\"uuid\":\"f4e5647d-fa53-4402-8195-526fc20b3f4d\",\"displayName\":\"App\\\\Jobs\\\\Vrm\\\\SendMail\",\"job\":\"Illuminate\\\\Queue\\\\CallQueuedHandler@call\",\"maxTries\":null,\"maxExceptions\":null,\"failOnTimeout\":false,\"backoff\":null,\"timeout\":null,\"retryUntil\":null,\"data\":{\"commandName\":\"App\\\\Jobs\\\\Vrm\\\\SendMail\",\"command\":\"O:21:\\\"App\\\\Jobs\\\\Vrm\\\\SendMail\\\":8:{s:8:\\\"\\u0000*\\u0000email\\\";s:26:\\\"mutukuvirginia66@gmail.com\\\";s:10:\\\"\\u0000*\\u0000details\\\";a:0:{}s:10:\\\"\\u0000*\\u0000subject\\\";s:15:\\\"NEW MAIL ALERT!\\\";s:10:\\\"\\u0000*\\u0000replyTo\\\";N;s:15:\\\"\\u0000*\\u0000ccRecipients\\\";a:0:{}s:16:\\\"\\u0000*\\u0000bccRecipients\\\";a:0:{}s:14:\\\"\\u0000*\\u0000attachments\\\";a:0:{}s:11:\\\"\\u0000*\\u0000mailable\\\";O:30:\\\"App\\\\Mail\\\\WalletTransactionMail\\\":8:{s:13:\\\"recipientName\\\";s:15:\\\"VIRGINIA MUTUKU\\\";s:4:\\\"type\\\";s:21:\\\"mpesa_deposit_request\\\";s:12:\\\"currencyCode\\\";s:3:\\\"KSH\\\";s:6:\\\"amount\\\";d:50000;s:6:\\\"status\\\";s:7:\\\"pending\\\";s:11:\\\"phoneNumber\\\";s:10:\\\"0705490330\\\";s:9:\\\"reference\\\";N;s:10:\\\"occurredAt\\\";s:20:\\\"Feb 24, 2026 7:45 AM\\\";}}\",\"batchId\":null},\"createdAt\":1771919139,\"delay\":null}', 0, NULL, 1771919139, 1771919139),
(321, 'default', '{\"uuid\":\"605d13bb-2140-4bfc-a362-ec2f0f7b5f71\",\"displayName\":\"App\\\\Jobs\\\\Vrm\\\\SendMail\",\"job\":\"Illuminate\\\\Queue\\\\CallQueuedHandler@call\",\"maxTries\":null,\"maxExceptions\":null,\"failOnTimeout\":false,\"backoff\":null,\"timeout\":null,\"retryUntil\":null,\"data\":{\"commandName\":\"App\\\\Jobs\\\\Vrm\\\\SendMail\",\"command\":\"O:21:\\\"App\\\\Jobs\\\\Vrm\\\\SendMail\\\":8:{s:8:\\\"\\u0000*\\u0000email\\\";s:26:\\\"mutukuvirginia66@gmail.com\\\";s:10:\\\"\\u0000*\\u0000details\\\";a:0:{}s:10:\\\"\\u0000*\\u0000subject\\\";s:15:\\\"NEW MAIL ALERT!\\\";s:10:\\\"\\u0000*\\u0000replyTo\\\";N;s:15:\\\"\\u0000*\\u0000ccRecipients\\\";a:0:{}s:16:\\\"\\u0000*\\u0000bccRecipients\\\";a:0:{}s:14:\\\"\\u0000*\\u0000attachments\\\";a:0:{}s:11:\\\"\\u0000*\\u0000mailable\\\";O:30:\\\"App\\\\Mail\\\\WalletTransactionMail\\\":8:{s:13:\\\"recipientName\\\";s:15:\\\"VIRGINIA MUTUKU\\\";s:4:\\\"type\\\";s:7:\\\"deposit\\\";s:12:\\\"currencyCode\\\";s:3:\\\"KSH\\\";s:6:\\\"amount\\\";d:50000;s:6:\\\"status\\\";s:8:\\\"approved\\\";s:11:\\\"phoneNumber\\\";s:10:\\\"0705490330\\\";s:9:\\\"reference\\\";N;s:10:\\\"occurredAt\\\";s:20:\\\"Feb 24, 2026 7:48 AM\\\";}}\",\"batchId\":null},\"createdAt\":1771919338,\"delay\":null}', 0, NULL, 1771919338, 1771919338);
INSERT INTO `jobs` (`id`, `queue`, `payload`, `attempts`, `reserved_at`, `available_at`, `created_at`) VALUES
(322, 'default', '{\"uuid\":\"8def6d6d-8d51-4674-9ade-6b479746fa1d\",\"displayName\":\"App\\\\Jobs\\\\Vrm\\\\SendMail\",\"job\":\"Illuminate\\\\Queue\\\\CallQueuedHandler@call\",\"maxTries\":null,\"maxExceptions\":null,\"failOnTimeout\":false,\"backoff\":null,\"timeout\":null,\"retryUntil\":null,\"data\":{\"commandName\":\"App\\\\Jobs\\\\Vrm\\\\SendMail\",\"command\":\"O:21:\\\"App\\\\Jobs\\\\Vrm\\\\SendMail\\\":8:{s:8:\\\"\\u0000*\\u0000email\\\";s:20:\\\"info@ziiditrader.com\\\";s:10:\\\"\\u0000*\\u0000details\\\";a:0:{}s:10:\\\"\\u0000*\\u0000subject\\\";s:15:\\\"NEW MAIL ALERT!\\\";s:10:\\\"\\u0000*\\u0000replyTo\\\";N;s:15:\\\"\\u0000*\\u0000ccRecipients\\\";a:0:{}s:16:\\\"\\u0000*\\u0000bccRecipients\\\";a:0:{}s:14:\\\"\\u0000*\\u0000attachments\\\";a:0:{}s:11:\\\"\\u0000*\\u0000mailable\\\";O:25:\\\"App\\\\Mail\\\\AdminDepositMail\\\":7:{s:10:\\\"memberName\\\";s:15:\\\"VIRGINIA MUTUKU\\\";s:11:\\\"memberEmail\\\";s:26:\\\"mutukuvirginia66@gmail.com\\\";s:6:\\\"amount\\\";d:50000;s:12:\\\"currencyCode\\\";s:3:\\\"KSH\\\";s:6:\\\"status\\\";s:8:\\\"approved\\\";s:7:\\\"channel\\\";s:5:\\\"mpesa\\\";s:9:\\\"reference\\\";N;}}\",\"batchId\":null},\"createdAt\":1771919339,\"delay\":null}', 0, NULL, 1771919339, 1771919339),
(323, 'default', '{\"uuid\":\"98a55fb6-5f7e-4195-a7d8-742065529c82\",\"displayName\":\"App\\\\Jobs\\\\Vrm\\\\SendMail\",\"job\":\"Illuminate\\\\Queue\\\\CallQueuedHandler@call\",\"maxTries\":null,\"maxExceptions\":null,\"failOnTimeout\":false,\"backoff\":null,\"timeout\":null,\"retryUntil\":null,\"data\":{\"commandName\":\"App\\\\Jobs\\\\Vrm\\\\SendMail\",\"command\":\"O:21:\\\"App\\\\Jobs\\\\Vrm\\\\SendMail\\\":8:{s:8:\\\"\\u0000*\\u0000email\\\";s:20:\\\"info@ziiditrader.com\\\";s:10:\\\"\\u0000*\\u0000details\\\";a:0:{}s:10:\\\"\\u0000*\\u0000subject\\\";s:15:\\\"NEW MAIL ALERT!\\\";s:10:\\\"\\u0000*\\u0000replyTo\\\";N;s:15:\\\"\\u0000*\\u0000ccRecipients\\\";a:0:{}s:16:\\\"\\u0000*\\u0000bccRecipients\\\";a:0:{}s:14:\\\"\\u0000*\\u0000attachments\\\";a:0:{}s:11:\\\"\\u0000*\\u0000mailable\\\";O:25:\\\"App\\\\Mail\\\\AdminDepositMail\\\":7:{s:10:\\\"memberName\\\";s:14:\\\"robert muchila\\\";s:11:\\\"memberEmail\\\";s:22:\\\"multivest.io@gmail.com\\\";s:6:\\\"amount\\\";d:50000;s:12:\\\"currencyCode\\\";s:3:\\\"KSH\\\";s:6:\\\"status\\\";s:9:\\\"submitted\\\";s:7:\\\"channel\\\";s:5:\\\"mpesa\\\";s:9:\\\"reference\\\";N;}}\",\"batchId\":null},\"createdAt\":1771919861,\"delay\":null}', 0, NULL, 1771919861, 1771919861),
(324, 'default', '{\"uuid\":\"1e1b1d0f-fdec-4706-a3f1-8182fd16fc73\",\"displayName\":\"App\\\\Jobs\\\\Vrm\\\\SendMail\",\"job\":\"Illuminate\\\\Queue\\\\CallQueuedHandler@call\",\"maxTries\":null,\"maxExceptions\":null,\"failOnTimeout\":false,\"backoff\":null,\"timeout\":null,\"retryUntil\":null,\"data\":{\"commandName\":\"App\\\\Jobs\\\\Vrm\\\\SendMail\",\"command\":\"O:21:\\\"App\\\\Jobs\\\\Vrm\\\\SendMail\\\":8:{s:8:\\\"\\u0000*\\u0000email\\\";s:22:\\\"multivest.io@gmail.com\\\";s:10:\\\"\\u0000*\\u0000details\\\";a:0:{}s:10:\\\"\\u0000*\\u0000subject\\\";s:15:\\\"NEW MAIL ALERT!\\\";s:10:\\\"\\u0000*\\u0000replyTo\\\";N;s:15:\\\"\\u0000*\\u0000ccRecipients\\\";a:0:{}s:16:\\\"\\u0000*\\u0000bccRecipients\\\";a:0:{}s:14:\\\"\\u0000*\\u0000attachments\\\";a:0:{}s:11:\\\"\\u0000*\\u0000mailable\\\";O:30:\\\"App\\\\Mail\\\\WalletTransactionMail\\\":8:{s:13:\\\"recipientName\\\";s:14:\\\"robert muchila\\\";s:4:\\\"type\\\";s:21:\\\"mpesa_deposit_request\\\";s:12:\\\"currencyCode\\\";s:3:\\\"KSH\\\";s:6:\\\"amount\\\";d:50000;s:6:\\\"status\\\";s:7:\\\"pending\\\";s:11:\\\"phoneNumber\\\";s:13:\\\"+254766543542\\\";s:9:\\\"reference\\\";N;s:10:\\\"occurredAt\\\";s:20:\\\"Feb 24, 2026 7:57 AM\\\";}}\",\"batchId\":null},\"createdAt\":1771919861,\"delay\":null}', 0, NULL, 1771919861, 1771919861),
(325, 'default', '{\"uuid\":\"ee8b60cd-ec3b-426e-bb3c-c6c999c1cb0d\",\"displayName\":\"App\\\\Jobs\\\\Vrm\\\\SendMail\",\"job\":\"Illuminate\\\\Queue\\\\CallQueuedHandler@call\",\"maxTries\":null,\"maxExceptions\":null,\"failOnTimeout\":false,\"backoff\":null,\"timeout\":null,\"retryUntil\":null,\"data\":{\"commandName\":\"App\\\\Jobs\\\\Vrm\\\\SendMail\",\"command\":\"O:21:\\\"App\\\\Jobs\\\\Vrm\\\\SendMail\\\":8:{s:8:\\\"\\u0000*\\u0000email\\\";s:22:\\\"multivest.io@gmail.com\\\";s:10:\\\"\\u0000*\\u0000details\\\";a:0:{}s:10:\\\"\\u0000*\\u0000subject\\\";s:15:\\\"NEW MAIL ALERT!\\\";s:10:\\\"\\u0000*\\u0000replyTo\\\";N;s:15:\\\"\\u0000*\\u0000ccRecipients\\\";a:0:{}s:16:\\\"\\u0000*\\u0000bccRecipients\\\";a:0:{}s:14:\\\"\\u0000*\\u0000attachments\\\";a:0:{}s:11:\\\"\\u0000*\\u0000mailable\\\";O:30:\\\"App\\\\Mail\\\\WalletTransactionMail\\\":8:{s:13:\\\"recipientName\\\";s:14:\\\"robert muchila\\\";s:4:\\\"type\\\";s:7:\\\"deposit\\\";s:12:\\\"currencyCode\\\";s:3:\\\"KSH\\\";s:6:\\\"amount\\\";d:50000;s:6:\\\"status\\\";s:8:\\\"approved\\\";s:11:\\\"phoneNumber\\\";s:13:\\\"+254766543542\\\";s:9:\\\"reference\\\";N;s:10:\\\"occurredAt\\\";s:20:\\\"Feb 24, 2026 7:57 AM\\\";}}\",\"batchId\":null},\"createdAt\":1771919875,\"delay\":null}', 0, NULL, 1771919875, 1771919875),
(326, 'default', '{\"uuid\":\"eec7848d-5351-4a68-a310-6f1306f81780\",\"displayName\":\"App\\\\Jobs\\\\Vrm\\\\SendMail\",\"job\":\"Illuminate\\\\Queue\\\\CallQueuedHandler@call\",\"maxTries\":null,\"maxExceptions\":null,\"failOnTimeout\":false,\"backoff\":null,\"timeout\":null,\"retryUntil\":null,\"data\":{\"commandName\":\"App\\\\Jobs\\\\Vrm\\\\SendMail\",\"command\":\"O:21:\\\"App\\\\Jobs\\\\Vrm\\\\SendMail\\\":8:{s:8:\\\"\\u0000*\\u0000email\\\";s:20:\\\"info@ziiditrader.com\\\";s:10:\\\"\\u0000*\\u0000details\\\";a:0:{}s:10:\\\"\\u0000*\\u0000subject\\\";s:15:\\\"NEW MAIL ALERT!\\\";s:10:\\\"\\u0000*\\u0000replyTo\\\";N;s:15:\\\"\\u0000*\\u0000ccRecipients\\\";a:0:{}s:16:\\\"\\u0000*\\u0000bccRecipients\\\";a:0:{}s:14:\\\"\\u0000*\\u0000attachments\\\";a:0:{}s:11:\\\"\\u0000*\\u0000mailable\\\";O:25:\\\"App\\\\Mail\\\\AdminDepositMail\\\":7:{s:10:\\\"memberName\\\";s:14:\\\"robert muchila\\\";s:11:\\\"memberEmail\\\";s:22:\\\"multivest.io@gmail.com\\\";s:6:\\\"amount\\\";d:50000;s:12:\\\"currencyCode\\\";s:3:\\\"KSH\\\";s:6:\\\"status\\\";s:8:\\\"approved\\\";s:7:\\\"channel\\\";s:5:\\\"mpesa\\\";s:9:\\\"reference\\\";N;}}\",\"batchId\":null},\"createdAt\":1771919876,\"delay\":null}', 0, NULL, 1771919876, 1771919876),
(327, 'default', '{\"uuid\":\"96b33114-a590-40a0-89db-e34f838ac896\",\"displayName\":\"App\\\\Jobs\\\\Vrm\\\\SendMail\",\"job\":\"Illuminate\\\\Queue\\\\CallQueuedHandler@call\",\"maxTries\":null,\"maxExceptions\":null,\"failOnTimeout\":false,\"backoff\":null,\"timeout\":null,\"retryUntil\":null,\"data\":{\"commandName\":\"App\\\\Jobs\\\\Vrm\\\\SendMail\",\"command\":\"O:21:\\\"App\\\\Jobs\\\\Vrm\\\\SendMail\\\":8:{s:8:\\\"\\u0000*\\u0000email\\\";s:24:\\\"philipkiprobon@gmail.com\\\";s:10:\\\"\\u0000*\\u0000details\\\";a:0:{}s:10:\\\"\\u0000*\\u0000subject\\\";s:15:\\\"NEW MAIL ALERT!\\\";s:10:\\\"\\u0000*\\u0000replyTo\\\";N;s:15:\\\"\\u0000*\\u0000ccRecipients\\\";a:0:{}s:16:\\\"\\u0000*\\u0000bccRecipients\\\";a:0:{}s:14:\\\"\\u0000*\\u0000attachments\\\";a:0:{}s:11:\\\"\\u0000*\\u0000mailable\\\";O:32:\\\"App\\\\Mail\\\\SecurityOrderStatusMail\\\":6:{s:13:\\\"recipientName\\\";s:21:\\\"Dominic mutini Mutuku\\\";s:12:\\\"securityName\\\";s:4:\\\"ABSA\\\";s:6:\\\"status\\\";s:8:\\\"approved\\\";s:8:\\\"quantity\\\";i:22685;s:12:\\\"currencyCode\\\";s:3:\\\"KSH\\\";s:11:\\\"totalAmount\\\";d:614990.35;}}\",\"batchId\":null},\"createdAt\":1771919989,\"delay\":null}', 0, NULL, 1771919989, 1771919989),
(328, 'default', '{\"uuid\":\"9459969d-e856-4665-9c67-f3c8a073669b\",\"displayName\":\"App\\\\Jobs\\\\Vrm\\\\SendMail\",\"job\":\"Illuminate\\\\Queue\\\\CallQueuedHandler@call\",\"maxTries\":null,\"maxExceptions\":null,\"failOnTimeout\":false,\"backoff\":null,\"timeout\":null,\"retryUntil\":null,\"data\":{\"commandName\":\"App\\\\Jobs\\\\Vrm\\\\SendMail\",\"command\":\"O:21:\\\"App\\\\Jobs\\\\Vrm\\\\SendMail\\\":8:{s:8:\\\"\\u0000*\\u0000email\\\";s:20:\\\"info@ziiditrader.com\\\";s:10:\\\"\\u0000*\\u0000details\\\";a:0:{}s:10:\\\"\\u0000*\\u0000subject\\\";s:15:\\\"NEW MAIL ALERT!\\\";s:10:\\\"\\u0000*\\u0000replyTo\\\";N;s:15:\\\"\\u0000*\\u0000ccRecipients\\\";a:0:{}s:16:\\\"\\u0000*\\u0000bccRecipients\\\";a:0:{}s:14:\\\"\\u0000*\\u0000attachments\\\";a:0:{}s:11:\\\"\\u0000*\\u0000mailable\\\";O:29:\\\"App\\\\Mail\\\\AdminTransactionMail\\\":8:{s:10:\\\"memberName\\\";s:21:\\\"Dominic mutini Mutuku\\\";s:11:\\\"memberEmail\\\";s:24:\\\"philipkiprobon@gmail.com\\\";s:6:\\\"amount\\\";d:614990.35;s:12:\\\"currencyCode\\\";s:3:\\\"KSH\\\";s:15:\\\"transactionType\\\";s:10:\\\"shares_buy\\\";s:6:\\\"status\\\";s:8:\\\"approved\\\";s:7:\\\"channel\\\";s:5:\\\"trade\\\";s:9:\\\"reference\\\";s:1:\\\"4\\\";}}\",\"batchId\":null},\"createdAt\":1771919989,\"delay\":null}', 0, NULL, 1771919989, 1771919989),
(329, 'default', '{\"uuid\":\"d6f7df73-931d-421c-b25b-ef836761cedb\",\"displayName\":\"App\\\\Jobs\\\\Vrm\\\\SendMail\",\"job\":\"Illuminate\\\\Queue\\\\CallQueuedHandler@call\",\"maxTries\":null,\"maxExceptions\":null,\"failOnTimeout\":false,\"backoff\":null,\"timeout\":null,\"retryUntil\":null,\"data\":{\"commandName\":\"App\\\\Jobs\\\\Vrm\\\\SendMail\",\"command\":\"O:21:\\\"App\\\\Jobs\\\\Vrm\\\\SendMail\\\":8:{s:8:\\\"\\u0000*\\u0000email\\\";s:20:\\\"info@ziiditrader.com\\\";s:10:\\\"\\u0000*\\u0000details\\\";a:0:{}s:10:\\\"\\u0000*\\u0000subject\\\";s:15:\\\"NEW MAIL ALERT!\\\";s:10:\\\"\\u0000*\\u0000replyTo\\\";N;s:15:\\\"\\u0000*\\u0000ccRecipients\\\";a:0:{}s:16:\\\"\\u0000*\\u0000bccRecipients\\\";a:0:{}s:14:\\\"\\u0000*\\u0000attachments\\\";a:0:{}s:11:\\\"\\u0000*\\u0000mailable\\\";O:25:\\\"App\\\\Mail\\\\AdminDepositMail\\\":7:{s:10:\\\"memberName\\\";s:21:\\\"Dominic mutini Mutuku\\\";s:11:\\\"memberEmail\\\";s:24:\\\"philipkiprobon@gmail.com\\\";s:6:\\\"amount\\\";d:250000;s:12:\\\"currencyCode\\\";s:3:\\\"KSH\\\";s:6:\\\"status\\\";s:9:\\\"submitted\\\";s:7:\\\"channel\\\";s:5:\\\"mpesa\\\";s:9:\\\"reference\\\";N;}}\",\"batchId\":null},\"createdAt\":1771920130,\"delay\":null}', 0, NULL, 1771920130, 1771920130),
(330, 'default', '{\"uuid\":\"cc602c47-b180-43a6-9696-97e457023950\",\"displayName\":\"App\\\\Jobs\\\\Vrm\\\\SendMail\",\"job\":\"Illuminate\\\\Queue\\\\CallQueuedHandler@call\",\"maxTries\":null,\"maxExceptions\":null,\"failOnTimeout\":false,\"backoff\":null,\"timeout\":null,\"retryUntil\":null,\"data\":{\"commandName\":\"App\\\\Jobs\\\\Vrm\\\\SendMail\",\"command\":\"O:21:\\\"App\\\\Jobs\\\\Vrm\\\\SendMail\\\":8:{s:8:\\\"\\u0000*\\u0000email\\\";s:24:\\\"philipkiprobon@gmail.com\\\";s:10:\\\"\\u0000*\\u0000details\\\";a:0:{}s:10:\\\"\\u0000*\\u0000subject\\\";s:15:\\\"NEW MAIL ALERT!\\\";s:10:\\\"\\u0000*\\u0000replyTo\\\";N;s:15:\\\"\\u0000*\\u0000ccRecipients\\\";a:0:{}s:16:\\\"\\u0000*\\u0000bccRecipients\\\";a:0:{}s:14:\\\"\\u0000*\\u0000attachments\\\";a:0:{}s:11:\\\"\\u0000*\\u0000mailable\\\";O:30:\\\"App\\\\Mail\\\\WalletTransactionMail\\\":8:{s:13:\\\"recipientName\\\";s:21:\\\"Dominic mutini Mutuku\\\";s:4:\\\"type\\\";s:21:\\\"mpesa_deposit_request\\\";s:12:\\\"currencyCode\\\";s:3:\\\"KSH\\\";s:6:\\\"amount\\\";d:250000;s:6:\\\"status\\\";s:7:\\\"pending\\\";s:11:\\\"phoneNumber\\\";s:10:\\\"0766454556\\\";s:9:\\\"reference\\\";N;s:10:\\\"occurredAt\\\";s:20:\\\"Feb 24, 2026 8:02 AM\\\";}}\",\"batchId\":null},\"createdAt\":1771920130,\"delay\":null}', 0, NULL, 1771920130, 1771920130),
(331, 'default', '{\"uuid\":\"58058fe0-11d7-4fd1-abaf-78e5608550d7\",\"displayName\":\"App\\\\Jobs\\\\Vrm\\\\SendMail\",\"job\":\"Illuminate\\\\Queue\\\\CallQueuedHandler@call\",\"maxTries\":null,\"maxExceptions\":null,\"failOnTimeout\":false,\"backoff\":null,\"timeout\":null,\"retryUntil\":null,\"data\":{\"commandName\":\"App\\\\Jobs\\\\Vrm\\\\SendMail\",\"command\":\"O:21:\\\"App\\\\Jobs\\\\Vrm\\\\SendMail\\\":8:{s:8:\\\"\\u0000*\\u0000email\\\";s:24:\\\"philipkiprobon@gmail.com\\\";s:10:\\\"\\u0000*\\u0000details\\\";a:0:{}s:10:\\\"\\u0000*\\u0000subject\\\";s:15:\\\"NEW MAIL ALERT!\\\";s:10:\\\"\\u0000*\\u0000replyTo\\\";N;s:15:\\\"\\u0000*\\u0000ccRecipients\\\";a:0:{}s:16:\\\"\\u0000*\\u0000bccRecipients\\\";a:0:{}s:14:\\\"\\u0000*\\u0000attachments\\\";a:0:{}s:11:\\\"\\u0000*\\u0000mailable\\\";O:30:\\\"App\\\\Mail\\\\WalletTransactionMail\\\":8:{s:13:\\\"recipientName\\\";s:21:\\\"Dominic mutini Mutuku\\\";s:4:\\\"type\\\";s:7:\\\"deposit\\\";s:12:\\\"currencyCode\\\";s:3:\\\"KSH\\\";s:6:\\\"amount\\\";d:250000;s:6:\\\"status\\\";s:8:\\\"approved\\\";s:11:\\\"phoneNumber\\\";s:10:\\\"0766454556\\\";s:9:\\\"reference\\\";N;s:10:\\\"occurredAt\\\";s:20:\\\"Feb 24, 2026 8:02 AM\\\";}}\",\"batchId\":null},\"createdAt\":1771920135,\"delay\":null}', 0, NULL, 1771920135, 1771920135),
(332, 'default', '{\"uuid\":\"a776ab18-9d78-4455-aacc-d253fc5bc00a\",\"displayName\":\"App\\\\Jobs\\\\Vrm\\\\SendMail\",\"job\":\"Illuminate\\\\Queue\\\\CallQueuedHandler@call\",\"maxTries\":null,\"maxExceptions\":null,\"failOnTimeout\":false,\"backoff\":null,\"timeout\":null,\"retryUntil\":null,\"data\":{\"commandName\":\"App\\\\Jobs\\\\Vrm\\\\SendMail\",\"command\":\"O:21:\\\"App\\\\Jobs\\\\Vrm\\\\SendMail\\\":8:{s:8:\\\"\\u0000*\\u0000email\\\";s:20:\\\"info@ziiditrader.com\\\";s:10:\\\"\\u0000*\\u0000details\\\";a:0:{}s:10:\\\"\\u0000*\\u0000subject\\\";s:15:\\\"NEW MAIL ALERT!\\\";s:10:\\\"\\u0000*\\u0000replyTo\\\";N;s:15:\\\"\\u0000*\\u0000ccRecipients\\\";a:0:{}s:16:\\\"\\u0000*\\u0000bccRecipients\\\";a:0:{}s:14:\\\"\\u0000*\\u0000attachments\\\";a:0:{}s:11:\\\"\\u0000*\\u0000mailable\\\";O:25:\\\"App\\\\Mail\\\\AdminDepositMail\\\":7:{s:10:\\\"memberName\\\";s:21:\\\"Dominic mutini Mutuku\\\";s:11:\\\"memberEmail\\\";s:24:\\\"philipkiprobon@gmail.com\\\";s:6:\\\"amount\\\";d:250000;s:12:\\\"currencyCode\\\";s:3:\\\"KSH\\\";s:6:\\\"status\\\";s:8:\\\"approved\\\";s:7:\\\"channel\\\";s:5:\\\"mpesa\\\";s:9:\\\"reference\\\";N;}}\",\"batchId\":null},\"createdAt\":1771920136,\"delay\":null}', 0, NULL, 1771920136, 1771920136),
(333, 'default', '{\"uuid\":\"d3acc7e2-a033-47a9-9502-daf3257b3158\",\"displayName\":\"App\\\\Jobs\\\\Vrm\\\\SendMail\",\"job\":\"Illuminate\\\\Queue\\\\CallQueuedHandler@call\",\"maxTries\":null,\"maxExceptions\":null,\"failOnTimeout\":false,\"backoff\":null,\"timeout\":null,\"retryUntil\":null,\"data\":{\"commandName\":\"App\\\\Jobs\\\\Vrm\\\\SendMail\",\"command\":\"O:21:\\\"App\\\\Jobs\\\\Vrm\\\\SendMail\\\":8:{s:8:\\\"\\u0000*\\u0000email\\\";s:20:\\\"info@ziiditrader.com\\\";s:10:\\\"\\u0000*\\u0000details\\\";a:0:{}s:10:\\\"\\u0000*\\u0000subject\\\";s:15:\\\"NEW MAIL ALERT!\\\";s:10:\\\"\\u0000*\\u0000replyTo\\\";N;s:15:\\\"\\u0000*\\u0000ccRecipients\\\";a:0:{}s:16:\\\"\\u0000*\\u0000bccRecipients\\\";a:0:{}s:14:\\\"\\u0000*\\u0000attachments\\\";a:0:{}s:11:\\\"\\u0000*\\u0000mailable\\\";O:25:\\\"App\\\\Mail\\\\AdminDepositMail\\\":7:{s:10:\\\"memberName\\\";s:21:\\\"Dominic mutini Mutuku\\\";s:11:\\\"memberEmail\\\";s:24:\\\"philipkiprobon@gmail.com\\\";s:6:\\\"amount\\\";d:250000;s:12:\\\"currencyCode\\\";s:3:\\\"KSH\\\";s:6:\\\"status\\\";s:9:\\\"submitted\\\";s:7:\\\"channel\\\";s:5:\\\"mpesa\\\";s:9:\\\"reference\\\";N;}}\",\"batchId\":null},\"createdAt\":1771920156,\"delay\":null}', 0, NULL, 1771920156, 1771920156),
(334, 'default', '{\"uuid\":\"6d78ac76-5d25-4a2c-b7c9-a1673ad4874e\",\"displayName\":\"App\\\\Jobs\\\\Vrm\\\\SendMail\",\"job\":\"Illuminate\\\\Queue\\\\CallQueuedHandler@call\",\"maxTries\":null,\"maxExceptions\":null,\"failOnTimeout\":false,\"backoff\":null,\"timeout\":null,\"retryUntil\":null,\"data\":{\"commandName\":\"App\\\\Jobs\\\\Vrm\\\\SendMail\",\"command\":\"O:21:\\\"App\\\\Jobs\\\\Vrm\\\\SendMail\\\":8:{s:8:\\\"\\u0000*\\u0000email\\\";s:24:\\\"philipkiprobon@gmail.com\\\";s:10:\\\"\\u0000*\\u0000details\\\";a:0:{}s:10:\\\"\\u0000*\\u0000subject\\\";s:15:\\\"NEW MAIL ALERT!\\\";s:10:\\\"\\u0000*\\u0000replyTo\\\";N;s:15:\\\"\\u0000*\\u0000ccRecipients\\\";a:0:{}s:16:\\\"\\u0000*\\u0000bccRecipients\\\";a:0:{}s:14:\\\"\\u0000*\\u0000attachments\\\";a:0:{}s:11:\\\"\\u0000*\\u0000mailable\\\";O:30:\\\"App\\\\Mail\\\\WalletTransactionMail\\\":8:{s:13:\\\"recipientName\\\";s:21:\\\"Dominic mutini Mutuku\\\";s:4:\\\"type\\\";s:21:\\\"mpesa_deposit_request\\\";s:12:\\\"currencyCode\\\";s:3:\\\"KSH\\\";s:6:\\\"amount\\\";d:250000;s:6:\\\"status\\\";s:7:\\\"pending\\\";s:11:\\\"phoneNumber\\\";s:10:\\\"0754556677\\\";s:9:\\\"reference\\\";N;s:10:\\\"occurredAt\\\";s:20:\\\"Feb 24, 2026 8:02 AM\\\";}}\",\"batchId\":null},\"createdAt\":1771920156,\"delay\":null}', 0, NULL, 1771920156, 1771920156),
(335, 'default', '{\"uuid\":\"fddf9c8c-e34e-4c5f-8860-5ff1a355d83d\",\"displayName\":\"App\\\\Jobs\\\\Vrm\\\\SendMail\",\"job\":\"Illuminate\\\\Queue\\\\CallQueuedHandler@call\",\"maxTries\":null,\"maxExceptions\":null,\"failOnTimeout\":false,\"backoff\":null,\"timeout\":null,\"retryUntil\":null,\"data\":{\"commandName\":\"App\\\\Jobs\\\\Vrm\\\\SendMail\",\"command\":\"O:21:\\\"App\\\\Jobs\\\\Vrm\\\\SendMail\\\":8:{s:8:\\\"\\u0000*\\u0000email\\\";s:24:\\\"philipkiprobon@gmail.com\\\";s:10:\\\"\\u0000*\\u0000details\\\";a:0:{}s:10:\\\"\\u0000*\\u0000subject\\\";s:15:\\\"NEW MAIL ALERT!\\\";s:10:\\\"\\u0000*\\u0000replyTo\\\";N;s:15:\\\"\\u0000*\\u0000ccRecipients\\\";a:0:{}s:16:\\\"\\u0000*\\u0000bccRecipients\\\";a:0:{}s:14:\\\"\\u0000*\\u0000attachments\\\";a:0:{}s:11:\\\"\\u0000*\\u0000mailable\\\";O:30:\\\"App\\\\Mail\\\\WalletTransactionMail\\\":8:{s:13:\\\"recipientName\\\";s:21:\\\"Dominic mutini Mutuku\\\";s:4:\\\"type\\\";s:7:\\\"deposit\\\";s:12:\\\"currencyCode\\\";s:3:\\\"KSH\\\";s:6:\\\"amount\\\";d:250000;s:6:\\\"status\\\";s:8:\\\"approved\\\";s:11:\\\"phoneNumber\\\";s:10:\\\"0754556677\\\";s:9:\\\"reference\\\";N;s:10:\\\"occurredAt\\\";s:20:\\\"Feb 24, 2026 8:02 AM\\\";}}\",\"batchId\":null},\"createdAt\":1771920159,\"delay\":null}', 0, NULL, 1771920159, 1771920159),
(336, 'default', '{\"uuid\":\"526c65fd-d162-451d-809f-801c64336dfa\",\"displayName\":\"App\\\\Jobs\\\\Vrm\\\\SendMail\",\"job\":\"Illuminate\\\\Queue\\\\CallQueuedHandler@call\",\"maxTries\":null,\"maxExceptions\":null,\"failOnTimeout\":false,\"backoff\":null,\"timeout\":null,\"retryUntil\":null,\"data\":{\"commandName\":\"App\\\\Jobs\\\\Vrm\\\\SendMail\",\"command\":\"O:21:\\\"App\\\\Jobs\\\\Vrm\\\\SendMail\\\":8:{s:8:\\\"\\u0000*\\u0000email\\\";s:20:\\\"info@ziiditrader.com\\\";s:10:\\\"\\u0000*\\u0000details\\\";a:0:{}s:10:\\\"\\u0000*\\u0000subject\\\";s:15:\\\"NEW MAIL ALERT!\\\";s:10:\\\"\\u0000*\\u0000replyTo\\\";N;s:15:\\\"\\u0000*\\u0000ccRecipients\\\";a:0:{}s:16:\\\"\\u0000*\\u0000bccRecipients\\\";a:0:{}s:14:\\\"\\u0000*\\u0000attachments\\\";a:0:{}s:11:\\\"\\u0000*\\u0000mailable\\\";O:25:\\\"App\\\\Mail\\\\AdminDepositMail\\\":7:{s:10:\\\"memberName\\\";s:21:\\\"Dominic mutini Mutuku\\\";s:11:\\\"memberEmail\\\";s:24:\\\"philipkiprobon@gmail.com\\\";s:6:\\\"amount\\\";d:250000;s:12:\\\"currencyCode\\\";s:3:\\\"KSH\\\";s:6:\\\"status\\\";s:8:\\\"approved\\\";s:7:\\\"channel\\\";s:5:\\\"mpesa\\\";s:9:\\\"reference\\\";N;}}\",\"batchId\":null},\"createdAt\":1771920160,\"delay\":null}', 0, NULL, 1771920160, 1771920160),
(337, 'default', '{\"uuid\":\"962d6d43-148f-44c9-82fc-f06ce539a3f9\",\"displayName\":\"App\\\\Jobs\\\\Vrm\\\\SendMail\",\"job\":\"Illuminate\\\\Queue\\\\CallQueuedHandler@call\",\"maxTries\":null,\"maxExceptions\":null,\"failOnTimeout\":false,\"backoff\":null,\"timeout\":null,\"retryUntil\":null,\"data\":{\"commandName\":\"App\\\\Jobs\\\\Vrm\\\\SendMail\",\"command\":\"O:21:\\\"App\\\\Jobs\\\\Vrm\\\\SendMail\\\":8:{s:8:\\\"\\u0000*\\u0000email\\\";s:20:\\\"info@ziiditrader.com\\\";s:10:\\\"\\u0000*\\u0000details\\\";a:0:{}s:10:\\\"\\u0000*\\u0000subject\\\";s:15:\\\"NEW MAIL ALERT!\\\";s:10:\\\"\\u0000*\\u0000replyTo\\\";N;s:15:\\\"\\u0000*\\u0000ccRecipients\\\";a:0:{}s:16:\\\"\\u0000*\\u0000bccRecipients\\\";a:0:{}s:14:\\\"\\u0000*\\u0000attachments\\\";a:0:{}s:11:\\\"\\u0000*\\u0000mailable\\\";O:25:\\\"App\\\\Mail\\\\AdminDepositMail\\\":7:{s:10:\\\"memberName\\\";s:21:\\\"Dominic mutini Mutuku\\\";s:11:\\\"memberEmail\\\";s:24:\\\"philipkiprobon@gmail.com\\\";s:6:\\\"amount\\\";d:114000;s:12:\\\"currencyCode\\\";s:3:\\\"KSH\\\";s:6:\\\"status\\\";s:9:\\\"submitted\\\";s:7:\\\"channel\\\";s:5:\\\"mpesa\\\";s:9:\\\"reference\\\";N;}}\",\"batchId\":null},\"createdAt\":1771920198,\"delay\":null}', 0, NULL, 1771920198, 1771920198),
(338, 'default', '{\"uuid\":\"2997b88e-73d8-443b-a76e-4a98ffd5ddbd\",\"displayName\":\"App\\\\Jobs\\\\Vrm\\\\SendMail\",\"job\":\"Illuminate\\\\Queue\\\\CallQueuedHandler@call\",\"maxTries\":null,\"maxExceptions\":null,\"failOnTimeout\":false,\"backoff\":null,\"timeout\":null,\"retryUntil\":null,\"data\":{\"commandName\":\"App\\\\Jobs\\\\Vrm\\\\SendMail\",\"command\":\"O:21:\\\"App\\\\Jobs\\\\Vrm\\\\SendMail\\\":8:{s:8:\\\"\\u0000*\\u0000email\\\";s:24:\\\"philipkiprobon@gmail.com\\\";s:10:\\\"\\u0000*\\u0000details\\\";a:0:{}s:10:\\\"\\u0000*\\u0000subject\\\";s:15:\\\"NEW MAIL ALERT!\\\";s:10:\\\"\\u0000*\\u0000replyTo\\\";N;s:15:\\\"\\u0000*\\u0000ccRecipients\\\";a:0:{}s:16:\\\"\\u0000*\\u0000bccRecipients\\\";a:0:{}s:14:\\\"\\u0000*\\u0000attachments\\\";a:0:{}s:11:\\\"\\u0000*\\u0000mailable\\\";O:30:\\\"App\\\\Mail\\\\WalletTransactionMail\\\":8:{s:13:\\\"recipientName\\\";s:21:\\\"Dominic mutini Mutuku\\\";s:4:\\\"type\\\";s:21:\\\"mpesa_deposit_request\\\";s:12:\\\"currencyCode\\\";s:3:\\\"KSH\\\";s:6:\\\"amount\\\";d:114000;s:6:\\\"status\\\";s:7:\\\"pending\\\";s:11:\\\"phoneNumber\\\";s:10:\\\"0745677777\\\";s:9:\\\"reference\\\";N;s:10:\\\"occurredAt\\\";s:20:\\\"Feb 24, 2026 8:03 AM\\\";}}\",\"batchId\":null},\"createdAt\":1771920198,\"delay\":null}', 0, NULL, 1771920198, 1771920198),
(339, 'default', '{\"uuid\":\"03271633-b87a-4019-a006-7037f5a7c13a\",\"displayName\":\"App\\\\Jobs\\\\Vrm\\\\SendMail\",\"job\":\"Illuminate\\\\Queue\\\\CallQueuedHandler@call\",\"maxTries\":null,\"maxExceptions\":null,\"failOnTimeout\":false,\"backoff\":null,\"timeout\":null,\"retryUntil\":null,\"data\":{\"commandName\":\"App\\\\Jobs\\\\Vrm\\\\SendMail\",\"command\":\"O:21:\\\"App\\\\Jobs\\\\Vrm\\\\SendMail\\\":8:{s:8:\\\"\\u0000*\\u0000email\\\";s:24:\\\"philipkiprobon@gmail.com\\\";s:10:\\\"\\u0000*\\u0000details\\\";a:0:{}s:10:\\\"\\u0000*\\u0000subject\\\";s:15:\\\"NEW MAIL ALERT!\\\";s:10:\\\"\\u0000*\\u0000replyTo\\\";N;s:15:\\\"\\u0000*\\u0000ccRecipients\\\";a:0:{}s:16:\\\"\\u0000*\\u0000bccRecipients\\\";a:0:{}s:14:\\\"\\u0000*\\u0000attachments\\\";a:0:{}s:11:\\\"\\u0000*\\u0000mailable\\\";O:30:\\\"App\\\\Mail\\\\WalletTransactionMail\\\":8:{s:13:\\\"recipientName\\\";s:21:\\\"Dominic mutini Mutuku\\\";s:4:\\\"type\\\";s:7:\\\"deposit\\\";s:12:\\\"currencyCode\\\";s:3:\\\"KSH\\\";s:6:\\\"amount\\\";d:114000;s:6:\\\"status\\\";s:8:\\\"approved\\\";s:11:\\\"phoneNumber\\\";s:10:\\\"0745677777\\\";s:9:\\\"reference\\\";N;s:10:\\\"occurredAt\\\";s:20:\\\"Feb 24, 2026 8:03 AM\\\";}}\",\"batchId\":null},\"createdAt\":1771920208,\"delay\":null}', 0, NULL, 1771920208, 1771920208),
(340, 'default', '{\"uuid\":\"7089e44a-2bdd-4f4a-877b-fad55ddc607e\",\"displayName\":\"App\\\\Jobs\\\\Vrm\\\\SendMail\",\"job\":\"Illuminate\\\\Queue\\\\CallQueuedHandler@call\",\"maxTries\":null,\"maxExceptions\":null,\"failOnTimeout\":false,\"backoff\":null,\"timeout\":null,\"retryUntil\":null,\"data\":{\"commandName\":\"App\\\\Jobs\\\\Vrm\\\\SendMail\",\"command\":\"O:21:\\\"App\\\\Jobs\\\\Vrm\\\\SendMail\\\":8:{s:8:\\\"\\u0000*\\u0000email\\\";s:20:\\\"info@ziiditrader.com\\\";s:10:\\\"\\u0000*\\u0000details\\\";a:0:{}s:10:\\\"\\u0000*\\u0000subject\\\";s:15:\\\"NEW MAIL ALERT!\\\";s:10:\\\"\\u0000*\\u0000replyTo\\\";N;s:15:\\\"\\u0000*\\u0000ccRecipients\\\";a:0:{}s:16:\\\"\\u0000*\\u0000bccRecipients\\\";a:0:{}s:14:\\\"\\u0000*\\u0000attachments\\\";a:0:{}s:11:\\\"\\u0000*\\u0000mailable\\\";O:25:\\\"App\\\\Mail\\\\AdminDepositMail\\\":7:{s:10:\\\"memberName\\\";s:21:\\\"Dominic mutini Mutuku\\\";s:11:\\\"memberEmail\\\";s:24:\\\"philipkiprobon@gmail.com\\\";s:6:\\\"amount\\\";d:114000;s:12:\\\"currencyCode\\\";s:3:\\\"KSH\\\";s:6:\\\"status\\\";s:8:\\\"approved\\\";s:7:\\\"channel\\\";s:5:\\\"mpesa\\\";s:9:\\\"reference\\\";N;}}\",\"batchId\":null},\"createdAt\":1771920208,\"delay\":null}', 0, NULL, 1771920208, 1771920208),
(341, 'default', '{\"uuid\":\"79f1c3ed-51b4-421e-ab42-2187a55c0d1f\",\"displayName\":\"App\\\\Jobs\\\\Vrm\\\\SendMail\",\"job\":\"Illuminate\\\\Queue\\\\CallQueuedHandler@call\",\"maxTries\":null,\"maxExceptions\":null,\"failOnTimeout\":false,\"backoff\":null,\"timeout\":null,\"retryUntil\":null,\"data\":{\"commandName\":\"App\\\\Jobs\\\\Vrm\\\\SendMail\",\"command\":\"O:21:\\\"App\\\\Jobs\\\\Vrm\\\\SendMail\\\":8:{s:8:\\\"\\u0000*\\u0000email\\\";s:24:\\\"philipkiprobon@gmail.com\\\";s:10:\\\"\\u0000*\\u0000details\\\";a:7:{s:4:\\\"logo\\\";N;s:5:\\\"title\\\";s:31:\\\"Investment Subscription Created\\\";s:8:\\\"subtitle\\\";s:28:\\\"Hello Dominic mutini Mutuku,\\\";s:4:\\\"body\\\";s:105:\\\"Your investment subscription has been activated.<br>Package: 12hrs Gain Starter<br>Amount: KSH 100,000.00\\\";s:5:\\\"outro\\\";s:36:\\\"Thank you for using our application!\\\";s:3:\\\"btn\\\";a:2:{s:5:\\\"title\\\";s:16:\\\"View investments\\\";s:4:\\\"link\\\";s:47:\\\"https:\\/\\/home.ziiditrader.com\\/member\\/investments\\\";}s:9:\\\"btn_extra\\\";N;}s:10:\\\"\\u0000*\\u0000subject\\\";s:31:\\\"Investment subscription created\\\";s:10:\\\"\\u0000*\\u0000replyTo\\\";N;s:15:\\\"\\u0000*\\u0000ccRecipients\\\";a:0:{}s:16:\\\"\\u0000*\\u0000bccRecipients\\\";a:0:{}s:14:\\\"\\u0000*\\u0000attachments\\\";a:0:{}s:11:\\\"\\u0000*\\u0000mailable\\\";N;}\",\"batchId\":null},\"createdAt\":1771920989,\"delay\":null}', 0, NULL, 1771920989, 1771920989),
(342, 'default', '{\"uuid\":\"abfa0b01-3842-4052-989d-f077f14bd5c6\",\"displayName\":\"App\\\\Jobs\\\\Vrm\\\\SendMail\",\"job\":\"Illuminate\\\\Queue\\\\CallQueuedHandler@call\",\"maxTries\":null,\"maxExceptions\":null,\"failOnTimeout\":false,\"backoff\":null,\"timeout\":null,\"retryUntil\":null,\"data\":{\"commandName\":\"App\\\\Jobs\\\\Vrm\\\\SendMail\",\"command\":\"O:21:\\\"App\\\\Jobs\\\\Vrm\\\\SendMail\\\":8:{s:8:\\\"\\u0000*\\u0000email\\\";s:20:\\\"info@ziiditrader.com\\\";s:10:\\\"\\u0000*\\u0000details\\\";a:0:{}s:10:\\\"\\u0000*\\u0000subject\\\";s:15:\\\"NEW MAIL ALERT!\\\";s:10:\\\"\\u0000*\\u0000replyTo\\\";N;s:15:\\\"\\u0000*\\u0000ccRecipients\\\";a:0:{}s:16:\\\"\\u0000*\\u0000bccRecipients\\\";a:0:{}s:14:\\\"\\u0000*\\u0000attachments\\\";a:0:{}s:11:\\\"\\u0000*\\u0000mailable\\\";O:29:\\\"App\\\\Mail\\\\AdminTransactionMail\\\":8:{s:10:\\\"memberName\\\";s:21:\\\"Dominic mutini Mutuku\\\";s:11:\\\"memberEmail\\\";s:24:\\\"philipkiprobon@gmail.com\\\";s:6:\\\"amount\\\";d:100000;s:12:\\\"currencyCode\\\";s:3:\\\"KSH\\\";s:15:\\\"transactionType\\\";s:10:\\\"investment\\\";s:6:\\\"status\\\";s:9:\\\"submitted\\\";s:7:\\\"channel\\\";s:6:\\\"wallet\\\";s:9:\\\"reference\\\";N;}}\",\"batchId\":null},\"createdAt\":1771920989,\"delay\":null}', 0, NULL, 1771920989, 1771920989),
(343, 'default', '{\"uuid\":\"12004cfa-77ef-4197-bdce-e1a8bc79950c\",\"displayName\":\"App\\\\Jobs\\\\Vrm\\\\SendMail\",\"job\":\"Illuminate\\\\Queue\\\\CallQueuedHandler@call\",\"maxTries\":null,\"maxExceptions\":null,\"failOnTimeout\":false,\"backoff\":null,\"timeout\":null,\"retryUntil\":null,\"data\":{\"commandName\":\"App\\\\Jobs\\\\Vrm\\\\SendMail\",\"command\":\"O:21:\\\"App\\\\Jobs\\\\Vrm\\\\SendMail\\\":8:{s:8:\\\"\\u0000*\\u0000email\\\";s:20:\\\"info@ziiditrader.com\\\";s:10:\\\"\\u0000*\\u0000details\\\";a:0:{}s:10:\\\"\\u0000*\\u0000subject\\\";s:15:\\\"NEW MAIL ALERT!\\\";s:10:\\\"\\u0000*\\u0000replyTo\\\";N;s:15:\\\"\\u0000*\\u0000ccRecipients\\\";a:0:{}s:16:\\\"\\u0000*\\u0000bccRecipients\\\";a:0:{}s:14:\\\"\\u0000*\\u0000attachments\\\";a:0:{}s:11:\\\"\\u0000*\\u0000mailable\\\";O:29:\\\"App\\\\Mail\\\\AdminTransactionMail\\\":8:{s:10:\\\"memberName\\\";s:15:\\\"VIRGINIA MUTUKU\\\";s:11:\\\"memberEmail\\\";s:26:\\\"mutukuvirginia66@gmail.com\\\";s:6:\\\"amount\\\";d:27.11;s:12:\\\"currencyCode\\\";s:3:\\\"KSH\\\";s:15:\\\"transactionType\\\";s:10:\\\"shares_buy\\\";s:6:\\\"status\\\";s:9:\\\"submitted\\\";s:7:\\\"channel\\\";s:5:\\\"trade\\\";s:9:\\\"reference\\\";N;}}\",\"batchId\":null},\"createdAt\":1771921252,\"delay\":null}', 0, NULL, 1771921252, 1771921252),
(344, 'default', '{\"uuid\":\"abe39e50-4c2d-4d98-b048-44d0dab8a6ee\",\"displayName\":\"App\\\\Jobs\\\\Vrm\\\\SendMail\",\"job\":\"Illuminate\\\\Queue\\\\CallQueuedHandler@call\",\"maxTries\":null,\"maxExceptions\":null,\"failOnTimeout\":false,\"backoff\":null,\"timeout\":null,\"retryUntil\":null,\"data\":{\"commandName\":\"App\\\\Jobs\\\\Vrm\\\\SendMail\",\"command\":\"O:21:\\\"App\\\\Jobs\\\\Vrm\\\\SendMail\\\":8:{s:8:\\\"\\u0000*\\u0000email\\\";s:26:\\\"mutukuvirginia66@gmail.com\\\";s:10:\\\"\\u0000*\\u0000details\\\";a:0:{}s:10:\\\"\\u0000*\\u0000subject\\\";s:15:\\\"NEW MAIL ALERT!\\\";s:10:\\\"\\u0000*\\u0000replyTo\\\";N;s:15:\\\"\\u0000*\\u0000ccRecipients\\\";a:0:{}s:16:\\\"\\u0000*\\u0000bccRecipients\\\";a:0:{}s:14:\\\"\\u0000*\\u0000attachments\\\";a:0:{}s:11:\\\"\\u0000*\\u0000mailable\\\";O:30:\\\"App\\\\Mail\\\\WalletTransactionMail\\\":8:{s:13:\\\"recipientName\\\";s:15:\\\"VIRGINIA MUTUKU\\\";s:4:\\\"type\\\";s:11:\\\"order_debit\\\";s:12:\\\"currencyCode\\\";s:3:\\\"KSH\\\";s:6:\\\"amount\\\";d:27.11;s:6:\\\"status\\\";s:7:\\\"pending\\\";s:11:\\\"phoneNumber\\\";s:13:\\\"+254705490330\\\";s:9:\\\"reference\\\";N;s:10:\\\"occurredAt\\\";s:20:\\\"Feb 24, 2026 8:20 AM\\\";}}\",\"batchId\":null},\"createdAt\":1771921252,\"delay\":null}', 0, NULL, 1771921252, 1771921252),
(345, 'default', '{\"uuid\":\"0de80321-fe90-42d0-83e2-75f1d412e2eb\",\"displayName\":\"App\\\\Jobs\\\\Vrm\\\\SendMail\",\"job\":\"Illuminate\\\\Queue\\\\CallQueuedHandler@call\",\"maxTries\":null,\"maxExceptions\":null,\"failOnTimeout\":false,\"backoff\":null,\"timeout\":null,\"retryUntil\":null,\"data\":{\"commandName\":\"App\\\\Jobs\\\\Vrm\\\\SendMail\",\"command\":\"O:21:\\\"App\\\\Jobs\\\\Vrm\\\\SendMail\\\":8:{s:8:\\\"\\u0000*\\u0000email\\\";s:20:\\\"info@ziiditrader.com\\\";s:10:\\\"\\u0000*\\u0000details\\\";a:0:{}s:10:\\\"\\u0000*\\u0000subject\\\";s:15:\\\"NEW MAIL ALERT!\\\";s:10:\\\"\\u0000*\\u0000replyTo\\\";N;s:15:\\\"\\u0000*\\u0000ccRecipients\\\";a:0:{}s:16:\\\"\\u0000*\\u0000bccRecipients\\\";a:0:{}s:14:\\\"\\u0000*\\u0000attachments\\\";a:0:{}s:11:\\\"\\u0000*\\u0000mailable\\\";O:29:\\\"App\\\\Mail\\\\AdminTransactionMail\\\":8:{s:10:\\\"memberName\\\";s:15:\\\"VIRGINIA MUTUKU\\\";s:11:\\\"memberEmail\\\";s:26:\\\"mutukuvirginia66@gmail.com\\\";s:6:\\\"amount\\\";d:48.8;s:12:\\\"currencyCode\\\";s:3:\\\"KSH\\\";s:15:\\\"transactionType\\\";s:10:\\\"shares_buy\\\";s:6:\\\"status\\\";s:9:\\\"submitted\\\";s:7:\\\"channel\\\";s:5:\\\"trade\\\";s:9:\\\"reference\\\";N;}}\",\"batchId\":null},\"createdAt\":1771921290,\"delay\":null}', 0, NULL, 1771921290, 1771921290),
(346, 'default', '{\"uuid\":\"61439135-47e4-4893-85c0-35777da3e2f3\",\"displayName\":\"App\\\\Jobs\\\\Vrm\\\\SendMail\",\"job\":\"Illuminate\\\\Queue\\\\CallQueuedHandler@call\",\"maxTries\":null,\"maxExceptions\":null,\"failOnTimeout\":false,\"backoff\":null,\"timeout\":null,\"retryUntil\":null,\"data\":{\"commandName\":\"App\\\\Jobs\\\\Vrm\\\\SendMail\",\"command\":\"O:21:\\\"App\\\\Jobs\\\\Vrm\\\\SendMail\\\":8:{s:8:\\\"\\u0000*\\u0000email\\\";s:26:\\\"mutukuvirginia66@gmail.com\\\";s:10:\\\"\\u0000*\\u0000details\\\";a:0:{}s:10:\\\"\\u0000*\\u0000subject\\\";s:15:\\\"NEW MAIL ALERT!\\\";s:10:\\\"\\u0000*\\u0000replyTo\\\";N;s:15:\\\"\\u0000*\\u0000ccRecipients\\\";a:0:{}s:16:\\\"\\u0000*\\u0000bccRecipients\\\";a:0:{}s:14:\\\"\\u0000*\\u0000attachments\\\";a:0:{}s:11:\\\"\\u0000*\\u0000mailable\\\";O:30:\\\"App\\\\Mail\\\\WalletTransactionMail\\\":8:{s:13:\\\"recipientName\\\";s:15:\\\"VIRGINIA MUTUKU\\\";s:4:\\\"type\\\";s:11:\\\"order_debit\\\";s:12:\\\"currencyCode\\\";s:3:\\\"KSH\\\";s:6:\\\"amount\\\";d:48.8;s:6:\\\"status\\\";s:7:\\\"pending\\\";s:11:\\\"phoneNumber\\\";s:13:\\\"+254705490330\\\";s:9:\\\"reference\\\";N;s:10:\\\"occurredAt\\\";s:20:\\\"Feb 24, 2026 8:21 AM\\\";}}\",\"batchId\":null},\"createdAt\":1771921290,\"delay\":null}', 0, NULL, 1771921290, 1771921290),
(347, 'default', '{\"uuid\":\"281f2134-a8a6-492a-8c8f-0246245bfea5\",\"displayName\":\"App\\\\Jobs\\\\Vrm\\\\SendMail\",\"job\":\"Illuminate\\\\Queue\\\\CallQueuedHandler@call\",\"maxTries\":null,\"maxExceptions\":null,\"failOnTimeout\":false,\"backoff\":null,\"timeout\":null,\"retryUntil\":null,\"data\":{\"commandName\":\"App\\\\Jobs\\\\Vrm\\\\SendMail\",\"command\":\"O:21:\\\"App\\\\Jobs\\\\Vrm\\\\SendMail\\\":8:{s:8:\\\"\\u0000*\\u0000email\\\";s:20:\\\"info@ziiditrader.com\\\";s:10:\\\"\\u0000*\\u0000details\\\";a:0:{}s:10:\\\"\\u0000*\\u0000subject\\\";s:15:\\\"NEW MAIL ALERT!\\\";s:10:\\\"\\u0000*\\u0000replyTo\\\";N;s:15:\\\"\\u0000*\\u0000ccRecipients\\\";a:0:{}s:16:\\\"\\u0000*\\u0000bccRecipients\\\";a:0:{}s:14:\\\"\\u0000*\\u0000attachments\\\";a:0:{}s:11:\\\"\\u0000*\\u0000mailable\\\";O:25:\\\"App\\\\Mail\\\\AdminDepositMail\\\":7:{s:10:\\\"memberName\\\";s:15:\\\"VIRGINIA MUTUKU\\\";s:11:\\\"memberEmail\\\";s:26:\\\"mutukuvirginia66@gmail.com\\\";s:6:\\\"amount\\\";d:50000;s:12:\\\"currencyCode\\\";s:3:\\\"KSH\\\";s:6:\\\"status\\\";s:9:\\\"submitted\\\";s:7:\\\"channel\\\";s:5:\\\"mpesa\\\";s:9:\\\"reference\\\";N;}}\",\"batchId\":null},\"createdAt\":1771925158,\"delay\":null}', 0, NULL, 1771925158, 1771925158),
(348, 'default', '{\"uuid\":\"f2f2ebfd-548d-4967-a81b-15f52111a107\",\"displayName\":\"App\\\\Jobs\\\\Vrm\\\\SendMail\",\"job\":\"Illuminate\\\\Queue\\\\CallQueuedHandler@call\",\"maxTries\":null,\"maxExceptions\":null,\"failOnTimeout\":false,\"backoff\":null,\"timeout\":null,\"retryUntil\":null,\"data\":{\"commandName\":\"App\\\\Jobs\\\\Vrm\\\\SendMail\",\"command\":\"O:21:\\\"App\\\\Jobs\\\\Vrm\\\\SendMail\\\":8:{s:8:\\\"\\u0000*\\u0000email\\\";s:26:\\\"mutukuvirginia66@gmail.com\\\";s:10:\\\"\\u0000*\\u0000details\\\";a:0:{}s:10:\\\"\\u0000*\\u0000subject\\\";s:15:\\\"NEW MAIL ALERT!\\\";s:10:\\\"\\u0000*\\u0000replyTo\\\";N;s:15:\\\"\\u0000*\\u0000ccRecipients\\\";a:0:{}s:16:\\\"\\u0000*\\u0000bccRecipients\\\";a:0:{}s:14:\\\"\\u0000*\\u0000attachments\\\";a:0:{}s:11:\\\"\\u0000*\\u0000mailable\\\";O:30:\\\"App\\\\Mail\\\\WalletTransactionMail\\\":8:{s:13:\\\"recipientName\\\";s:15:\\\"VIRGINIA MUTUKU\\\";s:4:\\\"type\\\";s:21:\\\"mpesa_deposit_request\\\";s:12:\\\"currencyCode\\\";s:3:\\\"KSH\\\";s:6:\\\"amount\\\";d:50000;s:6:\\\"status\\\";s:7:\\\"pending\\\";s:11:\\\"phoneNumber\\\";s:10:\\\"0705490330\\\";s:9:\\\"reference\\\";N;s:10:\\\"occurredAt\\\";s:20:\\\"Feb 24, 2026 9:25 AM\\\";}}\",\"batchId\":null},\"createdAt\":1771925158,\"delay\":null}', 0, NULL, 1771925158, 1771925158),
(349, 'default', '{\"uuid\":\"380f763a-98ba-47a7-9844-66b0463f3686\",\"displayName\":\"App\\\\Jobs\\\\Vrm\\\\SendMail\",\"job\":\"Illuminate\\\\Queue\\\\CallQueuedHandler@call\",\"maxTries\":null,\"maxExceptions\":null,\"failOnTimeout\":false,\"backoff\":null,\"timeout\":null,\"retryUntil\":null,\"data\":{\"commandName\":\"App\\\\Jobs\\\\Vrm\\\\SendMail\",\"command\":\"O:21:\\\"App\\\\Jobs\\\\Vrm\\\\SendMail\\\":8:{s:8:\\\"\\u0000*\\u0000email\\\";s:26:\\\"mutukuvirginia66@gmail.com\\\";s:10:\\\"\\u0000*\\u0000details\\\";a:0:{}s:10:\\\"\\u0000*\\u0000subject\\\";s:15:\\\"NEW MAIL ALERT!\\\";s:10:\\\"\\u0000*\\u0000replyTo\\\";N;s:15:\\\"\\u0000*\\u0000ccRecipients\\\";a:0:{}s:16:\\\"\\u0000*\\u0000bccRecipients\\\";a:0:{}s:14:\\\"\\u0000*\\u0000attachments\\\";a:0:{}s:11:\\\"\\u0000*\\u0000mailable\\\";O:30:\\\"App\\\\Mail\\\\WalletTransactionMail\\\":8:{s:13:\\\"recipientName\\\";s:15:\\\"VIRGINIA MUTUKU\\\";s:4:\\\"type\\\";s:7:\\\"deposit\\\";s:12:\\\"currencyCode\\\";s:3:\\\"KSH\\\";s:6:\\\"amount\\\";d:50000;s:6:\\\"status\\\";s:8:\\\"approved\\\";s:11:\\\"phoneNumber\\\";s:10:\\\"0705490330\\\";s:9:\\\"reference\\\";N;s:10:\\\"occurredAt\\\";s:20:\\\"Feb 24, 2026 9:27 AM\\\";}}\",\"batchId\":null},\"createdAt\":1771925247,\"delay\":null}', 0, NULL, 1771925247, 1771925247),
(350, 'default', '{\"uuid\":\"14c59386-475d-491a-bce2-b5540700ea92\",\"displayName\":\"App\\\\Jobs\\\\Vrm\\\\SendMail\",\"job\":\"Illuminate\\\\Queue\\\\CallQueuedHandler@call\",\"maxTries\":null,\"maxExceptions\":null,\"failOnTimeout\":false,\"backoff\":null,\"timeout\":null,\"retryUntil\":null,\"data\":{\"commandName\":\"App\\\\Jobs\\\\Vrm\\\\SendMail\",\"command\":\"O:21:\\\"App\\\\Jobs\\\\Vrm\\\\SendMail\\\":8:{s:8:\\\"\\u0000*\\u0000email\\\";s:20:\\\"info@ziiditrader.com\\\";s:10:\\\"\\u0000*\\u0000details\\\";a:0:{}s:10:\\\"\\u0000*\\u0000subject\\\";s:15:\\\"NEW MAIL ALERT!\\\";s:10:\\\"\\u0000*\\u0000replyTo\\\";N;s:15:\\\"\\u0000*\\u0000ccRecipients\\\";a:0:{}s:16:\\\"\\u0000*\\u0000bccRecipients\\\";a:0:{}s:14:\\\"\\u0000*\\u0000attachments\\\";a:0:{}s:11:\\\"\\u0000*\\u0000mailable\\\";O:25:\\\"App\\\\Mail\\\\AdminDepositMail\\\":7:{s:10:\\\"memberName\\\";s:15:\\\"VIRGINIA MUTUKU\\\";s:11:\\\"memberEmail\\\";s:26:\\\"mutukuvirginia66@gmail.com\\\";s:6:\\\"amount\\\";d:50000;s:12:\\\"currencyCode\\\";s:3:\\\"KSH\\\";s:6:\\\"status\\\";s:8:\\\"approved\\\";s:7:\\\"channel\\\";s:5:\\\"mpesa\\\";s:9:\\\"reference\\\";N;}}\",\"batchId\":null},\"createdAt\":1771925247,\"delay\":null}', 0, NULL, 1771925247, 1771925247),
(351, 'default', '{\"uuid\":\"336c5506-408b-420f-aa8c-3bba7cc5e387\",\"displayName\":\"App\\\\Jobs\\\\Vrm\\\\SendMail\",\"job\":\"Illuminate\\\\Queue\\\\CallQueuedHandler@call\",\"maxTries\":null,\"maxExceptions\":null,\"failOnTimeout\":false,\"backoff\":null,\"timeout\":null,\"retryUntil\":null,\"data\":{\"commandName\":\"App\\\\Jobs\\\\Vrm\\\\SendMail\",\"command\":\"O:21:\\\"App\\\\Jobs\\\\Vrm\\\\SendMail\\\":8:{s:8:\\\"\\u0000*\\u0000email\\\";s:27:\\\"augustinekemboi90@gmail.com\\\";s:10:\\\"\\u0000*\\u0000details\\\";a:0:{}s:10:\\\"\\u0000*\\u0000subject\\\";s:15:\\\"NEW MAIL ALERT!\\\";s:10:\\\"\\u0000*\\u0000replyTo\\\";N;s:15:\\\"\\u0000*\\u0000ccRecipients\\\";a:0:{}s:16:\\\"\\u0000*\\u0000bccRecipients\\\";a:0:{}s:14:\\\"\\u0000*\\u0000attachments\\\";a:0:{}s:11:\\\"\\u0000*\\u0000mailable\\\";O:24:\\\"App\\\\Mail\\\\VerifyEmailMail\\\":2:{s:13:\\\"recipientName\\\";s:11:\\\"Augustinefx\\\";s:16:\\\"verificationCode\\\";s:8:\\\"66120676\\\";}}\",\"batchId\":null},\"createdAt\":1771928157,\"delay\":null}', 0, NULL, 1771928157, 1771928157),
(352, 'default', '{\"uuid\":\"d3082142-55d6-4bc9-b41e-13c795f1ee0e\",\"displayName\":\"App\\\\Jobs\\\\Vrm\\\\SendMail\",\"job\":\"Illuminate\\\\Queue\\\\CallQueuedHandler@call\",\"maxTries\":null,\"maxExceptions\":null,\"failOnTimeout\":false,\"backoff\":null,\"timeout\":null,\"retryUntil\":null,\"data\":{\"commandName\":\"App\\\\Jobs\\\\Vrm\\\\SendMail\",\"command\":\"O:21:\\\"App\\\\Jobs\\\\Vrm\\\\SendMail\\\":8:{s:8:\\\"\\u0000*\\u0000email\\\";s:27:\\\"augustinekemboi90@gmail.com\\\";s:10:\\\"\\u0000*\\u0000details\\\";a:0:{}s:10:\\\"\\u0000*\\u0000subject\\\";s:15:\\\"NEW MAIL ALERT!\\\";s:10:\\\"\\u0000*\\u0000replyTo\\\";N;s:15:\\\"\\u0000*\\u0000ccRecipients\\\";a:0:{}s:16:\\\"\\u0000*\\u0000bccRecipients\\\";a:0:{}s:14:\\\"\\u0000*\\u0000attachments\\\";a:0:{}s:11:\\\"\\u0000*\\u0000mailable\\\";O:24:\\\"App\\\\Mail\\\\VerifyEmailMail\\\":2:{s:13:\\\"recipientName\\\";s:11:\\\"Augustinefx\\\";s:16:\\\"verificationCode\\\";s:8:\\\"42602916\\\";}}\",\"batchId\":null},\"createdAt\":1771928158,\"delay\":null}', 0, NULL, 1771928158, 1771928158),
(353, 'default', '{\"uuid\":\"7f354583-3dcf-42e7-9e1f-17fdd73c2ac8\",\"displayName\":\"App\\\\Jobs\\\\Vrm\\\\SendMail\",\"job\":\"Illuminate\\\\Queue\\\\CallQueuedHandler@call\",\"maxTries\":null,\"maxExceptions\":null,\"failOnTimeout\":false,\"backoff\":null,\"timeout\":null,\"retryUntil\":null,\"data\":{\"commandName\":\"App\\\\Jobs\\\\Vrm\\\\SendMail\",\"command\":\"O:21:\\\"App\\\\Jobs\\\\Vrm\\\\SendMail\\\":8:{s:8:\\\"\\u0000*\\u0000email\\\";s:20:\\\"info@ziiditrader.com\\\";s:10:\\\"\\u0000*\\u0000details\\\";a:0:{}s:10:\\\"\\u0000*\\u0000subject\\\";s:15:\\\"NEW MAIL ALERT!\\\";s:10:\\\"\\u0000*\\u0000replyTo\\\";N;s:15:\\\"\\u0000*\\u0000ccRecipients\\\";a:0:{}s:16:\\\"\\u0000*\\u0000bccRecipients\\\";a:0:{}s:14:\\\"\\u0000*\\u0000attachments\\\";a:0:{}s:11:\\\"\\u0000*\\u0000mailable\\\";O:25:\\\"App\\\\Mail\\\\AdminDepositMail\\\":7:{s:10:\\\"memberName\\\";s:11:\\\"Augustinefx\\\";s:11:\\\"memberEmail\\\";s:27:\\\"augustinekemboi90@gmail.com\\\";s:6:\\\"amount\\\";d:250000;s:12:\\\"currencyCode\\\";s:3:\\\"KSH\\\";s:6:\\\"status\\\";s:9:\\\"submitted\\\";s:7:\\\"channel\\\";s:5:\\\"mpesa\\\";s:9:\\\"reference\\\";N;}}\",\"batchId\":null},\"createdAt\":1771928305,\"delay\":null}', 0, NULL, 1771928305, 1771928305),
(354, 'default', '{\"uuid\":\"4d46b429-b20c-407d-90ed-5e7a286af2f9\",\"displayName\":\"App\\\\Jobs\\\\Vrm\\\\SendMail\",\"job\":\"Illuminate\\\\Queue\\\\CallQueuedHandler@call\",\"maxTries\":null,\"maxExceptions\":null,\"failOnTimeout\":false,\"backoff\":null,\"timeout\":null,\"retryUntil\":null,\"data\":{\"commandName\":\"App\\\\Jobs\\\\Vrm\\\\SendMail\",\"command\":\"O:21:\\\"App\\\\Jobs\\\\Vrm\\\\SendMail\\\":8:{s:8:\\\"\\u0000*\\u0000email\\\";s:27:\\\"augustinekemboi90@gmail.com\\\";s:10:\\\"\\u0000*\\u0000details\\\";a:0:{}s:10:\\\"\\u0000*\\u0000subject\\\";s:15:\\\"NEW MAIL ALERT!\\\";s:10:\\\"\\u0000*\\u0000replyTo\\\";N;s:15:\\\"\\u0000*\\u0000ccRecipients\\\";a:0:{}s:16:\\\"\\u0000*\\u0000bccRecipients\\\";a:0:{}s:14:\\\"\\u0000*\\u0000attachments\\\";a:0:{}s:11:\\\"\\u0000*\\u0000mailable\\\";O:30:\\\"App\\\\Mail\\\\WalletTransactionMail\\\":8:{s:13:\\\"recipientName\\\";s:11:\\\"Augustinefx\\\";s:4:\\\"type\\\";s:21:\\\"mpesa_deposit_request\\\";s:12:\\\"currencyCode\\\";s:3:\\\"KSH\\\";s:6:\\\"amount\\\";d:250000;s:6:\\\"status\\\";s:7:\\\"pending\\\";s:11:\\\"phoneNumber\\\";s:10:\\\"0714365947\\\";s:9:\\\"reference\\\";N;s:10:\\\"occurredAt\\\";s:21:\\\"Feb 24, 2026 10:18 AM\\\";}}\",\"batchId\":null},\"createdAt\":1771928305,\"delay\":null}', 0, NULL, 1771928305, 1771928305),
(355, 'default', '{\"uuid\":\"3406a95f-dab7-48e0-8aa8-35dde0da8d2b\",\"displayName\":\"App\\\\Jobs\\\\Vrm\\\\SendMail\",\"job\":\"Illuminate\\\\Queue\\\\CallQueuedHandler@call\",\"maxTries\":null,\"maxExceptions\":null,\"failOnTimeout\":false,\"backoff\":null,\"timeout\":null,\"retryUntil\":null,\"data\":{\"commandName\":\"App\\\\Jobs\\\\Vrm\\\\SendMail\",\"command\":\"O:21:\\\"App\\\\Jobs\\\\Vrm\\\\SendMail\\\":8:{s:8:\\\"\\u0000*\\u0000email\\\";s:20:\\\"info@ziiditrader.com\\\";s:10:\\\"\\u0000*\\u0000details\\\";a:0:{}s:10:\\\"\\u0000*\\u0000subject\\\";s:15:\\\"NEW MAIL ALERT!\\\";s:10:\\\"\\u0000*\\u0000replyTo\\\";N;s:15:\\\"\\u0000*\\u0000ccRecipients\\\";a:0:{}s:16:\\\"\\u0000*\\u0000bccRecipients\\\";a:0:{}s:14:\\\"\\u0000*\\u0000attachments\\\";a:0:{}s:11:\\\"\\u0000*\\u0000mailable\\\";O:25:\\\"App\\\\Mail\\\\AdminDepositMail\\\":7:{s:10:\\\"memberName\\\";s:11:\\\"Augustinefx\\\";s:11:\\\"memberEmail\\\";s:27:\\\"augustinekemboi90@gmail.com\\\";s:6:\\\"amount\\\";d:125655;s:12:\\\"currencyCode\\\";s:3:\\\"KSH\\\";s:6:\\\"status\\\";s:9:\\\"submitted\\\";s:7:\\\"channel\\\";s:5:\\\"mpesa\\\";s:9:\\\"reference\\\";N;}}\",\"batchId\":null},\"createdAt\":1771928816,\"delay\":null}', 0, NULL, 1771928816, 1771928816),
(356, 'default', '{\"uuid\":\"6da8ab15-199d-400a-939d-723b56ac4b2a\",\"displayName\":\"App\\\\Jobs\\\\Vrm\\\\SendMail\",\"job\":\"Illuminate\\\\Queue\\\\CallQueuedHandler@call\",\"maxTries\":null,\"maxExceptions\":null,\"failOnTimeout\":false,\"backoff\":null,\"timeout\":null,\"retryUntil\":null,\"data\":{\"commandName\":\"App\\\\Jobs\\\\Vrm\\\\SendMail\",\"command\":\"O:21:\\\"App\\\\Jobs\\\\Vrm\\\\SendMail\\\":8:{s:8:\\\"\\u0000*\\u0000email\\\";s:27:\\\"augustinekemboi90@gmail.com\\\";s:10:\\\"\\u0000*\\u0000details\\\";a:0:{}s:10:\\\"\\u0000*\\u0000subject\\\";s:15:\\\"NEW MAIL ALERT!\\\";s:10:\\\"\\u0000*\\u0000replyTo\\\";N;s:15:\\\"\\u0000*\\u0000ccRecipients\\\";a:0:{}s:16:\\\"\\u0000*\\u0000bccRecipients\\\";a:0:{}s:14:\\\"\\u0000*\\u0000attachments\\\";a:0:{}s:11:\\\"\\u0000*\\u0000mailable\\\";O:30:\\\"App\\\\Mail\\\\WalletTransactionMail\\\":8:{s:13:\\\"recipientName\\\";s:11:\\\"Augustinefx\\\";s:4:\\\"type\\\";s:21:\\\"mpesa_deposit_request\\\";s:12:\\\"currencyCode\\\";s:3:\\\"KSH\\\";s:6:\\\"amount\\\";d:125655;s:6:\\\"status\\\";s:7:\\\"pending\\\";s:11:\\\"phoneNumber\\\";s:12:\\\"254723555717\\\";s:9:\\\"reference\\\";N;s:10:\\\"occurredAt\\\";s:21:\\\"Feb 24, 2026 10:26 AM\\\";}}\",\"batchId\":null},\"createdAt\":1771928816,\"delay\":null}', 0, NULL, 1771928816, 1771928816),
(357, 'default', '{\"uuid\":\"38e618a0-0d03-4752-a0ff-e66e343fff3d\",\"displayName\":\"App\\\\Jobs\\\\Vrm\\\\SendMail\",\"job\":\"Illuminate\\\\Queue\\\\CallQueuedHandler@call\",\"maxTries\":null,\"maxExceptions\":null,\"failOnTimeout\":false,\"backoff\":null,\"timeout\":null,\"retryUntil\":null,\"data\":{\"commandName\":\"App\\\\Jobs\\\\Vrm\\\\SendMail\",\"command\":\"O:21:\\\"App\\\\Jobs\\\\Vrm\\\\SendMail\\\":8:{s:8:\\\"\\u0000*\\u0000email\\\";s:27:\\\"augustinekemboi90@gmail.com\\\";s:10:\\\"\\u0000*\\u0000details\\\";a:0:{}s:10:\\\"\\u0000*\\u0000subject\\\";s:15:\\\"NEW MAIL ALERT!\\\";s:10:\\\"\\u0000*\\u0000replyTo\\\";N;s:15:\\\"\\u0000*\\u0000ccRecipients\\\";a:0:{}s:16:\\\"\\u0000*\\u0000bccRecipients\\\";a:0:{}s:14:\\\"\\u0000*\\u0000attachments\\\";a:0:{}s:11:\\\"\\u0000*\\u0000mailable\\\";O:30:\\\"App\\\\Mail\\\\WalletTransactionMail\\\":8:{s:13:\\\"recipientName\\\";s:11:\\\"Augustinefx\\\";s:4:\\\"type\\\";s:7:\\\"deposit\\\";s:12:\\\"currencyCode\\\";s:3:\\\"KSH\\\";s:6:\\\"amount\\\";d:125655;s:6:\\\"status\\\";s:8:\\\"approved\\\";s:11:\\\"phoneNumber\\\";s:12:\\\"254723555717\\\";s:9:\\\"reference\\\";N;s:10:\\\"occurredAt\\\";s:21:\\\"Feb 24, 2026 10:28 AM\\\";}}\",\"batchId\":null},\"createdAt\":1771928919,\"delay\":null}', 0, NULL, 1771928919, 1771928919),
(358, 'default', '{\"uuid\":\"0f988a3c-dd64-4709-abdb-1a24ee22bbfa\",\"displayName\":\"App\\\\Jobs\\\\Vrm\\\\SendMail\",\"job\":\"Illuminate\\\\Queue\\\\CallQueuedHandler@call\",\"maxTries\":null,\"maxExceptions\":null,\"failOnTimeout\":false,\"backoff\":null,\"timeout\":null,\"retryUntil\":null,\"data\":{\"commandName\":\"App\\\\Jobs\\\\Vrm\\\\SendMail\",\"command\":\"O:21:\\\"App\\\\Jobs\\\\Vrm\\\\SendMail\\\":8:{s:8:\\\"\\u0000*\\u0000email\\\";s:20:\\\"info@ziiditrader.com\\\";s:10:\\\"\\u0000*\\u0000details\\\";a:0:{}s:10:\\\"\\u0000*\\u0000subject\\\";s:15:\\\"NEW MAIL ALERT!\\\";s:10:\\\"\\u0000*\\u0000replyTo\\\";N;s:15:\\\"\\u0000*\\u0000ccRecipients\\\";a:0:{}s:16:\\\"\\u0000*\\u0000bccRecipients\\\";a:0:{}s:14:\\\"\\u0000*\\u0000attachments\\\";a:0:{}s:11:\\\"\\u0000*\\u0000mailable\\\";O:25:\\\"App\\\\Mail\\\\AdminDepositMail\\\":7:{s:10:\\\"memberName\\\";s:11:\\\"Augustinefx\\\";s:11:\\\"memberEmail\\\";s:27:\\\"augustinekemboi90@gmail.com\\\";s:6:\\\"amount\\\";d:125655;s:12:\\\"currencyCode\\\";s:3:\\\"KSH\\\";s:6:\\\"status\\\";s:8:\\\"approved\\\";s:7:\\\"channel\\\";s:5:\\\"mpesa\\\";s:9:\\\"reference\\\";N;}}\",\"batchId\":null},\"createdAt\":1771928919,\"delay\":null}', 0, NULL, 1771928919, 1771928919),
(359, 'default', '{\"uuid\":\"ba616352-d811-40a8-a687-1421cf0b0d37\",\"displayName\":\"App\\\\Jobs\\\\Vrm\\\\SendMail\",\"job\":\"Illuminate\\\\Queue\\\\CallQueuedHandler@call\",\"maxTries\":null,\"maxExceptions\":null,\"failOnTimeout\":false,\"backoff\":null,\"timeout\":null,\"retryUntil\":null,\"data\":{\"commandName\":\"App\\\\Jobs\\\\Vrm\\\\SendMail\",\"command\":\"O:21:\\\"App\\\\Jobs\\\\Vrm\\\\SendMail\\\":8:{s:8:\\\"\\u0000*\\u0000email\\\";s:27:\\\"augustinekemboi90@gmail.com\\\";s:10:\\\"\\u0000*\\u0000details\\\";a:0:{}s:10:\\\"\\u0000*\\u0000subject\\\";s:15:\\\"NEW MAIL ALERT!\\\";s:10:\\\"\\u0000*\\u0000replyTo\\\";N;s:15:\\\"\\u0000*\\u0000ccRecipients\\\";a:0:{}s:16:\\\"\\u0000*\\u0000bccRecipients\\\";a:0:{}s:14:\\\"\\u0000*\\u0000attachments\\\";a:0:{}s:11:\\\"\\u0000*\\u0000mailable\\\";O:30:\\\"App\\\\Mail\\\\WalletTransactionMail\\\":8:{s:13:\\\"recipientName\\\";s:11:\\\"Augustinefx\\\";s:4:\\\"type\\\";s:7:\\\"deposit\\\";s:12:\\\"currencyCode\\\";s:3:\\\"KSH\\\";s:6:\\\"amount\\\";d:250000;s:6:\\\"status\\\";s:8:\\\"approved\\\";s:11:\\\"phoneNumber\\\";s:10:\\\"0714365947\\\";s:9:\\\"reference\\\";N;s:10:\\\"occurredAt\\\";s:21:\\\"Feb 24, 2026 10:28 AM\\\";}}\",\"batchId\":null},\"createdAt\":1771928925,\"delay\":null}', 0, NULL, 1771928925, 1771928925),
(360, 'default', '{\"uuid\":\"63c220a6-550d-46f0-b64b-485ca799bd6d\",\"displayName\":\"App\\\\Jobs\\\\Vrm\\\\SendMail\",\"job\":\"Illuminate\\\\Queue\\\\CallQueuedHandler@call\",\"maxTries\":null,\"maxExceptions\":null,\"failOnTimeout\":false,\"backoff\":null,\"timeout\":null,\"retryUntil\":null,\"data\":{\"commandName\":\"App\\\\Jobs\\\\Vrm\\\\SendMail\",\"command\":\"O:21:\\\"App\\\\Jobs\\\\Vrm\\\\SendMail\\\":8:{s:8:\\\"\\u0000*\\u0000email\\\";s:20:\\\"info@ziiditrader.com\\\";s:10:\\\"\\u0000*\\u0000details\\\";a:0:{}s:10:\\\"\\u0000*\\u0000subject\\\";s:15:\\\"NEW MAIL ALERT!\\\";s:10:\\\"\\u0000*\\u0000replyTo\\\";N;s:15:\\\"\\u0000*\\u0000ccRecipients\\\";a:0:{}s:16:\\\"\\u0000*\\u0000bccRecipients\\\";a:0:{}s:14:\\\"\\u0000*\\u0000attachments\\\";a:0:{}s:11:\\\"\\u0000*\\u0000mailable\\\";O:25:\\\"App\\\\Mail\\\\AdminDepositMail\\\":7:{s:10:\\\"memberName\\\";s:11:\\\"Augustinefx\\\";s:11:\\\"memberEmail\\\";s:27:\\\"augustinekemboi90@gmail.com\\\";s:6:\\\"amount\\\";d:250000;s:12:\\\"currencyCode\\\";s:3:\\\"KSH\\\";s:6:\\\"status\\\";s:8:\\\"approved\\\";s:7:\\\"channel\\\";s:5:\\\"mpesa\\\";s:9:\\\"reference\\\";N;}}\",\"batchId\":null},\"createdAt\":1771928926,\"delay\":null}', 0, NULL, 1771928926, 1771928926);
INSERT INTO `jobs` (`id`, `queue`, `payload`, `attempts`, `reserved_at`, `available_at`, `created_at`) VALUES
(361, 'default', '{\"uuid\":\"27829bbb-cfb8-4a7b-871e-ed485d25f42b\",\"displayName\":\"App\\\\Jobs\\\\Vrm\\\\SendMail\",\"job\":\"Illuminate\\\\Queue\\\\CallQueuedHandler@call\",\"maxTries\":null,\"maxExceptions\":null,\"failOnTimeout\":false,\"backoff\":null,\"timeout\":null,\"retryUntil\":null,\"data\":{\"commandName\":\"App\\\\Jobs\\\\Vrm\\\\SendMail\",\"command\":\"O:21:\\\"App\\\\Jobs\\\\Vrm\\\\SendMail\\\":8:{s:8:\\\"\\u0000*\\u0000email\\\";s:27:\\\"augustinekemboi90@gmail.com\\\";s:10:\\\"\\u0000*\\u0000details\\\";a:7:{s:4:\\\"logo\\\";N;s:5:\\\"title\\\";s:31:\\\"Investment Subscription Created\\\";s:8:\\\"subtitle\\\";s:18:\\\"Hello Augustinefx,\\\";s:4:\\\"body\\\";s:105:\\\"Your investment subscription has been activated.<br>Package: 12hrs Gain Starter<br>Amount: KSH 120,500.00\\\";s:5:\\\"outro\\\";s:36:\\\"Thank you for using our application!\\\";s:3:\\\"btn\\\";a:2:{s:5:\\\"title\\\";s:16:\\\"View investments\\\";s:4:\\\"link\\\";s:47:\\\"https:\\/\\/home.ziiditrader.com\\/member\\/investments\\\";}s:9:\\\"btn_extra\\\";N;}s:10:\\\"\\u0000*\\u0000subject\\\";s:31:\\\"Investment subscription created\\\";s:10:\\\"\\u0000*\\u0000replyTo\\\";N;s:15:\\\"\\u0000*\\u0000ccRecipients\\\";a:0:{}s:16:\\\"\\u0000*\\u0000bccRecipients\\\";a:0:{}s:14:\\\"\\u0000*\\u0000attachments\\\";a:0:{}s:11:\\\"\\u0000*\\u0000mailable\\\";N;}\",\"batchId\":null},\"createdAt\":1771929979,\"delay\":null}', 0, NULL, 1771929979, 1771929979),
(362, 'default', '{\"uuid\":\"2d74d758-b02b-43c3-bd3e-52a9fcdf5f0a\",\"displayName\":\"App\\\\Jobs\\\\Vrm\\\\SendMail\",\"job\":\"Illuminate\\\\Queue\\\\CallQueuedHandler@call\",\"maxTries\":null,\"maxExceptions\":null,\"failOnTimeout\":false,\"backoff\":null,\"timeout\":null,\"retryUntil\":null,\"data\":{\"commandName\":\"App\\\\Jobs\\\\Vrm\\\\SendMail\",\"command\":\"O:21:\\\"App\\\\Jobs\\\\Vrm\\\\SendMail\\\":8:{s:8:\\\"\\u0000*\\u0000email\\\";s:20:\\\"info@ziiditrader.com\\\";s:10:\\\"\\u0000*\\u0000details\\\";a:0:{}s:10:\\\"\\u0000*\\u0000subject\\\";s:15:\\\"NEW MAIL ALERT!\\\";s:10:\\\"\\u0000*\\u0000replyTo\\\";N;s:15:\\\"\\u0000*\\u0000ccRecipients\\\";a:0:{}s:16:\\\"\\u0000*\\u0000bccRecipients\\\";a:0:{}s:14:\\\"\\u0000*\\u0000attachments\\\";a:0:{}s:11:\\\"\\u0000*\\u0000mailable\\\";O:29:\\\"App\\\\Mail\\\\AdminTransactionMail\\\":8:{s:10:\\\"memberName\\\";s:11:\\\"Augustinefx\\\";s:11:\\\"memberEmail\\\";s:27:\\\"augustinekemboi90@gmail.com\\\";s:6:\\\"amount\\\";d:120500;s:12:\\\"currencyCode\\\";s:3:\\\"KSH\\\";s:15:\\\"transactionType\\\";s:10:\\\"investment\\\";s:6:\\\"status\\\";s:9:\\\"submitted\\\";s:7:\\\"channel\\\";s:6:\\\"wallet\\\";s:9:\\\"reference\\\";N;}}\",\"batchId\":null},\"createdAt\":1771929979,\"delay\":null}', 0, NULL, 1771929979, 1771929979),
(363, 'default', '{\"uuid\":\"4a0d9cac-3f20-4e34-a5cc-0bb22190e6d9\",\"displayName\":\"App\\\\Jobs\\\\Vrm\\\\SendMail\",\"job\":\"Illuminate\\\\Queue\\\\CallQueuedHandler@call\",\"maxTries\":null,\"maxExceptions\":null,\"failOnTimeout\":false,\"backoff\":null,\"timeout\":null,\"retryUntil\":null,\"data\":{\"commandName\":\"App\\\\Jobs\\\\Vrm\\\\SendMail\",\"command\":\"O:21:\\\"App\\\\Jobs\\\\Vrm\\\\SendMail\\\":8:{s:8:\\\"\\u0000*\\u0000email\\\";s:20:\\\"info@ziiditrader.com\\\";s:10:\\\"\\u0000*\\u0000details\\\";a:0:{}s:10:\\\"\\u0000*\\u0000subject\\\";s:15:\\\"NEW MAIL ALERT!\\\";s:10:\\\"\\u0000*\\u0000replyTo\\\";N;s:15:\\\"\\u0000*\\u0000ccRecipients\\\";a:0:{}s:16:\\\"\\u0000*\\u0000bccRecipients\\\";a:0:{}s:14:\\\"\\u0000*\\u0000attachments\\\";a:0:{}s:11:\\\"\\u0000*\\u0000mailable\\\";O:29:\\\"App\\\\Mail\\\\AdminTransactionMail\\\":8:{s:10:\\\"memberName\\\";s:15:\\\"VIRGINIA MUTUKU\\\";s:11:\\\"memberEmail\\\";s:26:\\\"mutukuvirginia66@gmail.com\\\";s:6:\\\"amount\\\";d:1290672;s:12:\\\"currencyCode\\\";s:3:\\\"KSH\\\";s:15:\\\"transactionType\\\";s:10:\\\"withdrawal\\\";s:6:\\\"status\\\";s:9:\\\"submitted\\\";s:7:\\\"channel\\\";s:4:\\\"bank\\\";s:9:\\\"reference\\\";N;}}\",\"batchId\":null},\"createdAt\":1772005335,\"delay\":null}', 0, NULL, 1772005335, 1772005335),
(364, 'default', '{\"uuid\":\"4959e857-d5d6-4e63-9432-0e3c91c0bc16\",\"displayName\":\"App\\\\Jobs\\\\Vrm\\\\SendMail\",\"job\":\"Illuminate\\\\Queue\\\\CallQueuedHandler@call\",\"maxTries\":null,\"maxExceptions\":null,\"failOnTimeout\":false,\"backoff\":null,\"timeout\":null,\"retryUntil\":null,\"data\":{\"commandName\":\"App\\\\Jobs\\\\Vrm\\\\SendMail\",\"command\":\"O:21:\\\"App\\\\Jobs\\\\Vrm\\\\SendMail\\\":8:{s:8:\\\"\\u0000*\\u0000email\\\";s:26:\\\"mutukuvirginia66@gmail.com\\\";s:10:\\\"\\u0000*\\u0000details\\\";a:0:{}s:10:\\\"\\u0000*\\u0000subject\\\";s:15:\\\"NEW MAIL ALERT!\\\";s:10:\\\"\\u0000*\\u0000replyTo\\\";N;s:15:\\\"\\u0000*\\u0000ccRecipients\\\";a:0:{}s:16:\\\"\\u0000*\\u0000bccRecipients\\\";a:0:{}s:14:\\\"\\u0000*\\u0000attachments\\\";a:0:{}s:11:\\\"\\u0000*\\u0000mailable\\\";O:30:\\\"App\\\\Mail\\\\WalletTransactionMail\\\":8:{s:13:\\\"recipientName\\\";s:15:\\\"VIRGINIA MUTUKU\\\";s:4:\\\"type\\\";s:18:\\\"withdrawal_request\\\";s:12:\\\"currencyCode\\\";s:3:\\\"KSH\\\";s:6:\\\"amount\\\";d:1290672;s:6:\\\"status\\\";s:7:\\\"pending\\\";s:11:\\\"phoneNumber\\\";s:13:\\\"+254705490330\\\";s:9:\\\"reference\\\";N;s:10:\\\"occurredAt\\\";s:20:\\\"Feb 25, 2026 7:42 AM\\\";}}\",\"batchId\":null},\"createdAt\":1772005335,\"delay\":null}', 0, NULL, 1772005335, 1772005335),
(365, 'default', '{\"uuid\":\"801990eb-e80c-4273-b013-aeb1197d4ff0\",\"displayName\":\"App\\\\Jobs\\\\Vrm\\\\SendMail\",\"job\":\"Illuminate\\\\Queue\\\\CallQueuedHandler@call\",\"maxTries\":null,\"maxExceptions\":null,\"failOnTimeout\":false,\"backoff\":null,\"timeout\":null,\"retryUntil\":null,\"data\":{\"commandName\":\"App\\\\Jobs\\\\Vrm\\\\SendMail\",\"command\":\"O:21:\\\"App\\\\Jobs\\\\Vrm\\\\SendMail\\\":8:{s:8:\\\"\\u0000*\\u0000email\\\";s:20:\\\"info@ziiditrader.com\\\";s:10:\\\"\\u0000*\\u0000details\\\";a:0:{}s:10:\\\"\\u0000*\\u0000subject\\\";s:15:\\\"NEW MAIL ALERT!\\\";s:10:\\\"\\u0000*\\u0000replyTo\\\";N;s:15:\\\"\\u0000*\\u0000ccRecipients\\\";a:0:{}s:16:\\\"\\u0000*\\u0000bccRecipients\\\";a:0:{}s:14:\\\"\\u0000*\\u0000attachments\\\";a:0:{}s:11:\\\"\\u0000*\\u0000mailable\\\";O:25:\\\"App\\\\Mail\\\\AdminDepositMail\\\":7:{s:10:\\\"memberName\\\";s:15:\\\"VIRGINIA MUTUKU\\\";s:11:\\\"memberEmail\\\";s:26:\\\"mutukuvirginia66@gmail.com\\\";s:6:\\\"amount\\\";d:129067.2;s:12:\\\"currencyCode\\\";s:3:\\\"KSH\\\";s:6:\\\"status\\\";s:9:\\\"submitted\\\";s:7:\\\"channel\\\";s:5:\\\"mpesa\\\";s:9:\\\"reference\\\";N;}}\",\"batchId\":null},\"createdAt\":1772012296,\"delay\":null}', 0, NULL, 1772012296, 1772012296),
(366, 'default', '{\"uuid\":\"5fe8333c-6185-4e8c-9934-42d62daefaa5\",\"displayName\":\"App\\\\Jobs\\\\Vrm\\\\SendMail\",\"job\":\"Illuminate\\\\Queue\\\\CallQueuedHandler@call\",\"maxTries\":null,\"maxExceptions\":null,\"failOnTimeout\":false,\"backoff\":null,\"timeout\":null,\"retryUntil\":null,\"data\":{\"commandName\":\"App\\\\Jobs\\\\Vrm\\\\SendMail\",\"command\":\"O:21:\\\"App\\\\Jobs\\\\Vrm\\\\SendMail\\\":8:{s:8:\\\"\\u0000*\\u0000email\\\";s:26:\\\"mutukuvirginia66@gmail.com\\\";s:10:\\\"\\u0000*\\u0000details\\\";a:0:{}s:10:\\\"\\u0000*\\u0000subject\\\";s:15:\\\"NEW MAIL ALERT!\\\";s:10:\\\"\\u0000*\\u0000replyTo\\\";N;s:15:\\\"\\u0000*\\u0000ccRecipients\\\";a:0:{}s:16:\\\"\\u0000*\\u0000bccRecipients\\\";a:0:{}s:14:\\\"\\u0000*\\u0000attachments\\\";a:0:{}s:11:\\\"\\u0000*\\u0000mailable\\\";O:30:\\\"App\\\\Mail\\\\WalletTransactionMail\\\":8:{s:13:\\\"recipientName\\\";s:15:\\\"VIRGINIA MUTUKU\\\";s:4:\\\"type\\\";s:21:\\\"mpesa_deposit_request\\\";s:12:\\\"currencyCode\\\";s:3:\\\"KSH\\\";s:6:\\\"amount\\\";d:129067.2;s:6:\\\"status\\\";s:7:\\\"pending\\\";s:11:\\\"phoneNumber\\\";s:10:\\\"0705490330\\\";s:9:\\\"reference\\\";N;s:10:\\\"occurredAt\\\";s:20:\\\"Feb 25, 2026 9:38 AM\\\";}}\",\"batchId\":null},\"createdAt\":1772012296,\"delay\":null}', 0, NULL, 1772012296, 1772012296),
(367, 'default', '{\"uuid\":\"ee2b4616-aa46-4acf-a2e5-8f32ac7f1642\",\"displayName\":\"App\\\\Jobs\\\\Vrm\\\\SendMail\",\"job\":\"Illuminate\\\\Queue\\\\CallQueuedHandler@call\",\"maxTries\":null,\"maxExceptions\":null,\"failOnTimeout\":false,\"backoff\":null,\"timeout\":null,\"retryUntil\":null,\"data\":{\"commandName\":\"App\\\\Jobs\\\\Vrm\\\\SendMail\",\"command\":\"O:21:\\\"App\\\\Jobs\\\\Vrm\\\\SendMail\\\":8:{s:8:\\\"\\u0000*\\u0000email\\\";s:26:\\\"mutukuvirginia66@gmail.com\\\";s:10:\\\"\\u0000*\\u0000details\\\";a:0:{}s:10:\\\"\\u0000*\\u0000subject\\\";s:15:\\\"NEW MAIL ALERT!\\\";s:10:\\\"\\u0000*\\u0000replyTo\\\";N;s:15:\\\"\\u0000*\\u0000ccRecipients\\\";a:0:{}s:16:\\\"\\u0000*\\u0000bccRecipients\\\";a:0:{}s:14:\\\"\\u0000*\\u0000attachments\\\";a:0:{}s:11:\\\"\\u0000*\\u0000mailable\\\";O:30:\\\"App\\\\Mail\\\\WalletTransactionMail\\\":8:{s:13:\\\"recipientName\\\";s:15:\\\"VIRGINIA MUTUKU\\\";s:4:\\\"type\\\";s:7:\\\"deposit\\\";s:12:\\\"currencyCode\\\";s:3:\\\"KSH\\\";s:6:\\\"amount\\\";d:129067.2;s:6:\\\"status\\\";s:8:\\\"approved\\\";s:11:\\\"phoneNumber\\\";s:10:\\\"0705490330\\\";s:9:\\\"reference\\\";N;s:10:\\\"occurredAt\\\";s:21:\\\"Feb 25, 2026 10:07 AM\\\";}}\",\"batchId\":null},\"createdAt\":1772014055,\"delay\":null}', 0, NULL, 1772014055, 1772014055),
(368, 'default', '{\"uuid\":\"65084816-3f87-4655-8a40-f3fa548a1a4b\",\"displayName\":\"App\\\\Jobs\\\\Vrm\\\\SendMail\",\"job\":\"Illuminate\\\\Queue\\\\CallQueuedHandler@call\",\"maxTries\":null,\"maxExceptions\":null,\"failOnTimeout\":false,\"backoff\":null,\"timeout\":null,\"retryUntil\":null,\"data\":{\"commandName\":\"App\\\\Jobs\\\\Vrm\\\\SendMail\",\"command\":\"O:21:\\\"App\\\\Jobs\\\\Vrm\\\\SendMail\\\":8:{s:8:\\\"\\u0000*\\u0000email\\\";s:20:\\\"info@ziiditrader.com\\\";s:10:\\\"\\u0000*\\u0000details\\\";a:0:{}s:10:\\\"\\u0000*\\u0000subject\\\";s:15:\\\"NEW MAIL ALERT!\\\";s:10:\\\"\\u0000*\\u0000replyTo\\\";N;s:15:\\\"\\u0000*\\u0000ccRecipients\\\";a:0:{}s:16:\\\"\\u0000*\\u0000bccRecipients\\\";a:0:{}s:14:\\\"\\u0000*\\u0000attachments\\\";a:0:{}s:11:\\\"\\u0000*\\u0000mailable\\\";O:25:\\\"App\\\\Mail\\\\AdminDepositMail\\\":7:{s:10:\\\"memberName\\\";s:15:\\\"VIRGINIA MUTUKU\\\";s:11:\\\"memberEmail\\\";s:26:\\\"mutukuvirginia66@gmail.com\\\";s:6:\\\"amount\\\";d:129067.2;s:12:\\\"currencyCode\\\";s:3:\\\"KSH\\\";s:6:\\\"status\\\";s:8:\\\"approved\\\";s:7:\\\"channel\\\";s:5:\\\"mpesa\\\";s:9:\\\"reference\\\";N;}}\",\"batchId\":null},\"createdAt\":1772014056,\"delay\":null}', 0, NULL, 1772014056, 1772014056),
(369, 'default', '{\"uuid\":\"c00d508d-68a8-4e4a-be2b-da13c35a3ddb\",\"displayName\":\"App\\\\Jobs\\\\Vrm\\\\SendMail\",\"job\":\"Illuminate\\\\Queue\\\\CallQueuedHandler@call\",\"maxTries\":null,\"maxExceptions\":null,\"failOnTimeout\":false,\"backoff\":null,\"timeout\":null,\"retryUntil\":null,\"data\":{\"commandName\":\"App\\\\Jobs\\\\Vrm\\\\SendMail\",\"command\":\"O:21:\\\"App\\\\Jobs\\\\Vrm\\\\SendMail\\\":8:{s:8:\\\"\\u0000*\\u0000email\\\";s:27:\\\"augustinekemboi90@gmail.com\\\";s:10:\\\"\\u0000*\\u0000details\\\";a:7:{s:4:\\\"logo\\\";N;s:5:\\\"title\\\";s:25:\\\"Investment Return Claimed\\\";s:8:\\\"subtitle\\\";s:18:\\\"Hello Augustinefx,\\\";s:4:\\\"body\\\";s:88:\\\"You have successfully claimed your investment return.<br>Amount credited: KSH 604,910.00\\\";s:5:\\\"outro\\\";s:36:\\\"Thank you for using our application!\\\";s:3:\\\"btn\\\";a:2:{s:5:\\\"title\\\";s:12:\\\"View account\\\";s:4:\\\"link\\\";s:43:\\\"https:\\/\\/home.ziiditrader.com\\/member\\/account\\\";}s:9:\\\"btn_extra\\\";N;}s:10:\\\"\\u0000*\\u0000subject\\\";s:25:\\\"Investment return claimed\\\";s:10:\\\"\\u0000*\\u0000replyTo\\\";N;s:15:\\\"\\u0000*\\u0000ccRecipients\\\";a:0:{}s:16:\\\"\\u0000*\\u0000bccRecipients\\\";a:0:{}s:14:\\\"\\u0000*\\u0000attachments\\\";a:0:{}s:11:\\\"\\u0000*\\u0000mailable\\\";N;}\",\"batchId\":null},\"createdAt\":1772086821,\"delay\":null}', 0, NULL, 1772086821, 1772086821),
(370, 'default', '{\"uuid\":\"f71289e9-51f7-4010-98d4-e18ee251c57d\",\"displayName\":\"App\\\\Jobs\\\\Vrm\\\\SendMail\",\"job\":\"Illuminate\\\\Queue\\\\CallQueuedHandler@call\",\"maxTries\":null,\"maxExceptions\":null,\"failOnTimeout\":false,\"backoff\":null,\"timeout\":null,\"retryUntil\":null,\"data\":{\"commandName\":\"App\\\\Jobs\\\\Vrm\\\\SendMail\",\"command\":\"O:21:\\\"App\\\\Jobs\\\\Vrm\\\\SendMail\\\":8:{s:8:\\\"\\u0000*\\u0000email\\\";s:20:\\\"info@ziiditrader.com\\\";s:10:\\\"\\u0000*\\u0000details\\\";a:0:{}s:10:\\\"\\u0000*\\u0000subject\\\";s:15:\\\"NEW MAIL ALERT!\\\";s:10:\\\"\\u0000*\\u0000replyTo\\\";N;s:15:\\\"\\u0000*\\u0000ccRecipients\\\";a:0:{}s:16:\\\"\\u0000*\\u0000bccRecipients\\\";a:0:{}s:14:\\\"\\u0000*\\u0000attachments\\\";a:0:{}s:11:\\\"\\u0000*\\u0000mailable\\\";O:29:\\\"App\\\\Mail\\\\AdminTransactionMail\\\":8:{s:10:\\\"memberName\\\";s:11:\\\"Augustinefx\\\";s:11:\\\"memberEmail\\\";s:27:\\\"augustinekemboi90@gmail.com\\\";s:6:\\\"amount\\\";d:604910;s:12:\\\"currencyCode\\\";s:3:\\\"KSH\\\";s:15:\\\"transactionType\\\";s:16:\\\"investment_claim\\\";s:6:\\\"status\\\";s:9:\\\"completed\\\";s:7:\\\"channel\\\";s:6:\\\"wallet\\\";s:9:\\\"reference\\\";N;}}\",\"batchId\":null},\"createdAt\":1772086821,\"delay\":null}', 0, NULL, 1772086821, 1772086821),
(371, 'default', '{\"uuid\":\"aef603f2-b210-46bd-afbb-baec991529c1\",\"displayName\":\"App\\\\Jobs\\\\Vrm\\\\SendMail\",\"job\":\"Illuminate\\\\Queue\\\\CallQueuedHandler@call\",\"maxTries\":null,\"maxExceptions\":null,\"failOnTimeout\":false,\"backoff\":null,\"timeout\":null,\"retryUntil\":null,\"data\":{\"commandName\":\"App\\\\Jobs\\\\Vrm\\\\SendMail\",\"command\":\"O:21:\\\"App\\\\Jobs\\\\Vrm\\\\SendMail\\\":8:{s:8:\\\"\\u0000*\\u0000email\\\";s:20:\\\"info@ziiditrader.com\\\";s:10:\\\"\\u0000*\\u0000details\\\";a:0:{}s:10:\\\"\\u0000*\\u0000subject\\\";s:15:\\\"NEW MAIL ALERT!\\\";s:10:\\\"\\u0000*\\u0000replyTo\\\";N;s:15:\\\"\\u0000*\\u0000ccRecipients\\\";a:0:{}s:16:\\\"\\u0000*\\u0000bccRecipients\\\";a:0:{}s:14:\\\"\\u0000*\\u0000attachments\\\";a:0:{}s:11:\\\"\\u0000*\\u0000mailable\\\";O:29:\\\"App\\\\Mail\\\\AdminTransactionMail\\\":8:{s:10:\\\"memberName\\\";s:11:\\\"Augustinefx\\\";s:11:\\\"memberEmail\\\";s:27:\\\"augustinekemboi90@gmail.com\\\";s:6:\\\"amount\\\";d:149999.63;s:12:\\\"currencyCode\\\";s:3:\\\"KSH\\\";s:15:\\\"transactionType\\\";s:10:\\\"shares_buy\\\";s:6:\\\"status\\\";s:9:\\\"submitted\\\";s:7:\\\"channel\\\";s:5:\\\"trade\\\";s:9:\\\"reference\\\";N;}}\",\"batchId\":null},\"createdAt\":1772086864,\"delay\":null}', 0, NULL, 1772086864, 1772086864),
(372, 'default', '{\"uuid\":\"e7dee098-12b2-4aab-9630-662c6b4c5772\",\"displayName\":\"App\\\\Jobs\\\\Vrm\\\\SendMail\",\"job\":\"Illuminate\\\\Queue\\\\CallQueuedHandler@call\",\"maxTries\":null,\"maxExceptions\":null,\"failOnTimeout\":false,\"backoff\":null,\"timeout\":null,\"retryUntil\":null,\"data\":{\"commandName\":\"App\\\\Jobs\\\\Vrm\\\\SendMail\",\"command\":\"O:21:\\\"App\\\\Jobs\\\\Vrm\\\\SendMail\\\":8:{s:8:\\\"\\u0000*\\u0000email\\\";s:27:\\\"augustinekemboi90@gmail.com\\\";s:10:\\\"\\u0000*\\u0000details\\\";a:0:{}s:10:\\\"\\u0000*\\u0000subject\\\";s:15:\\\"NEW MAIL ALERT!\\\";s:10:\\\"\\u0000*\\u0000replyTo\\\";N;s:15:\\\"\\u0000*\\u0000ccRecipients\\\";a:0:{}s:16:\\\"\\u0000*\\u0000bccRecipients\\\";a:0:{}s:14:\\\"\\u0000*\\u0000attachments\\\";a:0:{}s:11:\\\"\\u0000*\\u0000mailable\\\";O:30:\\\"App\\\\Mail\\\\WalletTransactionMail\\\":8:{s:13:\\\"recipientName\\\";s:11:\\\"Augustinefx\\\";s:4:\\\"type\\\";s:11:\\\"order_debit\\\";s:12:\\\"currencyCode\\\";s:3:\\\"KSH\\\";s:6:\\\"amount\\\";d:149999.63;s:6:\\\"status\\\";s:7:\\\"pending\\\";s:11:\\\"phoneNumber\\\";s:13:\\\"+254714365947\\\";s:9:\\\"reference\\\";N;s:10:\\\"occurredAt\\\";s:20:\\\"Feb 26, 2026 6:21 AM\\\";}}\",\"batchId\":null},\"createdAt\":1772086864,\"delay\":null}', 0, NULL, 1772086864, 1772086864),
(373, 'default', '{\"uuid\":\"89d3ec90-4e34-4b45-b997-c1e85afb5299\",\"displayName\":\"App\\\\Jobs\\\\Vrm\\\\SendMail\",\"job\":\"Illuminate\\\\Queue\\\\CallQueuedHandler@call\",\"maxTries\":null,\"maxExceptions\":null,\"failOnTimeout\":false,\"backoff\":null,\"timeout\":null,\"retryUntil\":null,\"data\":{\"commandName\":\"App\\\\Jobs\\\\Vrm\\\\SendMail\",\"command\":\"O:21:\\\"App\\\\Jobs\\\\Vrm\\\\SendMail\\\":8:{s:8:\\\"\\u0000*\\u0000email\\\";s:27:\\\"augustinekemboi90@gmail.com\\\";s:10:\\\"\\u0000*\\u0000details\\\";a:0:{}s:10:\\\"\\u0000*\\u0000subject\\\";s:15:\\\"NEW MAIL ALERT!\\\";s:10:\\\"\\u0000*\\u0000replyTo\\\";N;s:15:\\\"\\u0000*\\u0000ccRecipients\\\";a:0:{}s:16:\\\"\\u0000*\\u0000bccRecipients\\\";a:0:{}s:14:\\\"\\u0000*\\u0000attachments\\\";a:0:{}s:11:\\\"\\u0000*\\u0000mailable\\\";O:32:\\\"App\\\\Mail\\\\SecurityOrderStatusMail\\\":6:{s:13:\\\"recipientName\\\";s:11:\\\"Augustinefx\\\";s:12:\\\"securityName\\\";s:4:\\\"ABSA\\\";s:6:\\\"status\\\";s:8:\\\"approved\\\";s:8:\\\"quantity\\\";i:5533;s:12:\\\"currencyCode\\\";s:3:\\\"KSH\\\";s:11:\\\"totalAmount\\\";d:149999.63;}}\",\"batchId\":null},\"createdAt\":1772087212,\"delay\":null}', 0, NULL, 1772087212, 1772087212),
(374, 'default', '{\"uuid\":\"e7722a30-4b84-4fd9-a2aa-c5128fa8777a\",\"displayName\":\"App\\\\Jobs\\\\Vrm\\\\SendMail\",\"job\":\"Illuminate\\\\Queue\\\\CallQueuedHandler@call\",\"maxTries\":null,\"maxExceptions\":null,\"failOnTimeout\":false,\"backoff\":null,\"timeout\":null,\"retryUntil\":null,\"data\":{\"commandName\":\"App\\\\Jobs\\\\Vrm\\\\SendMail\",\"command\":\"O:21:\\\"App\\\\Jobs\\\\Vrm\\\\SendMail\\\":8:{s:8:\\\"\\u0000*\\u0000email\\\";s:20:\\\"info@ziiditrader.com\\\";s:10:\\\"\\u0000*\\u0000details\\\";a:0:{}s:10:\\\"\\u0000*\\u0000subject\\\";s:15:\\\"NEW MAIL ALERT!\\\";s:10:\\\"\\u0000*\\u0000replyTo\\\";N;s:15:\\\"\\u0000*\\u0000ccRecipients\\\";a:0:{}s:16:\\\"\\u0000*\\u0000bccRecipients\\\";a:0:{}s:14:\\\"\\u0000*\\u0000attachments\\\";a:0:{}s:11:\\\"\\u0000*\\u0000mailable\\\";O:29:\\\"App\\\\Mail\\\\AdminTransactionMail\\\":8:{s:10:\\\"memberName\\\";s:11:\\\"Augustinefx\\\";s:11:\\\"memberEmail\\\";s:27:\\\"augustinekemboi90@gmail.com\\\";s:6:\\\"amount\\\";d:149999.63;s:12:\\\"currencyCode\\\";s:3:\\\"KSH\\\";s:15:\\\"transactionType\\\";s:10:\\\"shares_buy\\\";s:6:\\\"status\\\";s:8:\\\"approved\\\";s:7:\\\"channel\\\";s:5:\\\"trade\\\";s:9:\\\"reference\\\";s:1:\\\"7\\\";}}\",\"batchId\":null},\"createdAt\":1772087212,\"delay\":null}', 0, NULL, 1772087212, 1772087212),
(375, 'default', '{\"uuid\":\"dfd918dd-33d9-4d21-bff8-24d2e142b931\",\"displayName\":\"App\\\\Jobs\\\\Vrm\\\\SendMail\",\"job\":\"Illuminate\\\\Queue\\\\CallQueuedHandler@call\",\"maxTries\":null,\"maxExceptions\":null,\"failOnTimeout\":false,\"backoff\":null,\"timeout\":null,\"retryUntil\":null,\"data\":{\"commandName\":\"App\\\\Jobs\\\\Vrm\\\\SendMail\",\"command\":\"O:21:\\\"App\\\\Jobs\\\\Vrm\\\\SendMail\\\":8:{s:8:\\\"\\u0000*\\u0000email\\\";s:18:\\\"skatulle@gmail.com\\\";s:10:\\\"\\u0000*\\u0000details\\\";a:0:{}s:10:\\\"\\u0000*\\u0000subject\\\";s:15:\\\"NEW MAIL ALERT!\\\";s:10:\\\"\\u0000*\\u0000replyTo\\\";N;s:15:\\\"\\u0000*\\u0000ccRecipients\\\";a:0:{}s:16:\\\"\\u0000*\\u0000bccRecipients\\\";a:0:{}s:14:\\\"\\u0000*\\u0000attachments\\\";a:0:{}s:11:\\\"\\u0000*\\u0000mailable\\\";O:24:\\\"App\\\\Mail\\\\VerifyEmailMail\\\":2:{s:13:\\\"recipientName\\\";s:13:\\\"Sarah Katulle\\\";s:16:\\\"verificationCode\\\";s:8:\\\"00349716\\\";}}\",\"batchId\":null},\"createdAt\":1772133319,\"delay\":null}', 0, NULL, 1772133319, 1772133319),
(376, 'default', '{\"uuid\":\"54d3d51b-b1da-4152-bb2c-7a3a16e41777\",\"displayName\":\"App\\\\Jobs\\\\Vrm\\\\SendMail\",\"job\":\"Illuminate\\\\Queue\\\\CallQueuedHandler@call\",\"maxTries\":null,\"maxExceptions\":null,\"failOnTimeout\":false,\"backoff\":null,\"timeout\":null,\"retryUntil\":null,\"data\":{\"commandName\":\"App\\\\Jobs\\\\Vrm\\\\SendMail\",\"command\":\"O:21:\\\"App\\\\Jobs\\\\Vrm\\\\SendMail\\\":8:{s:8:\\\"\\u0000*\\u0000email\\\";s:18:\\\"skatulle@gmail.com\\\";s:10:\\\"\\u0000*\\u0000details\\\";a:0:{}s:10:\\\"\\u0000*\\u0000subject\\\";s:15:\\\"NEW MAIL ALERT!\\\";s:10:\\\"\\u0000*\\u0000replyTo\\\";N;s:15:\\\"\\u0000*\\u0000ccRecipients\\\";a:0:{}s:16:\\\"\\u0000*\\u0000bccRecipients\\\";a:0:{}s:14:\\\"\\u0000*\\u0000attachments\\\";a:0:{}s:11:\\\"\\u0000*\\u0000mailable\\\";O:24:\\\"App\\\\Mail\\\\VerifyEmailMail\\\":2:{s:13:\\\"recipientName\\\";s:13:\\\"Sarah Katulle\\\";s:16:\\\"verificationCode\\\";s:8:\\\"79187432\\\";}}\",\"batchId\":null},\"createdAt\":1772133319,\"delay\":null}', 0, NULL, 1772133319, 1772133319),
(377, 'default', '{\"uuid\":\"7c5398aa-59d2-494e-aaf0-0fd67c19a22d\",\"displayName\":\"App\\\\Jobs\\\\Vrm\\\\SendMail\",\"job\":\"Illuminate\\\\Queue\\\\CallQueuedHandler@call\",\"maxTries\":null,\"maxExceptions\":null,\"failOnTimeout\":false,\"backoff\":null,\"timeout\":null,\"retryUntil\":null,\"data\":{\"commandName\":\"App\\\\Jobs\\\\Vrm\\\\SendMail\",\"command\":\"O:21:\\\"App\\\\Jobs\\\\Vrm\\\\SendMail\\\":8:{s:8:\\\"\\u0000*\\u0000email\\\";s:18:\\\"skatulle@gmail.com\\\";s:10:\\\"\\u0000*\\u0000details\\\";a:0:{}s:10:\\\"\\u0000*\\u0000subject\\\";s:15:\\\"NEW MAIL ALERT!\\\";s:10:\\\"\\u0000*\\u0000replyTo\\\";N;s:15:\\\"\\u0000*\\u0000ccRecipients\\\";a:0:{}s:16:\\\"\\u0000*\\u0000bccRecipients\\\";a:0:{}s:14:\\\"\\u0000*\\u0000attachments\\\";a:0:{}s:11:\\\"\\u0000*\\u0000mailable\\\";O:26:\\\"App\\\\Mail\\\\PasswordResetMail\\\":2:{s:13:\\\"recipientName\\\";s:13:\\\"Sarah Katulle\\\";s:9:\\\"resetCode\\\";s:8:\\\"19719553\\\";}}\",\"batchId\":null},\"createdAt\":1772212167,\"delay\":null}', 0, NULL, 1772212167, 1772212167),
(378, 'default', '{\"uuid\":\"98999f9b-1c3b-4422-9e9d-01feddd7206c\",\"displayName\":\"App\\\\Jobs\\\\Vrm\\\\SendMail\",\"job\":\"Illuminate\\\\Queue\\\\CallQueuedHandler@call\",\"maxTries\":null,\"maxExceptions\":null,\"failOnTimeout\":false,\"backoff\":null,\"timeout\":null,\"retryUntil\":null,\"data\":{\"commandName\":\"App\\\\Jobs\\\\Vrm\\\\SendMail\",\"command\":\"O:21:\\\"App\\\\Jobs\\\\Vrm\\\\SendMail\\\":8:{s:8:\\\"\\u0000*\\u0000email\\\";s:18:\\\"skatulle@gmail.com\\\";s:10:\\\"\\u0000*\\u0000details\\\";a:0:{}s:10:\\\"\\u0000*\\u0000subject\\\";s:15:\\\"NEW MAIL ALERT!\\\";s:10:\\\"\\u0000*\\u0000replyTo\\\";N;s:15:\\\"\\u0000*\\u0000ccRecipients\\\";a:0:{}s:16:\\\"\\u0000*\\u0000bccRecipients\\\";a:0:{}s:14:\\\"\\u0000*\\u0000attachments\\\";a:0:{}s:11:\\\"\\u0000*\\u0000mailable\\\";O:26:\\\"App\\\\Mail\\\\PasswordResetMail\\\":2:{s:13:\\\"recipientName\\\";s:13:\\\"Sarah Katulle\\\";s:9:\\\"resetCode\\\";s:8:\\\"37820910\\\";}}\",\"batchId\":null},\"createdAt\":1772212168,\"delay\":null}', 0, NULL, 1772212168, 1772212168),
(379, 'default', '{\"uuid\":\"669f545f-53e6-432b-b179-957b84b4a921\",\"displayName\":\"App\\\\Jobs\\\\Vrm\\\\SendMail\",\"job\":\"Illuminate\\\\Queue\\\\CallQueuedHandler@call\",\"maxTries\":null,\"maxExceptions\":null,\"failOnTimeout\":false,\"backoff\":null,\"timeout\":null,\"retryUntil\":null,\"data\":{\"commandName\":\"App\\\\Jobs\\\\Vrm\\\\SendMail\",\"command\":\"O:21:\\\"App\\\\Jobs\\\\Vrm\\\\SendMail\\\":8:{s:8:\\\"\\u0000*\\u0000email\\\";s:18:\\\"skatulle@gmail.com\\\";s:10:\\\"\\u0000*\\u0000details\\\";a:0:{}s:10:\\\"\\u0000*\\u0000subject\\\";s:15:\\\"NEW MAIL ALERT!\\\";s:10:\\\"\\u0000*\\u0000replyTo\\\";N;s:15:\\\"\\u0000*\\u0000ccRecipients\\\";a:0:{}s:16:\\\"\\u0000*\\u0000bccRecipients\\\";a:0:{}s:14:\\\"\\u0000*\\u0000attachments\\\";a:0:{}s:11:\\\"\\u0000*\\u0000mailable\\\";O:26:\\\"App\\\\Mail\\\\PasswordResetMail\\\":2:{s:13:\\\"recipientName\\\";s:13:\\\"Sarah Katulle\\\";s:9:\\\"resetCode\\\";s:8:\\\"03073321\\\";}}\",\"batchId\":null},\"createdAt\":1772212255,\"delay\":null}', 0, NULL, 1772212255, 1772212255),
(380, 'default', '{\"uuid\":\"d3715cf1-49bb-4047-b133-58c19688ffd4\",\"displayName\":\"App\\\\Jobs\\\\Vrm\\\\SendMail\",\"job\":\"Illuminate\\\\Queue\\\\CallQueuedHandler@call\",\"maxTries\":null,\"maxExceptions\":null,\"failOnTimeout\":false,\"backoff\":null,\"timeout\":null,\"retryUntil\":null,\"data\":{\"commandName\":\"App\\\\Jobs\\\\Vrm\\\\SendMail\",\"command\":\"O:21:\\\"App\\\\Jobs\\\\Vrm\\\\SendMail\\\":8:{s:8:\\\"\\u0000*\\u0000email\\\";s:18:\\\"skatulle@gmail.com\\\";s:10:\\\"\\u0000*\\u0000details\\\";a:0:{}s:10:\\\"\\u0000*\\u0000subject\\\";s:15:\\\"NEW MAIL ALERT!\\\";s:10:\\\"\\u0000*\\u0000replyTo\\\";N;s:15:\\\"\\u0000*\\u0000ccRecipients\\\";a:0:{}s:16:\\\"\\u0000*\\u0000bccRecipients\\\";a:0:{}s:14:\\\"\\u0000*\\u0000attachments\\\";a:0:{}s:11:\\\"\\u0000*\\u0000mailable\\\";O:26:\\\"App\\\\Mail\\\\PasswordResetMail\\\":2:{s:13:\\\"recipientName\\\";s:13:\\\"Sarah Katulle\\\";s:9:\\\"resetCode\\\";s:8:\\\"49656877\\\";}}\",\"batchId\":null},\"createdAt\":1772215948,\"delay\":null}', 0, NULL, 1772215948, 1772215948),
(381, 'default', '{\"uuid\":\"74030d35-3e6e-4355-9a60-f571c11a0cd9\",\"displayName\":\"App\\\\Jobs\\\\Vrm\\\\SendMail\",\"job\":\"Illuminate\\\\Queue\\\\CallQueuedHandler@call\",\"maxTries\":null,\"maxExceptions\":null,\"failOnTimeout\":false,\"backoff\":null,\"timeout\":null,\"retryUntil\":null,\"data\":{\"commandName\":\"App\\\\Jobs\\\\Vrm\\\\SendMail\",\"command\":\"O:21:\\\"App\\\\Jobs\\\\Vrm\\\\SendMail\\\":8:{s:8:\\\"\\u0000*\\u0000email\\\";s:18:\\\"skatulle@gmail.com\\\";s:10:\\\"\\u0000*\\u0000details\\\";a:0:{}s:10:\\\"\\u0000*\\u0000subject\\\";s:15:\\\"NEW MAIL ALERT!\\\";s:10:\\\"\\u0000*\\u0000replyTo\\\";N;s:15:\\\"\\u0000*\\u0000ccRecipients\\\";a:0:{}s:16:\\\"\\u0000*\\u0000bccRecipients\\\";a:0:{}s:14:\\\"\\u0000*\\u0000attachments\\\";a:0:{}s:11:\\\"\\u0000*\\u0000mailable\\\";O:26:\\\"App\\\\Mail\\\\PasswordResetMail\\\":2:{s:13:\\\"recipientName\\\";s:13:\\\"Sarah Katulle\\\";s:9:\\\"resetCode\\\";s:8:\\\"83295738\\\";}}\",\"batchId\":null},\"createdAt\":1772216183,\"delay\":null}', 0, NULL, 1772216183, 1772216183),
(382, 'default', '{\"uuid\":\"484ce685-4156-40ea-85e9-4555b4c6fa21\",\"displayName\":\"App\\\\Jobs\\\\Vrm\\\\SendMail\",\"job\":\"Illuminate\\\\Queue\\\\CallQueuedHandler@call\",\"maxTries\":null,\"maxExceptions\":null,\"failOnTimeout\":false,\"backoff\":null,\"timeout\":null,\"retryUntil\":null,\"data\":{\"commandName\":\"App\\\\Jobs\\\\Vrm\\\\SendMail\",\"command\":\"O:21:\\\"App\\\\Jobs\\\\Vrm\\\\SendMail\\\":8:{s:8:\\\"\\u0000*\\u0000email\\\";s:18:\\\"skatulle@gmail.com\\\";s:10:\\\"\\u0000*\\u0000details\\\";a:0:{}s:10:\\\"\\u0000*\\u0000subject\\\";s:15:\\\"NEW MAIL ALERT!\\\";s:10:\\\"\\u0000*\\u0000replyTo\\\";N;s:15:\\\"\\u0000*\\u0000ccRecipients\\\";a:0:{}s:16:\\\"\\u0000*\\u0000bccRecipients\\\";a:0:{}s:14:\\\"\\u0000*\\u0000attachments\\\";a:0:{}s:11:\\\"\\u0000*\\u0000mailable\\\";O:26:\\\"App\\\\Mail\\\\PasswordResetMail\\\":2:{s:13:\\\"recipientName\\\";s:13:\\\"Sarah Katulle\\\";s:9:\\\"resetCode\\\";s:8:\\\"00714933\\\";}}\",\"batchId\":null},\"createdAt\":1772216270,\"delay\":null}', 0, NULL, 1772216270, 1772216270),
(383, 'default', '{\"uuid\":\"c70239c0-9795-48fa-92ec-02296a00dce6\",\"displayName\":\"App\\\\Jobs\\\\Vrm\\\\SendMail\",\"job\":\"Illuminate\\\\Queue\\\\CallQueuedHandler@call\",\"maxTries\":null,\"maxExceptions\":null,\"failOnTimeout\":false,\"backoff\":null,\"timeout\":null,\"retryUntil\":null,\"data\":{\"commandName\":\"App\\\\Jobs\\\\Vrm\\\\SendMail\",\"command\":\"O:21:\\\"App\\\\Jobs\\\\Vrm\\\\SendMail\\\":8:{s:8:\\\"\\u0000*\\u0000email\\\";s:18:\\\"skatulle@gmail.com\\\";s:10:\\\"\\u0000*\\u0000details\\\";a:0:{}s:10:\\\"\\u0000*\\u0000subject\\\";s:15:\\\"NEW MAIL ALERT!\\\";s:10:\\\"\\u0000*\\u0000replyTo\\\";N;s:15:\\\"\\u0000*\\u0000ccRecipients\\\";a:0:{}s:16:\\\"\\u0000*\\u0000bccRecipients\\\";a:0:{}s:14:\\\"\\u0000*\\u0000attachments\\\";a:0:{}s:11:\\\"\\u0000*\\u0000mailable\\\";O:26:\\\"App\\\\Mail\\\\PasswordResetMail\\\":2:{s:13:\\\"recipientName\\\";s:13:\\\"Sarah Katulle\\\";s:9:\\\"resetCode\\\";s:8:\\\"63974869\\\";}}\",\"batchId\":null},\"createdAt\":1772265003,\"delay\":null}', 0, NULL, 1772265003, 1772265003),
(384, 'default', '{\"uuid\":\"490328ac-df2d-42b1-b84e-f29941fca4b1\",\"displayName\":\"App\\\\Jobs\\\\Vrm\\\\SendMail\",\"job\":\"Illuminate\\\\Queue\\\\CallQueuedHandler@call\",\"maxTries\":null,\"maxExceptions\":null,\"failOnTimeout\":false,\"backoff\":null,\"timeout\":null,\"retryUntil\":null,\"data\":{\"commandName\":\"App\\\\Jobs\\\\Vrm\\\\SendMail\",\"command\":\"O:21:\\\"App\\\\Jobs\\\\Vrm\\\\SendMail\\\":8:{s:8:\\\"\\u0000*\\u0000email\\\";s:18:\\\"skatulle@gmail.com\\\";s:10:\\\"\\u0000*\\u0000details\\\";a:0:{}s:10:\\\"\\u0000*\\u0000subject\\\";s:15:\\\"NEW MAIL ALERT!\\\";s:10:\\\"\\u0000*\\u0000replyTo\\\";N;s:15:\\\"\\u0000*\\u0000ccRecipients\\\";a:0:{}s:16:\\\"\\u0000*\\u0000bccRecipients\\\";a:0:{}s:14:\\\"\\u0000*\\u0000attachments\\\";a:0:{}s:11:\\\"\\u0000*\\u0000mailable\\\";O:26:\\\"App\\\\Mail\\\\PasswordResetMail\\\":2:{s:13:\\\"recipientName\\\";s:13:\\\"Sarah Katulle\\\";s:9:\\\"resetCode\\\";s:8:\\\"21905408\\\";}}\",\"batchId\":null},\"createdAt\":1772265005,\"delay\":null}', 0, NULL, 1772265005, 1772265005),
(385, 'default', '{\"uuid\":\"d8c61b31-4f82-4570-bdf0-b771a02a087b\",\"displayName\":\"App\\\\Jobs\\\\Vrm\\\\SendMail\",\"job\":\"Illuminate\\\\Queue\\\\CallQueuedHandler@call\",\"maxTries\":null,\"maxExceptions\":null,\"failOnTimeout\":false,\"backoff\":null,\"timeout\":null,\"retryUntil\":null,\"data\":{\"commandName\":\"App\\\\Jobs\\\\Vrm\\\\SendMail\",\"command\":\"O:21:\\\"App\\\\Jobs\\\\Vrm\\\\SendMail\\\":8:{s:8:\\\"\\u0000*\\u0000email\\\";s:18:\\\"skatulle@gmail.com\\\";s:10:\\\"\\u0000*\\u0000details\\\";a:0:{}s:10:\\\"\\u0000*\\u0000subject\\\";s:15:\\\"NEW MAIL ALERT!\\\";s:10:\\\"\\u0000*\\u0000replyTo\\\";N;s:15:\\\"\\u0000*\\u0000ccRecipients\\\";a:0:{}s:16:\\\"\\u0000*\\u0000bccRecipients\\\";a:0:{}s:14:\\\"\\u0000*\\u0000attachments\\\";a:0:{}s:11:\\\"\\u0000*\\u0000mailable\\\";O:28:\\\"App\\\\Mail\\\\PasswordUpdatedMail\\\":0:{}}\",\"batchId\":null},\"createdAt\":1772265043,\"delay\":null}', 0, NULL, 1772265043, 1772265043),
(386, 'default', '{\"uuid\":\"01cdaa64-67cc-4a43-8dc1-9b8a376e145b\",\"displayName\":\"App\\\\Jobs\\\\Vrm\\\\SendMail\",\"job\":\"Illuminate\\\\Queue\\\\CallQueuedHandler@call\",\"maxTries\":null,\"maxExceptions\":null,\"failOnTimeout\":false,\"backoff\":null,\"timeout\":null,\"retryUntil\":null,\"data\":{\"commandName\":\"App\\\\Jobs\\\\Vrm\\\\SendMail\",\"command\":\"O:21:\\\"App\\\\Jobs\\\\Vrm\\\\SendMail\\\":8:{s:8:\\\"\\u0000*\\u0000email\\\";s:20:\\\"info@ziiditrader.com\\\";s:10:\\\"\\u0000*\\u0000details\\\";a:0:{}s:10:\\\"\\u0000*\\u0000subject\\\";s:15:\\\"NEW MAIL ALERT!\\\";s:10:\\\"\\u0000*\\u0000replyTo\\\";N;s:15:\\\"\\u0000*\\u0000ccRecipients\\\";a:0:{}s:16:\\\"\\u0000*\\u0000bccRecipients\\\";a:0:{}s:14:\\\"\\u0000*\\u0000attachments\\\";a:0:{}s:11:\\\"\\u0000*\\u0000mailable\\\";O:29:\\\"App\\\\Mail\\\\AdminTransactionMail\\\":8:{s:10:\\\"memberName\\\";s:11:\\\"Augustinefx\\\";s:11:\\\"memberEmail\\\";s:27:\\\"augustinekemboi90@gmail.com\\\";s:6:\\\"amount\\\";d:112000;s:12:\\\"currencyCode\\\";s:3:\\\"KSH\\\";s:15:\\\"transactionType\\\";s:10:\\\"withdrawal\\\";s:6:\\\"status\\\";s:9:\\\"submitted\\\";s:7:\\\"channel\\\";s:5:\\\"mpesa\\\";s:9:\\\"reference\\\";N;}}\",\"batchId\":null},\"createdAt\":1772268302,\"delay\":null}', 0, NULL, 1772268302, 1772268302),
(387, 'default', '{\"uuid\":\"ebaf2fb2-e840-4f78-9a8a-eddc035a5820\",\"displayName\":\"App\\\\Jobs\\\\Vrm\\\\SendMail\",\"job\":\"Illuminate\\\\Queue\\\\CallQueuedHandler@call\",\"maxTries\":null,\"maxExceptions\":null,\"failOnTimeout\":false,\"backoff\":null,\"timeout\":null,\"retryUntil\":null,\"data\":{\"commandName\":\"App\\\\Jobs\\\\Vrm\\\\SendMail\",\"command\":\"O:21:\\\"App\\\\Jobs\\\\Vrm\\\\SendMail\\\":8:{s:8:\\\"\\u0000*\\u0000email\\\";s:27:\\\"augustinekemboi90@gmail.com\\\";s:10:\\\"\\u0000*\\u0000details\\\";a:0:{}s:10:\\\"\\u0000*\\u0000subject\\\";s:15:\\\"NEW MAIL ALERT!\\\";s:10:\\\"\\u0000*\\u0000replyTo\\\";N;s:15:\\\"\\u0000*\\u0000ccRecipients\\\";a:0:{}s:16:\\\"\\u0000*\\u0000bccRecipients\\\";a:0:{}s:14:\\\"\\u0000*\\u0000attachments\\\";a:0:{}s:11:\\\"\\u0000*\\u0000mailable\\\";O:30:\\\"App\\\\Mail\\\\WalletTransactionMail\\\":8:{s:13:\\\"recipientName\\\";s:11:\\\"Augustinefx\\\";s:4:\\\"type\\\";s:18:\\\"withdrawal_request\\\";s:12:\\\"currencyCode\\\";s:3:\\\"KSH\\\";s:6:\\\"amount\\\";d:112000;s:6:\\\"status\\\";s:7:\\\"pending\\\";s:11:\\\"phoneNumber\\\";s:10:\\\"0714011507\\\";s:9:\\\"reference\\\";N;s:10:\\\"occurredAt\\\";s:20:\\\"Feb 28, 2026 8:45 AM\\\";}}\",\"batchId\":null},\"createdAt\":1772268302,\"delay\":null}', 0, NULL, 1772268302, 1772268302),
(388, 'default', '{\"uuid\":\"2f524bf4-faa3-4c6a-aa49-0ce2a08e326a\",\"displayName\":\"App\\\\Jobs\\\\Vrm\\\\SendMail\",\"job\":\"Illuminate\\\\Queue\\\\CallQueuedHandler@call\",\"maxTries\":null,\"maxExceptions\":null,\"failOnTimeout\":false,\"backoff\":null,\"timeout\":null,\"retryUntil\":null,\"data\":{\"commandName\":\"App\\\\Jobs\\\\Vrm\\\\SendMail\",\"command\":\"O:21:\\\"App\\\\Jobs\\\\Vrm\\\\SendMail\\\":8:{s:8:\\\"\\u0000*\\u0000email\\\";s:27:\\\"augustinekemboi90@gmail.com\\\";s:10:\\\"\\u0000*\\u0000details\\\";a:0:{}s:10:\\\"\\u0000*\\u0000subject\\\";s:15:\\\"NEW MAIL ALERT!\\\";s:10:\\\"\\u0000*\\u0000replyTo\\\";N;s:15:\\\"\\u0000*\\u0000ccRecipients\\\";a:0:{}s:16:\\\"\\u0000*\\u0000bccRecipients\\\";a:0:{}s:14:\\\"\\u0000*\\u0000attachments\\\";a:0:{}s:11:\\\"\\u0000*\\u0000mailable\\\";O:36:\\\"App\\\\Mail\\\\WithdrawalRequestStatusMail\\\":5:{s:13:\\\"recipientName\\\";s:11:\\\"Augustinefx\\\";s:12:\\\"currencyCode\\\";s:3:\\\"KSH\\\";s:6:\\\"amount\\\";d:112000;s:6:\\\"status\\\";s:8:\\\"approved\\\";s:9:\\\"reference\\\";N;}}\",\"batchId\":null},\"createdAt\":1772268341,\"delay\":null}', 0, NULL, 1772268341, 1772268341),
(389, 'default', '{\"uuid\":\"9848209e-b006-4809-ba12-4511498669bd\",\"displayName\":\"App\\\\Jobs\\\\Vrm\\\\SendMail\",\"job\":\"Illuminate\\\\Queue\\\\CallQueuedHandler@call\",\"maxTries\":null,\"maxExceptions\":null,\"failOnTimeout\":false,\"backoff\":null,\"timeout\":null,\"retryUntil\":null,\"data\":{\"commandName\":\"App\\\\Jobs\\\\Vrm\\\\SendMail\",\"command\":\"O:21:\\\"App\\\\Jobs\\\\Vrm\\\\SendMail\\\":8:{s:8:\\\"\\u0000*\\u0000email\\\";s:20:\\\"info@ziiditrader.com\\\";s:10:\\\"\\u0000*\\u0000details\\\";a:0:{}s:10:\\\"\\u0000*\\u0000subject\\\";s:15:\\\"NEW MAIL ALERT!\\\";s:10:\\\"\\u0000*\\u0000replyTo\\\";N;s:15:\\\"\\u0000*\\u0000ccRecipients\\\";a:0:{}s:16:\\\"\\u0000*\\u0000bccRecipients\\\";a:0:{}s:14:\\\"\\u0000*\\u0000attachments\\\";a:0:{}s:11:\\\"\\u0000*\\u0000mailable\\\";O:29:\\\"App\\\\Mail\\\\AdminTransactionMail\\\":8:{s:10:\\\"memberName\\\";s:11:\\\"Augustinefx\\\";s:11:\\\"memberEmail\\\";s:27:\\\"augustinekemboi90@gmail.com\\\";s:6:\\\"amount\\\";d:112000;s:12:\\\"currencyCode\\\";s:3:\\\"KSH\\\";s:15:\\\"transactionType\\\";s:10:\\\"withdrawal\\\";s:6:\\\"status\\\";s:8:\\\"approved\\\";s:7:\\\"channel\\\";s:5:\\\"mpesa\\\";s:9:\\\"reference\\\";N;}}\",\"batchId\":null},\"createdAt\":1772268342,\"delay\":null}', 0, NULL, 1772268342, 1772268342),
(390, 'default', '{\"uuid\":\"b4130123-62d3-4b68-bc26-437048830489\",\"displayName\":\"App\\\\Jobs\\\\Vrm\\\\SendMail\",\"job\":\"Illuminate\\\\Queue\\\\CallQueuedHandler@call\",\"maxTries\":null,\"maxExceptions\":null,\"failOnTimeout\":false,\"backoff\":null,\"timeout\":null,\"retryUntil\":null,\"data\":{\"commandName\":\"App\\\\Jobs\\\\Vrm\\\\SendMail\",\"command\":\"O:21:\\\"App\\\\Jobs\\\\Vrm\\\\SendMail\\\":9:{s:8:\\\"\\u0000*\\u0000email\\\";s:20:\\\"info@ziiditrader.com\\\";s:10:\\\"\\u0000*\\u0000details\\\";a:0:{}s:10:\\\"\\u0000*\\u0000subject\\\";s:15:\\\"NEW MAIL ALERT!\\\";s:10:\\\"\\u0000*\\u0000replyTo\\\";N;s:15:\\\"\\u0000*\\u0000ccRecipients\\\";a:0:{}s:16:\\\"\\u0000*\\u0000bccRecipients\\\";a:0:{}s:14:\\\"\\u0000*\\u0000attachments\\\";a:0:{}s:11:\\\"\\u0000*\\u0000mailable\\\";O:29:\\\"App\\\\Mail\\\\AdminTransactionMail\\\":8:{s:10:\\\"memberName\\\";s:11:\\\"Augustinefx\\\";s:11:\\\"memberEmail\\\";s:27:\\\"augustinekemboi90@gmail.com\\\";s:6:\\\"amount\\\";d:27.11;s:12:\\\"currencyCode\\\";s:3:\\\"KSH\\\";s:15:\\\"transactionType\\\";s:11:\\\"shares_sell\\\";s:6:\\\"status\\\";s:9:\\\"submitted\\\";s:7:\\\"channel\\\";s:5:\\\"trade\\\";s:9:\\\"reference\\\";N;}s:19:\\\"\\u0000*\\u0000notificationType\\\";s:17:\\\"admin_transaction\\\";}\",\"batchId\":null},\"createdAt\":1772278417,\"delay\":null}', 0, NULL, 1772278417, 1772278417),
(391, 'default', '{\"uuid\":\"a398fefa-2ad6-442f-97a9-254ae9a34a7a\",\"displayName\":\"App\\\\Jobs\\\\Vrm\\\\SendMail\",\"job\":\"Illuminate\\\\Queue\\\\CallQueuedHandler@call\",\"maxTries\":null,\"maxExceptions\":null,\"failOnTimeout\":false,\"backoff\":null,\"timeout\":null,\"retryUntil\":null,\"data\":{\"commandName\":\"App\\\\Jobs\\\\Vrm\\\\SendMail\",\"command\":\"O:21:\\\"App\\\\Jobs\\\\Vrm\\\\SendMail\\\":9:{s:8:\\\"\\u0000*\\u0000email\\\";s:20:\\\"info@ziiditrader.com\\\";s:10:\\\"\\u0000*\\u0000details\\\";a:0:{}s:10:\\\"\\u0000*\\u0000subject\\\";s:15:\\\"NEW MAIL ALERT!\\\";s:10:\\\"\\u0000*\\u0000replyTo\\\";N;s:15:\\\"\\u0000*\\u0000ccRecipients\\\";a:0:{}s:16:\\\"\\u0000*\\u0000bccRecipients\\\";a:0:{}s:14:\\\"\\u0000*\\u0000attachments\\\";a:0:{}s:11:\\\"\\u0000*\\u0000mailable\\\";O:29:\\\"App\\\\Mail\\\\AdminTransactionMail\\\":8:{s:10:\\\"memberName\\\";s:11:\\\"Augustinefx\\\";s:11:\\\"memberEmail\\\";s:27:\\\"augustinekemboi90@gmail.com\\\";s:6:\\\"amount\\\";d:149105;s:12:\\\"currencyCode\\\";s:3:\\\"KSH\\\";s:15:\\\"transactionType\\\";s:11:\\\"shares_sell\\\";s:6:\\\"status\\\";s:9:\\\"submitted\\\";s:7:\\\"channel\\\";s:5:\\\"trade\\\";s:9:\\\"reference\\\";N;}s:19:\\\"\\u0000*\\u0000notificationType\\\";s:17:\\\"admin_transaction\\\";}\",\"batchId\":null},\"createdAt\":1772278478,\"delay\":null}', 0, NULL, 1772278478, 1772278478),
(392, 'default', '{\"uuid\":\"d98ea1af-523d-42b8-903d-620156c86eee\",\"displayName\":\"App\\\\Jobs\\\\Vrm\\\\SendMail\",\"job\":\"Illuminate\\\\Queue\\\\CallQueuedHandler@call\",\"maxTries\":null,\"maxExceptions\":null,\"failOnTimeout\":false,\"backoff\":null,\"timeout\":null,\"retryUntil\":null,\"data\":{\"commandName\":\"App\\\\Jobs\\\\Vrm\\\\SendMail\",\"command\":\"O:21:\\\"App\\\\Jobs\\\\Vrm\\\\SendMail\\\":9:{s:8:\\\"\\u0000*\\u0000email\\\";s:27:\\\"augustinekemboi90@gmail.com\\\";s:10:\\\"\\u0000*\\u0000details\\\";a:0:{}s:10:\\\"\\u0000*\\u0000subject\\\";s:15:\\\"NEW MAIL ALERT!\\\";s:10:\\\"\\u0000*\\u0000replyTo\\\";N;s:15:\\\"\\u0000*\\u0000ccRecipients\\\";a:0:{}s:16:\\\"\\u0000*\\u0000bccRecipients\\\";a:0:{}s:14:\\\"\\u0000*\\u0000attachments\\\";a:0:{}s:11:\\\"\\u0000*\\u0000mailable\\\";O:32:\\\"App\\\\Mail\\\\SecurityOrderStatusMail\\\":6:{s:13:\\\"recipientName\\\";s:11:\\\"Augustinefx\\\";s:12:\\\"securityName\\\";s:4:\\\"ABSA\\\";s:6:\\\"status\\\";s:8:\\\"approved\\\";s:8:\\\"quantity\\\";i:1;s:12:\\\"currencyCode\\\";s:3:\\\"KSH\\\";s:11:\\\"totalAmount\\\";d:27.11;}s:19:\\\"\\u0000*\\u0000notificationType\\\";s:16:\\\"user_transaction\\\";}\",\"batchId\":null},\"createdAt\":1772278536,\"delay\":null}', 0, NULL, 1772278536, 1772278536),
(393, 'default', '{\"uuid\":\"5319837c-eeae-43f5-afca-262515113283\",\"displayName\":\"App\\\\Jobs\\\\Vrm\\\\SendMail\",\"job\":\"Illuminate\\\\Queue\\\\CallQueuedHandler@call\",\"maxTries\":null,\"maxExceptions\":null,\"failOnTimeout\":false,\"backoff\":null,\"timeout\":null,\"retryUntil\":null,\"data\":{\"commandName\":\"App\\\\Jobs\\\\Vrm\\\\SendMail\",\"command\":\"O:21:\\\"App\\\\Jobs\\\\Vrm\\\\SendMail\\\":9:{s:8:\\\"\\u0000*\\u0000email\\\";s:20:\\\"info@ziiditrader.com\\\";s:10:\\\"\\u0000*\\u0000details\\\";a:0:{}s:10:\\\"\\u0000*\\u0000subject\\\";s:15:\\\"NEW MAIL ALERT!\\\";s:10:\\\"\\u0000*\\u0000replyTo\\\";N;s:15:\\\"\\u0000*\\u0000ccRecipients\\\";a:0:{}s:16:\\\"\\u0000*\\u0000bccRecipients\\\";a:0:{}s:14:\\\"\\u0000*\\u0000attachments\\\";a:0:{}s:11:\\\"\\u0000*\\u0000mailable\\\";O:29:\\\"App\\\\Mail\\\\AdminTransactionMail\\\":8:{s:10:\\\"memberName\\\";s:11:\\\"Augustinefx\\\";s:11:\\\"memberEmail\\\";s:27:\\\"augustinekemboi90@gmail.com\\\";s:6:\\\"amount\\\";d:27.11;s:12:\\\"currencyCode\\\";s:3:\\\"KSH\\\";s:15:\\\"transactionType\\\";s:11:\\\"shares_sell\\\";s:6:\\\"status\\\";s:8:\\\"approved\\\";s:7:\\\"channel\\\";s:5:\\\"trade\\\";s:9:\\\"reference\\\";s:1:\\\"8\\\";}s:19:\\\"\\u0000*\\u0000notificationType\\\";s:17:\\\"admin_transaction\\\";}\",\"batchId\":null},\"createdAt\":1772278536,\"delay\":null}', 0, NULL, 1772278536, 1772278536),
(394, 'default', '{\"uuid\":\"eaa57d17-16a2-4f00-b973-de6a288f5014\",\"displayName\":\"App\\\\Jobs\\\\Vrm\\\\SendMail\",\"job\":\"Illuminate\\\\Queue\\\\CallQueuedHandler@call\",\"maxTries\":null,\"maxExceptions\":null,\"failOnTimeout\":false,\"backoff\":null,\"timeout\":null,\"retryUntil\":null,\"data\":{\"commandName\":\"App\\\\Jobs\\\\Vrm\\\\SendMail\",\"command\":\"O:21:\\\"App\\\\Jobs\\\\Vrm\\\\SendMail\\\":9:{s:8:\\\"\\u0000*\\u0000email\\\";s:27:\\\"augustinekemboi90@gmail.com\\\";s:10:\\\"\\u0000*\\u0000details\\\";a:0:{}s:10:\\\"\\u0000*\\u0000subject\\\";s:15:\\\"NEW MAIL ALERT!\\\";s:10:\\\"\\u0000*\\u0000replyTo\\\";N;s:15:\\\"\\u0000*\\u0000ccRecipients\\\";a:0:{}s:16:\\\"\\u0000*\\u0000bccRecipients\\\";a:0:{}s:14:\\\"\\u0000*\\u0000attachments\\\";a:0:{}s:11:\\\"\\u0000*\\u0000mailable\\\";O:32:\\\"App\\\\Mail\\\\SecurityOrderStatusMail\\\":6:{s:13:\\\"recipientName\\\";s:11:\\\"Augustinefx\\\";s:12:\\\"securityName\\\";s:4:\\\"ABSA\\\";s:6:\\\"status\\\";s:8:\\\"approved\\\";s:8:\\\"quantity\\\";i:5500;s:12:\\\"currencyCode\\\";s:3:\\\"KSH\\\";s:11:\\\"totalAmount\\\";d:149105;}s:19:\\\"\\u0000*\\u0000notificationType\\\";s:16:\\\"user_transaction\\\";}\",\"batchId\":null},\"createdAt\":1772278539,\"delay\":null}', 0, NULL, 1772278539, 1772278539),
(395, 'default', '{\"uuid\":\"1034891c-29b1-4aea-9ba5-75eac73d174f\",\"displayName\":\"App\\\\Jobs\\\\Vrm\\\\SendMail\",\"job\":\"Illuminate\\\\Queue\\\\CallQueuedHandler@call\",\"maxTries\":null,\"maxExceptions\":null,\"failOnTimeout\":false,\"backoff\":null,\"timeout\":null,\"retryUntil\":null,\"data\":{\"commandName\":\"App\\\\Jobs\\\\Vrm\\\\SendMail\",\"command\":\"O:21:\\\"App\\\\Jobs\\\\Vrm\\\\SendMail\\\":9:{s:8:\\\"\\u0000*\\u0000email\\\";s:20:\\\"info@ziiditrader.com\\\";s:10:\\\"\\u0000*\\u0000details\\\";a:0:{}s:10:\\\"\\u0000*\\u0000subject\\\";s:15:\\\"NEW MAIL ALERT!\\\";s:10:\\\"\\u0000*\\u0000replyTo\\\";N;s:15:\\\"\\u0000*\\u0000ccRecipients\\\";a:0:{}s:16:\\\"\\u0000*\\u0000bccRecipients\\\";a:0:{}s:14:\\\"\\u0000*\\u0000attachments\\\";a:0:{}s:11:\\\"\\u0000*\\u0000mailable\\\";O:29:\\\"App\\\\Mail\\\\AdminTransactionMail\\\":8:{s:10:\\\"memberName\\\";s:11:\\\"Augustinefx\\\";s:11:\\\"memberEmail\\\";s:27:\\\"augustinekemboi90@gmail.com\\\";s:6:\\\"amount\\\";d:149105;s:12:\\\"currencyCode\\\";s:3:\\\"KSH\\\";s:15:\\\"transactionType\\\";s:11:\\\"shares_sell\\\";s:6:\\\"status\\\";s:8:\\\"approved\\\";s:7:\\\"channel\\\";s:5:\\\"trade\\\";s:9:\\\"reference\\\";s:1:\\\"9\\\";}s:19:\\\"\\u0000*\\u0000notificationType\\\";s:17:\\\"admin_transaction\\\";}\",\"batchId\":null},\"createdAt\":1772278539,\"delay\":null}', 0, NULL, 1772278539, 1772278539),
(396, 'default', '{\"uuid\":\"2231c527-5973-4cb7-8ec4-0467bb567bfc\",\"displayName\":\"App\\\\Jobs\\\\Vrm\\\\SendMail\",\"job\":\"Illuminate\\\\Queue\\\\CallQueuedHandler@call\",\"maxTries\":null,\"maxExceptions\":null,\"failOnTimeout\":false,\"backoff\":null,\"timeout\":null,\"retryUntil\":null,\"data\":{\"commandName\":\"App\\\\Jobs\\\\Vrm\\\\SendMail\",\"command\":\"O:21:\\\"App\\\\Jobs\\\\Vrm\\\\SendMail\\\":9:{s:8:\\\"\\u0000*\\u0000email\\\";s:27:\\\"augustinekemboi90@gmail.com\\\";s:10:\\\"\\u0000*\\u0000details\\\";a:7:{s:4:\\\"logo\\\";N;s:5:\\\"title\\\";s:31:\\\"Investment Subscription Created\\\";s:8:\\\"subtitle\\\";s:18:\\\"Hello Augustinefx,\\\";s:4:\\\"body\\\";s:104:\\\"Your investment subscription has been activated.<br>Package: 12hrs Gain Starter<br>Amount: KSH 45,150.00\\\";s:5:\\\"outro\\\";s:36:\\\"Thank you for using our application!\\\";s:3:\\\"btn\\\";a:2:{s:5:\\\"title\\\";s:16:\\\"View investments\\\";s:4:\\\"link\\\";s:47:\\\"https:\\/\\/home.ziiditrader.com\\/member\\/investments\\\";}s:9:\\\"btn_extra\\\";N;}s:10:\\\"\\u0000*\\u0000subject\\\";s:31:\\\"Investment subscription created\\\";s:10:\\\"\\u0000*\\u0000replyTo\\\";N;s:15:\\\"\\u0000*\\u0000ccRecipients\\\";a:0:{}s:16:\\\"\\u0000*\\u0000bccRecipients\\\";a:0:{}s:14:\\\"\\u0000*\\u0000attachments\\\";a:0:{}s:11:\\\"\\u0000*\\u0000mailable\\\";N;s:19:\\\"\\u0000*\\u0000notificationType\\\";s:16:\\\"user_transaction\\\";}\",\"batchId\":null},\"createdAt\":1772278791,\"delay\":null}', 0, NULL, 1772278791, 1772278791),
(397, 'default', '{\"uuid\":\"46859313-5202-4798-817b-a56c5fe2defc\",\"displayName\":\"App\\\\Jobs\\\\Vrm\\\\SendMail\",\"job\":\"Illuminate\\\\Queue\\\\CallQueuedHandler@call\",\"maxTries\":null,\"maxExceptions\":null,\"failOnTimeout\":false,\"backoff\":null,\"timeout\":null,\"retryUntil\":null,\"data\":{\"commandName\":\"App\\\\Jobs\\\\Vrm\\\\SendMail\",\"command\":\"O:21:\\\"App\\\\Jobs\\\\Vrm\\\\SendMail\\\":9:{s:8:\\\"\\u0000*\\u0000email\\\";s:20:\\\"info@ziiditrader.com\\\";s:10:\\\"\\u0000*\\u0000details\\\";a:0:{}s:10:\\\"\\u0000*\\u0000subject\\\";s:15:\\\"NEW MAIL ALERT!\\\";s:10:\\\"\\u0000*\\u0000replyTo\\\";N;s:15:\\\"\\u0000*\\u0000ccRecipients\\\";a:0:{}s:16:\\\"\\u0000*\\u0000bccRecipients\\\";a:0:{}s:14:\\\"\\u0000*\\u0000attachments\\\";a:0:{}s:11:\\\"\\u0000*\\u0000mailable\\\";O:29:\\\"App\\\\Mail\\\\AdminTransactionMail\\\":8:{s:10:\\\"memberName\\\";s:11:\\\"Augustinefx\\\";s:11:\\\"memberEmail\\\";s:27:\\\"augustinekemboi90@gmail.com\\\";s:6:\\\"amount\\\";d:45150;s:12:\\\"currencyCode\\\";s:3:\\\"KSH\\\";s:15:\\\"transactionType\\\";s:10:\\\"investment\\\";s:6:\\\"status\\\";s:9:\\\"submitted\\\";s:7:\\\"channel\\\";s:6:\\\"wallet\\\";s:9:\\\"reference\\\";N;}s:19:\\\"\\u0000*\\u0000notificationType\\\";s:17:\\\"admin_transaction\\\";}\",\"batchId\":null},\"createdAt\":1772278791,\"delay\":null}', 0, NULL, 1772278791, 1772278791);

-- --------------------------------------------------------

--
-- Table structure for table `job_batches`
--

CREATE TABLE `job_batches` (
  `id` varchar(255) NOT NULL,
  `name` varchar(255) NOT NULL,
  `total_jobs` int(11) NOT NULL,
  `pending_jobs` int(11) NOT NULL,
  `failed_jobs` int(11) NOT NULL,
  `failed_job_ids` longtext NOT NULL,
  `options` mediumtext DEFAULT NULL,
  `cancelled_at` int(11) DEFAULT NULL,
  `created_at` int(11) NOT NULL,
  `finished_at` int(11) DEFAULT NULL
) ENGINE=InnoDB DEFAULT CHARSET=utf8mb4 COLLATE=utf8mb4_unicode_ci;

-- --------------------------------------------------------

--
-- Table structure for table `migrations`
--

CREATE TABLE `migrations` (
  `id` int(10) UNSIGNED NOT NULL,
  `migration` varchar(255) NOT NULL,
  `batch` int(11) NOT NULL
) ENGINE=InnoDB DEFAULT CHARSET=utf8mb4 COLLATE=utf8mb4_unicode_ci;

--
-- Dumping data for table `migrations`
--

INSERT INTO `migrations` (`id`, `migration`, `batch`) VALUES
(1, '0001_01_01_000000_create_users_table', 1),
(2, '0001_01_01_000001_create_cache_table', 1),
(3, '0001_01_01_000002_create_jobs_table', 1),
(4, '0002_02_02_000000_vrm_create_utilities_table', 1),
(5, '0002_02_02_000001_vrm_update_users_table_add_vormia_columns', 1),
(6, '0002_02_02_000002_vrm_create_user_meta_table', 1),
(7, '0002_02_02_000003_vrm_create_roles_table', 1),
(8, '0002_02_02_000004_vrm_create_role_user_table', 1),
(9, '0002_02_02_000005_vrm_create_permissions_table', 1),
(10, '0002_02_02_000006_vrm_create_permission_role_table', 1),
(11, '0002_02_02_000007_vrm_create_slug_registry_table', 1),
(12, '0002_02_02_000009_vrm_create_taxonomies_table', 1),
(13, '0002_02_02_000010_vrm_create_auth_tokens_table', 1),
(14, '2025_08_14_170933_add_two_factor_columns_to_users_table', 1),
(15, '2026_02_14_073628_create_personal_access_tokens_table', 1),
(16, '2025_01_15_000001_create_atu_multicurrency_currencies_table', 2),
(17, '2025_01_15_000002_create_atu_multicurrency_currency_rates_log_table', 2),
(18, '2025_01_15_000003_create_atu_multicurrency_currency_conversion_log_table', 2),
(19, '2025_01_15_000004_create_atu_multicurrency_settings_table', 2),
(35, '2025_01_15_000005_alter_atu_multicurrency_tables_for_4char_codes', 3),
(36, '2026_02_14_080144_add_two_factor_columns_to_users_table', 3),
(37, '2026_02_14_080145_create_personal_access_tokens_table', 3),
(38, '2026_02_14_110810_create_wallets_table', 3),
(46, '2026_02_14_110811_create_securities_table', 4),
(47, '2026_02_14_110811_create_wallet_transactions_table', 4),
(48, '2026_02_14_110812_create_portfolio_holdings_table', 4),
(49, '2026_02_14_110812_create_security_orders_table', 4),
(50, '2026_02_14_110812_create_security_watchlists_table', 4),
(51, '2026_02_15_153758_create_investments_table', 4),
(52, '2026_02_16_082146_add_reserved_quantity_to_portfolio_holdings_table', 5),
(53, '2026_02_16_164414_add_phone_and_transaction_code_to_wallet_transactions_table', 6),
(54, '2026_02_16_170929_create_investment_packages_table', 7),
(55, '2026_02_16_170933_add_package_id_and_duration_hours_to_investments_table', 7),
(56, '2026_02_16_181644_add_withdrawal_hold_amount_to_wallets_table', 8),
(57, '2026_02_19_103421_add_mpesa_fields_to_wallet_transactions_table', 9),
(58, '2026_02_19_124228_create_securities_logs_table', 10);

-- --------------------------------------------------------

--
-- Table structure for table `notifications`
--

CREATE TABLE `notifications` (
  `id` bigint(20) UNSIGNED NOT NULL,
  `type` varchar(100) NOT NULL,
  `title` varchar(255) NOT NULL,
  `body` text NOT NULL,
  `data` longtext CHARACTER SET utf8mb4 COLLATE utf8mb4_bin DEFAULT NULL CHECK (json_valid(`data`)),
  `action_url` varchar(255) DEFAULT NULL,
  `priority` tinyint(3) UNSIGNED DEFAULT NULL,
  `is_active` tinyint(1) NOT NULL DEFAULT 1,
  `expires_at` timestamp NULL DEFAULT NULL,
  `created_at` timestamp NULL DEFAULT NULL,
  `updated_at` timestamp NULL DEFAULT NULL,
  `deleted_at` timestamp NULL DEFAULT NULL
) ENGINE=MyISAM DEFAULT CHARSET=utf8mb4 COLLATE=utf8mb4_unicode_ci;

--
-- Dumping data for table `notifications`
--

INSERT INTO `notifications` (`id`, `type`, `title`, `body`, `data`, `action_url`, `priority`, `is_active`, `expires_at`, `created_at`, `updated_at`, `deleted_at`) VALUES
(26, 'subscription.approved', 'Subscription Approved', 'Your subscription of KSH 45,150.00 has been approved.', '{\"package_id\":1,\"amount\":45150,\"status\":\"approved\"}', 'https://home.ziiditrader.com/member/investments', 1, 1, NULL, '2026-02-28 19:39:51', '2026-02-28 19:39:51', NULL),
(25, 'investment.created', 'Investment Created', 'Your investment of KSH 45,150.00 has been created.', '{\"investment_id\":11,\"package_id\":1}', 'https://home.ziiditrader.com/member/investments', NULL, 1, NULL, '2026-02-28 19:39:51', '2026-02-28 19:39:51', NULL),
(27, 'investment.approved', 'Investment Approved', 'Your investment of KSH 45,150.00 has been approved.', '{\"investment_id\":11,\"package_id\":1,\"status\":\"approved\"}', 'https://home.ziiditrader.com/member/investments', 1, 1, NULL, '2026-02-28 19:39:51', '2026-02-28 19:39:51', NULL);

-- --------------------------------------------------------

--
-- Table structure for table `notification_states`
--

CREATE TABLE `notification_states` (
  `id` bigint(20) UNSIGNED NOT NULL,
  `notification_id` bigint(20) UNSIGNED NOT NULL,
  `user_id` bigint(20) UNSIGNED NOT NULL,
  `read_at` timestamp NULL DEFAULT NULL,
  `seen_at` timestamp NULL DEFAULT NULL,
  `cleared_at` timestamp NULL DEFAULT NULL,
  `is_active` tinyint(1) NOT NULL DEFAULT 1,
  `created_at` timestamp NULL DEFAULT NULL,
  `updated_at` timestamp NULL DEFAULT NULL,
  `deleted_at` timestamp NULL DEFAULT NULL
) ENGINE=MyISAM DEFAULT CHARSET=utf8mb4 COLLATE=utf8mb4_unicode_ci;

--
-- Dumping data for table `notification_states`
--

INSERT INTO `notification_states` (`id`, `notification_id`, `user_id`, `read_at`, `seen_at`, `cleared_at`, `is_active`, `created_at`, `updated_at`, `deleted_at`) VALUES
(1, 1, 20, NULL, '2026-02-28 15:50:32', NULL, 1, '2026-02-28 15:50:28', '2026-02-28 15:50:32', NULL),
(2, 2, 25, '2026-02-28 17:20:06', '2026-02-28 17:13:35', NULL, 1, '2026-02-28 17:13:23', '2026-02-28 17:20:06', NULL),
(3, 25, 24, NULL, '2026-02-28 19:40:39', NULL, 1, '2026-02-28 19:39:51', '2026-02-28 19:40:39', NULL),
(4, 26, 24, NULL, '2026-02-28 19:40:39', NULL, 1, '2026-02-28 19:39:51', '2026-02-28 19:40:39', NULL),
(5, 27, 24, NULL, '2026-02-28 19:40:39', NULL, 1, '2026-02-28 19:39:51', '2026-02-28 19:40:39', NULL);

-- --------------------------------------------------------

--
-- Table structure for table `portfolio_holdings`
--

CREATE TABLE `portfolio_holdings` (
  `id` bigint(20) UNSIGNED NOT NULL,
  `user_id` bigint(20) UNSIGNED NOT NULL,
  `security_id` bigint(20) UNSIGNED NOT NULL,
  `quantity` bigint(20) UNSIGNED NOT NULL DEFAULT 0,
  `reserved_quantity` bigint(20) UNSIGNED NOT NULL DEFAULT 0,
  `average_buy_price` decimal(20,4) NOT NULL DEFAULT 0.0000,
  `total_invested` decimal(20,4) NOT NULL DEFAULT 0.0000,
  `created_at` timestamp NULL DEFAULT NULL,
  `updated_at` timestamp NULL DEFAULT NULL
) ENGINE=InnoDB DEFAULT CHARSET=utf8mb4 COLLATE=utf8mb4_unicode_ci;

--
-- Dumping data for table `portfolio_holdings`
--

INSERT INTO `portfolio_holdings` (`id`, `user_id`, `security_id`, `quantity`, `reserved_quantity`, `average_buy_price`, `total_invested`, `created_at`, `updated_at`) VALUES
(3, 14, 1, 1845, 0, 27.1100, 50017.9500, '2026-02-23 17:01:19', '2026-02-23 17:01:23'),
(4, 7, 1, 1000000, 0, 0.0001, 100.0000, '2026-02-23 17:01:27', '2026-02-23 17:01:27'),
(5, 16, 1, 22685, 0, 27.1100, 614990.3500, '2026-02-24 12:59:49', '2026-02-24 12:59:49'),
(6, 24, 1, 32, 0, 27.1100, 867.5200, '2026-02-26 11:26:52', '2026-02-28 19:35:39');

-- --------------------------------------------------------

--
-- Table structure for table `securities`
--

CREATE TABLE `securities` (
  `id` bigint(20) UNSIGNED NOT NULL,
  `name` varchar(255) NOT NULL,
  `trading_name` varchar(20) NOT NULL,
  `logo` varchar(255) DEFAULT NULL,
  `currency_code` varchar(4) NOT NULL DEFAULT 'USD',
  `initial_listing_amount` decimal(20,4) NOT NULL,
  `current_amount` decimal(20,4) NOT NULL,
  `min_shares` bigint(20) UNSIGNED NOT NULL DEFAULT 1,
  `max_shares_purchase` bigint(20) UNSIGNED NOT NULL DEFAULT 0,
  `max_shares_holding` bigint(20) UNSIGNED NOT NULL DEFAULT 0,
  `description` text DEFAULT NULL,
  `is_active` tinyint(1) NOT NULL DEFAULT 1,
  `created_at` timestamp NULL DEFAULT NULL,
  `updated_at` timestamp NULL DEFAULT NULL,
  `deleted_at` timestamp NULL DEFAULT NULL
) ENGINE=InnoDB DEFAULT CHARSET=utf8mb4 COLLATE=utf8mb4_unicode_ci;

--
-- Dumping data for table `securities`
--

INSERT INTO `securities` (`id`, `name`, `trading_name`, `logo`, `currency_code`, `initial_listing_amount`, `current_amount`, `min_shares`, `max_shares_purchase`, `max_shares_holding`, `description`, `is_active`, `created_at`, `updated_at`, `deleted_at`) VALUES
(1, 'ABSA', 'ABSA', 'media/securities/2026/02/16/69934855588f6-300-300.png', 'KES', 28.3000, 27.1100, 3, 0, 0, NULL, 1, '2026-02-17 13:39:49', '2026-02-24 14:17:23', NULL),
(2, 'AMAC', 'AMAC', 'media/securities/2026/02/16/69934ceb5a3c7-300-300.webp', 'KES', 90.8600, 93.5000, 1, 0, 0, NULL, 1, '2026-02-17 13:56:55', '2026-02-23 13:41:56', NULL),
(3, 'BAT', 'BAT', 'media/securities/2026/02/16/69934d1dbff23-300-300.webp', 'KES', 520.4300, 522.3400, 1, 0, 0, NULL, 1, '2026-02-17 13:57:14', '2026-02-23 13:43:25', NULL),
(4, 'BKG', 'BKG', 'media/securities/2026/02/16/69934cbebe78d-300-300.webp', 'KES', 45.0000, 48.8000, 1, 0, 0, NULL, 1, '2026-02-17 13:58:38', '2026-02-23 13:49:06', NULL),
(5, 'BRIT', 'BRIT', 'media/securities/2026/02/16/69934dbaab820-300-300.webp', 'KES', 11.0000, 11.9500, 1, 0, 0, NULL, 1, '2026-02-17 14:02:50', '2026-02-23 13:50:12', NULL),
(6, 'CARB', 'CARB', 'media/securities/2026/02/16/69934dcc088b8-300-300.png', 'KES', 32.8700, 32.7700, 1, 0, 0, NULL, 1, '2026-02-17 14:03:08', '2026-02-23 13:51:15', NULL),
(7, 'CIC', 'CIC', 'media/securities/2026/02/16/69934ddcd2b7f-300-300.png', 'KES', 6.0000, 6.1800, 1, 0, 0, NULL, 1, '2026-02-17 14:03:24', '2026-02-23 13:52:12', NULL),
(8, 'COOP', 'COOP', 'media/securities/2026/02/16/69934faced274-300-300.webp', 'KES', 0.0001, 28.9900, 1, 0, 0, NULL, 1, '2026-02-17 14:11:08', '2026-02-23 13:54:01', NULL),
(9, 'CRWN', 'CRWN', 'images/securities/crwn.png', 'KES', 0.0001, 0.0001, 1, 0, 0, NULL, 1, '2026-02-17 14:11:28', '2026-02-17 14:17:05', '2026-02-17 14:17:05'),
(10, 'DTK', 'DTK', 'media/securities/2026/02/16/6993513ef2d06-300-300.webp', 'KES', 151.6500, 152.7500, 1, 0, 0, NULL, 1, '2026-02-17 14:17:30', '2026-02-23 15:29:41', NULL),
(11, 'EABL', 'EABL', 'media/securities/2026/02/16/6993518b78c33-300-300.png', 'KES', 250.5400, 249.0000, 1, 0, 0, NULL, 1, '2026-02-17 14:19:07', '2026-02-23 15:28:47', NULL),
(12, 'EQTY', 'EQTY', 'media/securities/2026/02/16/699351a2091b2-300-300.webp', 'KES', 70.7700, 73.7500, 1, 0, 0, NULL, 1, '2026-02-17 14:19:30', '2026-02-23 15:27:50', NULL),
(13, 'HFCK', 'HFCK', 'media/securities/2026/02/16/699351b8e3523-300-300.webp', 'KES', 10.3000, 10.8000, 1, 0, 0, NULL, 1, '2026-02-17 14:19:52', '2026-02-23 15:27:07', NULL),
(14, 'SCOM', 'SCOM', 'media/securities/2026/02/16/699352fbe6f21-300-300.png', 'KES', 31.5500, 32.2500, 1, 0, 0, NULL, 1, '2026-02-17 14:25:15', '2026-02-23 15:26:03', NULL),
(15, 'SCBK', 'SCBK', 'media/securities/2026/02/16/69935316d1aab-300-300.png', 'KES', 337.5500, 337.0000, 1, 0, 0, NULL, 1, '2026-02-17 14:25:42', '2026-02-23 15:25:09', NULL),
(16, 'SBIC', 'SBIC', 'media/securities/2026/02/16/69935329a26a1-300-300.png', 'KES', 244.9000, 250.0000, 1, 0, 0, NULL, 1, '2026-02-17 14:26:01', '2026-02-23 14:09:33', NULL),
(17, 'NSE', 'NSE', 'media/securities/2026/02/16/6993533b089dc-300-300.webp', 'KES', 22.1200, 22.3500, 1, 0, 0, NULL, 1, '2026-02-17 14:26:19', '2026-02-23 15:24:12', NULL),
(18, 'NCBA', 'NCBA', 'media/securities/2026/02/16/6993534c846ff-300-300.png', 'KES', 87.5900, 87.2500, 1, 0, 0, NULL, 1, '2026-02-17 14:26:36', '2026-02-23 15:23:33', NULL),
(19, 'KPLC', 'KPLC', 'media/securities/2026/02/16/699353741b2ee-300-300.webp', 'KES', 17.0000, 17.1890, 1, 0, 0, NULL, 1, '2026-02-17 14:27:00', '2026-02-23 15:22:36', NULL),
(20, 'KQ', 'KQ', 'media/securities/2026/02/16/6993538848e25-300-300.webp', 'KES', 5.5000, 5.5100, 1, 0, 0, NULL, 1, '2026-02-17 14:27:36', '2026-02-23 15:21:54', NULL),
(21, 'KCB', 'KCB', 'media/securities/2026/02/16/6993539e2bb8a-300-300.png', 'KES', 72.5300, 73.9800, 1, 0, 0, NULL, 1, '2026-02-17 14:27:58', '2026-02-23 15:21:21', NULL),
(22, 'JUB', 'JUB', 'media/securities/2026/02/16/699353b115724-300-300.png', 'KES', 364.4500, 369.0000, 1, 0, 0, NULL, 1, '2026-02-17 14:28:17', '2026-02-23 15:20:32', NULL),
(23, 'IMH', 'IMH', 'media/securities/2026/02/16/699353c94a691-300-300.png', 'KES', 47.9800, 48.5000, 1, 0, 0, NULL, 1, '2026-02-17 14:28:41', '2026-02-23 15:19:40', NULL),
(24, 'KEGN', 'KEGN', 'media/securities/2026/02/16/69935403badad-300-300.png', 'KES', 70.0000, 75.3200, 1, 0, 0, NULL, 1, '2026-02-17 14:29:39', '2026-02-23 15:18:35', NULL),
(25, 'TOTL', 'TOTL', 'media/securities/2026/02/16/699354cad62ce-300-300.png', 'KES', 0.0001, 43.5000, 1, 0, 0, NULL, 1, '2026-02-17 14:32:58', '2026-02-23 14:12:00', NULL),
(26, 'XPRS', 'XPRS', 'media/securities/2026/02/16/699354e02abb7-300-300.png', 'KES', 7.0000, 7.5000, 1, 0, 0, NULL, 1, '2026-02-17 14:33:20', '2026-02-23 14:11:10', NULL),
(27, 'Tesla', 'TESLA', 'media/securities/2026/02/24/699d51f99f5e0-300-300.webp', 'USD', 27.9400, 26.5000, 1, 0, 0, NULL, 1, '2026-02-24 12:23:37', '2026-02-24 12:23:37', NULL);

-- --------------------------------------------------------

--
-- Table structure for table `securities_logs`
--

CREATE TABLE `securities_logs` (
  `id` bigint(20) UNSIGNED NOT NULL,
  `security_id` bigint(20) UNSIGNED NOT NULL,
  `price` decimal(20,4) NOT NULL,
  `change_percent` decimal(10,4) NOT NULL DEFAULT 0.0000,
  `source` varchar(20) NOT NULL DEFAULT 'manual',
  `logged_at` timestamp NULL DEFAULT NULL,
  `created_at` timestamp NULL DEFAULT NULL,
  `updated_at` timestamp NULL DEFAULT NULL
) ENGINE=InnoDB DEFAULT CHARSET=utf8mb4 COLLATE=utf8mb4_unicode_ci;

--
-- Dumping data for table `securities_logs`
--

INSERT INTO `securities_logs` (`id`, `security_id`, `price`, `change_percent`, `source`, `logged_at`, `created_at`, `updated_at`) VALUES
(1, 26, 0.0407, 0.0000, 'system', '2026-02-19 22:38:07', '2026-02-19 22:38:07', '2026-02-19 22:38:07'),
(2, 1, 23.9800, 0.0000, 'system', '2026-02-23 13:39:13', '2026-02-23 13:39:13', '2026-02-23 13:39:13'),
(3, 1, 27.1100, 13.0525, 'system', '2026-02-23 13:39:39', '2026-02-23 13:39:39', '2026-02-23 13:39:39'),
(4, 2, 91.7400, 0.0000, 'system', '2026-02-23 13:41:32', '2026-02-23 13:41:32', '2026-02-23 13:41:32'),
(5, 2, 93.5000, 1.9185, 'system', '2026-02-23 13:41:52', '2026-02-23 13:41:52', '2026-02-23 13:41:52'),
(6, 3, 521.0000, 0.0000, 'system', '2026-02-23 13:43:07', '2026-02-23 13:43:07', '2026-02-23 13:43:07'),
(7, 3, 522.3400, 0.2572, 'system', '2026-02-23 13:43:19', '2026-02-23 13:43:19', '2026-02-23 13:43:19'),
(8, 4, 49.5500, 0.0000, 'system', '2026-02-23 13:48:38', '2026-02-23 13:48:38', '2026-02-23 13:48:38'),
(9, 4, 48.8000, -1.5136, 'system', '2026-02-23 13:48:57', '2026-02-23 13:48:57', '2026-02-23 13:48:57'),
(10, 5, 11.4500, 0.0000, 'system', '2026-02-23 13:49:58', '2026-02-23 13:49:58', '2026-02-23 13:49:58'),
(11, 5, 11.9500, 4.3668, 'system', '2026-02-23 13:50:06', '2026-02-23 13:50:06', '2026-02-23 13:50:06'),
(12, 6, 31.7700, 0.0000, 'system', '2026-02-23 13:51:01', '2026-02-23 13:51:01', '2026-02-23 13:51:01'),
(13, 6, 32.7700, 3.1476, 'system', '2026-02-23 13:51:10', '2026-02-23 13:51:10', '2026-02-23 13:51:10'),
(14, 7, 5.9800, 0.0000, 'system', '2026-02-23 13:51:56', '2026-02-23 13:51:56', '2026-02-23 13:51:56'),
(15, 7, 6.1800, 3.3445, 'system', '2026-02-23 13:52:09', '2026-02-23 13:52:09', '2026-02-23 13:52:09'),
(16, 8, 29.3200, 0.0000, 'system', '2026-02-23 13:52:52', '2026-02-23 13:52:52', '2026-02-23 13:52:52'),
(17, 8, 28.9900, -1.1255, 'system', '2026-02-23 13:54:01', '2026-02-23 13:54:01', '2026-02-23 13:54:01'),
(18, 8, 28.9900, 0.0000, 'system', '2026-02-23 13:54:06', '2026-02-23 13:54:06', '2026-02-23 13:54:06'),
(19, 16, 252.0000, 0.0000, 'system', '2026-02-23 14:09:21', '2026-02-23 14:09:21', '2026-02-23 14:09:21'),
(20, 16, 250.0000, -0.7937, 'system', '2026-02-23 14:09:30', '2026-02-23 14:09:30', '2026-02-23 14:09:30'),
(21, 26, 7.5000, 18327.5184, 'system', '2026-02-23 14:11:07', '2026-02-23 14:11:07', '2026-02-23 14:11:07'),
(22, 25, 43.6700, 0.0000, 'system', '2026-02-23 14:11:53', '2026-02-23 14:11:53', '2026-02-23 14:11:53'),
(23, 25, 43.5000, -0.3893, 'system', '2026-02-23 14:12:00', '2026-02-23 14:12:00', '2026-02-23 14:12:00'),
(24, 24, 75.3200, 0.0000, 'system', '2026-02-23 15:18:31', '2026-02-23 15:18:31', '2026-02-23 15:18:31'),
(25, 23, 48.5000, 0.0000, 'system', '2026-02-23 15:19:37', '2026-02-23 15:19:37', '2026-02-23 15:19:37'),
(26, 22, 369.0000, 0.0000, 'system', '2026-02-23 15:20:27', '2026-02-23 15:20:27', '2026-02-23 15:20:27'),
(27, 21, 73.9800, 0.0000, 'system', '2026-02-23 15:21:18', '2026-02-23 15:21:18', '2026-02-23 15:21:18'),
(28, 20, 5.5100, 0.0000, 'system', '2026-02-23 15:21:51', '2026-02-23 15:21:51', '2026-02-23 15:21:51'),
(29, 19, 17.1890, 0.0000, 'system', '2026-02-23 15:22:33', '2026-02-23 15:22:33', '2026-02-23 15:22:33'),
(30, 18, 87.2500, 0.0000, 'system', '2026-02-23 15:23:30', '2026-02-23 15:23:30', '2026-02-23 15:23:30'),
(31, 17, 22.3500, 0.0000, 'system', '2026-02-23 15:24:10', '2026-02-23 15:24:10', '2026-02-23 15:24:10'),
(32, 15, 337.0000, 0.0000, 'system', '2026-02-23 15:25:07', '2026-02-23 15:25:07', '2026-02-23 15:25:07'),
(33, 14, 32.2500, 0.0000, 'system', '2026-02-23 15:26:00', '2026-02-23 15:26:00', '2026-02-23 15:26:00'),
(34, 13, 10.8000, 0.0000, 'system', '2026-02-23 15:27:05', '2026-02-23 15:27:05', '2026-02-23 15:27:05'),
(35, 12, 73.7500, 0.0000, 'manual', '2026-02-23 15:27:46', '2026-02-23 15:27:46', '2026-02-23 15:27:46'),
(36, 11, 249.0000, 0.0000, 'system', '2026-02-23 15:28:43', '2026-02-23 15:28:43', '2026-02-23 15:28:43'),
(37, 10, 152.7500, 0.0000, 'system', '2026-02-23 15:29:35', '2026-02-23 15:29:35', '2026-02-23 15:29:35'),
(38, 27, 26.5000, 0.0000, 'manual', '2026-02-24 12:23:37', '2026-02-24 12:23:37', '2026-02-24 12:23:37');

-- --------------------------------------------------------

--
-- Table structure for table `security_orders`
--

CREATE TABLE `security_orders` (
  `id` bigint(20) UNSIGNED NOT NULL,
  `user_id` bigint(20) UNSIGNED NOT NULL,
  `security_id` bigint(20) UNSIGNED NOT NULL,
  `wallet_id` bigint(20) UNSIGNED NOT NULL,
  `order_type` varchar(20) NOT NULL DEFAULT 'buy',
  `status` varchar(20) NOT NULL DEFAULT 'pending',
  `price_per_share` decimal(20,4) NOT NULL,
  `quantity` bigint(20) UNSIGNED NOT NULL,
  `volume` bigint(20) UNSIGNED NOT NULL DEFAULT 0,
  `total_amount` decimal(20,4) NOT NULL,
  `currency_code` varchar(4) NOT NULL DEFAULT 'USD',
  `traded_at` timestamp NULL DEFAULT NULL,
  `profit_loss_amount` decimal(20,4) DEFAULT NULL,
  `profit_loss_percent` decimal(8,4) DEFAULT NULL,
  `is_active` tinyint(1) NOT NULL DEFAULT 1,
  `notes` text DEFAULT NULL,
  `approved_by` bigint(20) UNSIGNED DEFAULT NULL,
  `approved_at` timestamp NULL DEFAULT NULL,
  `created_at` timestamp NULL DEFAULT NULL,
  `updated_at` timestamp NULL DEFAULT NULL
) ENGINE=InnoDB DEFAULT CHARSET=utf8mb4 COLLATE=utf8mb4_unicode_ci;

--
-- Dumping data for table `security_orders`
--

INSERT INTO `security_orders` (`id`, `user_id`, `security_id`, `wallet_id`, `order_type`, `status`, `price_per_share`, `quantity`, `volume`, `total_amount`, `currency_code`, `traded_at`, `profit_loss_amount`, `profit_loss_percent`, `is_active`, `notes`, `approved_by`, `approved_at`, `created_at`, `updated_at`) VALUES
(1, 7, 1, 3, 'buy', 'approved', 0.0001, 1000000, 1000000, 100.0000, 'KSH', '2026-02-19 22:25:03', 0.0000, 0.0000, 1, NULL, 1, '2026-02-23 17:01:27', '2026-02-19 22:25:03', '2026-02-23 17:01:27'),
(2, 14, 1, 4, 'buy', 'approved', 27.1100, 1844, 1844, 49990.8400, 'KSH', '2026-02-23 13:54:54', 0.0000, 0.0000, 1, NULL, 1, '2026-02-23 17:01:23', '2026-02-23 13:54:54', '2026-02-23 17:01:23'),
(3, 14, 1, 4, 'buy', 'approved', 27.1100, 1, 1, 27.1100, 'KSH', '2026-02-23 15:07:42', 0.0000, 0.0000, 1, NULL, 1, '2026-02-23 17:01:19', '2026-02-23 15:07:42', '2026-02-23 17:01:19'),
(4, 16, 1, 5, 'buy', 'approved', 27.1100, 22685, 22685, 614990.3500, 'KSH', '2026-02-24 12:20:27', 0.0000, 0.0000, 1, NULL, 1, '2026-02-24 12:59:49', '2026-02-24 12:20:27', '2026-02-24 12:59:49'),
(5, 23, 1, 7, 'buy', 'pending', 27.1100, 1, 1, 27.1100, 'KSH', '2026-02-24 13:20:52', 0.0000, 0.0000, 1, NULL, NULL, NULL, '2026-02-24 13:20:52', '2026-02-24 13:20:52'),
(6, 23, 4, 7, 'buy', 'pending', 48.8000, 1, 1, 48.8000, 'KSH', '2026-02-24 13:21:30', 0.0000, 0.0000, 1, NULL, NULL, NULL, '2026-02-24 13:21:30', '2026-02-24 13:21:30'),
(7, 24, 1, 9, 'buy', 'approved', 27.1100, 5533, 5533, 149999.6300, 'KSH', '2026-02-26 11:21:04', 0.0000, 0.0000, 1, NULL, 1, '2026-02-26 11:26:52', '2026-02-26 11:21:04', '2026-02-26 11:26:52'),
(8, 24, 1, 9, 'sell', 'approved', 27.1100, 1, 1, 27.1100, 'KSH', '2026-02-28 19:33:37', 0.0000, 0.0000, 0, NULL, 1, '2026-02-28 19:35:36', '2026-02-28 19:33:37', '2026-02-28 19:35:36'),
(9, 24, 1, 9, 'sell', 'approved', 27.1100, 5500, 5500, 149105.0000, 'KSH', '2026-02-28 19:34:38', 0.0000, 0.0000, 0, NULL, 1, '2026-02-28 19:35:39', '2026-02-28 19:34:38', '2026-02-28 19:35:39');

-- --------------------------------------------------------

--
-- Table structure for table `security_watchlists`
--

CREATE TABLE `security_watchlists` (
  `id` bigint(20) UNSIGNED NOT NULL,
  `user_id` bigint(20) UNSIGNED NOT NULL,
  `security_id` bigint(20) UNSIGNED NOT NULL,
  `created_at` timestamp NULL DEFAULT NULL,
  `updated_at` timestamp NULL DEFAULT NULL
) ENGINE=InnoDB DEFAULT CHARSET=utf8mb4 COLLATE=utf8mb4_unicode_ci;

-- --------------------------------------------------------

--
-- Table structure for table `sessions`
--

CREATE TABLE `sessions` (
  `id` varchar(255) NOT NULL,
  `user_id` bigint(20) UNSIGNED DEFAULT NULL,
  `ip_address` varchar(45) DEFAULT NULL,
  `user_agent` text DEFAULT NULL,
  `payload` longtext NOT NULL,
  `last_activity` int(11) NOT NULL
) ENGINE=InnoDB DEFAULT CHARSET=utf8mb4 COLLATE=utf8mb4_unicode_ci;

--
-- Dumping data for table `sessions`
--

INSERT INTO `sessions` (`id`, `user_id`, `ip_address`, `user_agent`, `payload`, `last_activity`) VALUES
('7FLXGXn4ShGqPak5YeXWbItecoTwVPR21cENt6R2', 24, '154.159.252.209', 'Mozilla/5.0 (Linux; Android 10; K) AppleWebKit/537.36 (KHTML, like Gecko) Chrome/145.0.0.0 Mobile Safari/537.36', 'YTo0OntzOjY6Il90b2tlbiI7czo0MDoiNTV4VDNBYmlXdUlxc2RDTmRqY1gxdHpiVXhCaHFMZXhkWmVZZVgxQyI7czo2OiJfZmxhc2giO2E6Mjp7czozOiJvbGQiO2E6MDp7fXM6MzoibmV3IjthOjA6e319czo5OiJfcHJldmlvdXMiO2E6Mjp7czozOiJ1cmwiO3M6NDU6Imh0dHBzOi8vaG9tZS56aWlkaXRyYWRlci5jb20vbWVtYmVyL2Rhc2hib2FyZCI7czo1OiJyb3V0ZSI7czoxNjoibWVtYmVyLmRhc2hib2FyZCI7fXM6NTA6ImxvZ2luX3dlYl81OWJhMzZhZGRjMmIyZjk0MDE1ODBmMDE0YzdmNThlYTRlMzA5ODlkIjtpOjI0O30=', 1772278937),
('8VzFA30EXvYR4mFkPi3bKVKdkRMVSPzHBilupTih', 24, '154.159.252.209', 'Mozilla/5.0 (Windows NT 10.0; Win64; x64; rv:147.0) Gecko/20100101 Firefox/147.0', 'YTo1OntzOjY6Il90b2tlbiI7czo0MDoiS1FnR1JoRWc2SW9UT0I4OFEycHB4a2M5QmlScU05ZndMeU5PWFRLViI7czozOiJ1cmwiO2E6MTp7czo4OiJpbnRlbmRlZCI7czo0NToiaHR0cHM6Ly9ob21lLnppaWRpdHJhZGVyLmNvbS9hZG1pbi9zZWN1cml0aWVzIjt9czo5OiJfcHJldmlvdXMiO2E6Mjp7czozOiJ1cmwiO3M6NDU6Imh0dHBzOi8vaG9tZS56aWlkaXRyYWRlci5jb20vbWVtYmVyL2Rhc2hib2FyZCI7czo1OiJyb3V0ZSI7czoxNjoibWVtYmVyLmRhc2hib2FyZCI7fXM6NjoiX2ZsYXNoIjthOjI6e3M6Mzoib2xkIjthOjA6e31zOjM6Im5ldyI7YTowOnt9fXM6NTA6ImxvZ2luX3dlYl81OWJhMzZhZGRjMmIyZjk0MDE1ODBmMDE0YzdmNThlYTRlMzA5ODlkIjtpOjI0O30=', 1772284973),
('9LQxZamypg3sAZBdRFfTAT2vsxZDZQhc00DxnyQU', NULL, '197.254.68.14', 'Mozilla/5.0 (Windows NT 10.0; Win64; x64) AppleWebKit/537.36 (KHTML, like Gecko) Chrome/145.0.0.0 Safari/537.36', 'YTo0OntzOjY6Il90b2tlbiI7czo0MDoia014dklsSXJsek9Fdkw5R3lCS2psQkRmZ1Bac2lBR0hvU0RXa3Q3RiI7czozOiJ1cmwiO2E6MTp7czo4OiJpbnRlbmRlZCI7czo0MToiaHR0cHM6Ly9ob21lLnppaWRpdHJhZGVyLmNvbS9tZW1iZXIvdHJhZGUiO31zOjk6Il9wcmV2aW91cyI7YToyOntzOjM6InVybCI7czo0MToiaHR0cHM6Ly9ob21lLnppaWRpdHJhZGVyLmNvbS9tZW1iZXIvdHJhZGUiO3M6NToicm91dGUiO3M6MTI6Im1lbWJlci50cmFkZSI7fXM6NjoiX2ZsYXNoIjthOjI6e3M6Mzoib2xkIjthOjA6e31zOjM6Im5ldyI7YTowOnt9fX0=', 1772283325),
('cGzdB6lTaC6RGM1swRAZuLVxvMKbAGMiazPdRKOj', 1, '154.159.252.209', 'Mozilla/5.0 (Linux; Android 10; K) AppleWebKit/537.36 (KHTML, like Gecko) Chrome/145.0.0.0 Mobile Safari/537.36', 'YTo1OntzOjY6Il90b2tlbiI7czo0MDoiUVNxTXlNMWZpdW1PaW5US3JudEdCQWluVkt3S2JCc0ExTXlENEhTSyI7czozOiJ1cmwiO2E6MTp7czo4OiJpbnRlbmRlZCI7czo1MDoiaHR0cHM6Ly9ob21lLnppaWRpdHJhZGVyLmNvbS9hZG1pbi93YWxsZXQtcmVxdWVzdHMiO31zOjk6Il9wcmV2aW91cyI7YToyOntzOjM6InVybCI7czoyODoiaHR0cHM6Ly9ob21lLnppaWRpdHJhZGVyLmNvbSI7czo1OiJyb3V0ZSI7czo0OiJob21lIjt9czo2OiJfZmxhc2giO2E6Mjp7czozOiJvbGQiO2E6MDp7fXM6MzoibmV3IjthOjA6e319czo1MDoibG9naW5fd2ViXzU5YmEzNmFkZGMyYjJmOTQwMTU4MGYwMTRjN2Y1OGVhNGUzMDk4OWQiO2k6MTt9', 1772282265),
('FaLDu277voiZLrJwIoE8gJw0ToN28KDTTuP3EBt2', 24, '154.159.252.209', 'Mozilla/5.0 (Linux; Android 10; K) AppleWebKit/537.36 (KHTML, like Gecko) Chrome/145.0.0.0 Mobile Safari/537.36', 'YTo0OntzOjY6Il90b2tlbiI7czo0MDoiYUt6d0NPRzNsM3k5UlNoS0NjbXpESFFYUjhSWUxFbGtPOTRSa1dtViI7czo1MDoibG9naW5fd2ViXzU5YmEzNmFkZGMyYjJmOTQwMTU4MGYwMTRjN2Y1OGVhNGUzMDk4OWQiO2k6MjQ7czo5OiJfcHJldmlvdXMiO2E6Mjp7czozOiJ1cmwiO3M6NDU6Imh0dHBzOi8vaG9tZS56aWlkaXRyYWRlci5jb20vbWVtYmVyL2Rhc2hib2FyZCI7czo1OiJyb3V0ZSI7czoxNjoibWVtYmVyLmRhc2hib2FyZCI7fXM6NjoiX2ZsYXNoIjthOjI6e3M6Mzoib2xkIjthOjA6e31zOjM6Im5ldyI7YTowOnt9fX0=', 1772286006),
('qCEwRybHsYq25yPZGV3p2Ub3Xbp9fALk1RyFocj7', NULL, '197.155.95.4', 'Mozilla/5.0 (Windows NT 10.0; Win64; x64) AppleWebKit/537.36 (KHTML, like Gecko) Chrome/144.0.0.0 Safari/537.36', 'YTo0OntzOjY6Il90b2tlbiI7czo0MDoidmUwTzZaRHl1ZTVadXVoOEpGa1BVSDAyVGp3dDVLVTFXUUlvcldYbiI7czozOiJ1cmwiO2E6MTp7czo4OiJpbnRlbmRlZCI7czo0MToiaHR0cHM6Ly9ob21lLnppaWRpdHJhZGVyLmNvbS9tZW1iZXIvdHJhZGUiO31zOjk6Il9wcmV2aW91cyI7YToyOntzOjM6InVybCI7czo0MToiaHR0cHM6Ly9ob21lLnppaWRpdHJhZGVyLmNvbS9tZW1iZXIvbG9naW4iO3M6NToicm91dGUiO3M6NToibG9naW4iO31zOjY6Il9mbGFzaCI7YToyOntzOjM6Im9sZCI7YTowOnt9czozOiJuZXciO2E6MDp7fX19', 1772283332);

-- --------------------------------------------------------

--
-- Table structure for table `vrm_permissions`
--

CREATE TABLE `vrm_permissions` (
  `id` bigint(20) UNSIGNED NOT NULL,
  `name` varchar(255) NOT NULL,
  `slug` varchar(255) NOT NULL,
  `description` text DEFAULT NULL,
  `guard_name` varchar(255) NOT NULL DEFAULT 'web',
  `is_active` tinyint(1) NOT NULL DEFAULT 1,
  `created_at` timestamp NULL DEFAULT NULL,
  `updated_at` timestamp NULL DEFAULT NULL
) ENGINE=InnoDB DEFAULT CHARSET=utf8mb4 COLLATE=utf8mb4_unicode_ci;

-- --------------------------------------------------------

--
-- Table structure for table `vrm_permission_role`
--

CREATE TABLE `vrm_permission_role` (
  `permission_id` bigint(20) UNSIGNED NOT NULL,
  `role_id` bigint(20) UNSIGNED NOT NULL,
  `is_active` tinyint(1) NOT NULL DEFAULT 1,
  `created_at` timestamp NULL DEFAULT NULL,
  `updated_at` timestamp NULL DEFAULT NULL
) ENGINE=InnoDB DEFAULT CHARSET=utf8mb4 COLLATE=utf8mb4_unicode_ci;

-- --------------------------------------------------------

--
-- Table structure for table `vrm_roles`
--

CREATE TABLE `vrm_roles` (
  `id` bigint(20) UNSIGNED NOT NULL,
  `name` varchar(255) NOT NULL,
  `slug` varchar(255) NOT NULL,
  `module` varchar(2000) DEFAULT 'dashboard,users,permissions,upload,update,download',
  `authority` varchar(20) DEFAULT 'main' COMMENT 'main - backend, comp - commpany, part - partner',
  `description` text DEFAULT NULL,
  `guard_name` varchar(255) NOT NULL DEFAULT 'web',
  `is_active` tinyint(1) NOT NULL DEFAULT 1,
  `created_at` timestamp NULL DEFAULT NULL,
  `updated_at` timestamp NULL DEFAULT NULL
) ENGINE=InnoDB DEFAULT CHARSET=utf8mb4 COLLATE=utf8mb4_unicode_ci;

--
-- Dumping data for table `vrm_roles`
--

INSERT INTO `vrm_roles` (`id`, `name`, `slug`, `module`, `authority`, `description`, `guard_name`, `is_active`, `created_at`, `updated_at`) VALUES
(1, 'Super Admin', 'super-admin', 'Dashboard', 'main', 'Super Admin', 'web', 1, '2026-02-14 04:40:01', '2026-02-14 04:40:01'),
(2, 'Admin', 'admin', 'Dashboard', 'main', 'Admin', 'web', 1, '2026-02-14 04:40:01', '2026-02-14 04:40:01'),
(3, 'Member', 'member', 'contribution', 'member', 'Member', 'web', 1, '2026-02-14 04:40:01', '2026-02-14 04:40:01');

-- --------------------------------------------------------

--
-- Table structure for table `vrm_role_user`
--

CREATE TABLE `vrm_role_user` (
  `user_id` bigint(20) UNSIGNED NOT NULL,
  `role_id` bigint(20) UNSIGNED NOT NULL,
  `is_active` tinyint(1) NOT NULL DEFAULT 1,
  `created_at` timestamp NULL DEFAULT NULL,
  `updated_at` timestamp NULL DEFAULT NULL
) ENGINE=InnoDB DEFAULT CHARSET=utf8mb4 COLLATE=utf8mb4_unicode_ci;

--
-- Dumping data for table `vrm_role_user`
--

INSERT INTO `vrm_role_user` (`user_id`, `role_id`, `is_active`, `created_at`, `updated_at`) VALUES
(1, 1, 1, NULL, NULL),
(7, 3, 1, NULL, NULL),
(9, 3, 1, NULL, NULL),
(10, 3, 1, NULL, NULL),
(11, 3, 1, NULL, NULL),
(12, 3, 1, NULL, NULL),
(13, 3, 1, NULL, NULL),
(14, 3, 1, NULL, NULL),
(16, 3, 1, NULL, NULL),
(17, 3, 1, NULL, NULL),
(18, 3, 1, NULL, NULL),
(19, 3, 1, NULL, NULL),
(20, 3, 1, NULL, NULL),
(21, 3, 1, NULL, NULL),
(22, 3, 1, NULL, NULL),
(23, 3, 1, NULL, NULL),
(24, 3, 1, NULL, NULL),
(25, 3, 1, NULL, NULL);

-- --------------------------------------------------------

--
-- Table structure for table `vrm_slug_registry`
--

CREATE TABLE `vrm_slug_registry` (
  `id` bigint(20) UNSIGNED NOT NULL,
  `entity_type` varchar(100) NOT NULL COMMENT 'Model class name or table name',
  `entity_id` bigint(20) UNSIGNED NOT NULL COMMENT 'Primary key of the related record',
  `slug` varchar(200) NOT NULL,
  `original_text` varchar(255) DEFAULT NULL COMMENT 'Original text before slugification',
  `is_primary` tinyint(1) NOT NULL DEFAULT 1 COMMENT 'If entity has multiple slugs, indicates primary one',
  `is_active` tinyint(1) NOT NULL DEFAULT 1,
  `created_at` timestamp NULL DEFAULT NULL,
  `updated_at` timestamp NULL DEFAULT NULL,
  `deleted_at` timestamp NULL DEFAULT NULL
) ENGINE=InnoDB DEFAULT CHARSET=utf8mb4 COLLATE=utf8mb4_unicode_ci;

--
-- Dumping data for table `vrm_slug_registry`
--

INSERT INTO `vrm_slug_registry` (`id`, `entity_type`, `entity_id`, `slug`, `original_text`, `is_primary`, `is_active`, `created_at`, `updated_at`, `deleted_at`) VALUES
(1, 'App\\Models\\Vrm\\Role', 1, 'super-admin', 'Super Admin', 1, 1, '2026-02-14 04:40:01', '2026-02-14 04:40:01', NULL),
(2, 'App\\Models\\Vrm\\Role', 2, 'admin', 'Admin', 1, 1, '2026-02-14 04:40:01', '2026-02-14 04:40:01', NULL),
(3, 'App\\Models\\Vrm\\Role', 3, 'member', 'Member', 1, 1, '2026-02-14 04:40:01', '2026-02-14 04:40:01', NULL),
(4, 'App\\Models\\User', 1, 'john-doe', 'John Doe', 1, 1, '2026-02-14 04:58:41', '2026-02-14 04:58:41', NULL),
(5, 'App\\Models\\User', 2, 'james-maina', 'James Maina', 1, 1, '2026-02-14 08:48:28', '2026-02-14 08:48:28', NULL),
(6, 'App\\Models\\User', 3, 'james-maina-1', 'James Maina', 1, 1, '2026-02-14 10:35:57', '2026-02-14 10:35:57', NULL),
(7, 'App\\Models\\User', 4, 'brian', 'Brian', 1, 1, '2026-02-14 10:38:24', '2026-02-14 10:38:24', NULL),
(8, 'App\\Models\\User', 5, 'jane-rose', 'Jane Rose', 1, 1, '2026-02-16 15:00:59', '2026-02-16 15:00:59', NULL),
(9, 'App\\Models\\User', 6, 'jane-rose-1', 'Jane Rose', 1, 1, '2026-02-16 15:02:57', '2026-02-16 15:02:57', NULL),
(10, 'App\\Models\\User', 7, 'james-maina-2', 'James Maina', 1, 1, '2026-02-16 16:03:09', '2026-02-16 16:03:09', NULL),
(11, 'App\\Models\\User', 8, 'joshua-minga', 'Joshua Minga', 1, 1, '2026-02-20 21:51:48', '2026-02-20 21:51:48', NULL),
(12, 'App\\Models\\User', 9, 'joshua-minga-1', 'Joshua Minga', 1, 1, '2026-02-20 22:00:39', '2026-02-20 22:00:39', NULL),
(13, 'App\\Models\\User', 10, 'coinxm', 'Coinxm', 1, 1, '2026-02-20 22:38:41', '2026-02-20 22:38:41', NULL),
(14, 'App\\Models\\User', 11, 'coinxm-1', 'Coinxm', 1, 1, '2026-02-21 18:17:17', '2026-02-21 18:17:17', NULL),
(15, 'App\\Models\\User', 12, 'hagy-test', 'Hagy test', 1, 1, '2026-02-21 18:21:26', '2026-02-21 18:21:26', NULL),
(16, 'App\\Models\\User', 13, 'kevin-ouko', 'Kevin Ouko', 1, 1, '2026-02-21 20:16:27', '2026-02-21 20:16:27', NULL),
(17, 'App\\Models\\User', 14, 'mouris-welagumu-shisanya', 'Mouris Welagumu Shisanya', 1, 1, '2026-02-23 13:29:07', '2026-02-23 13:29:07', NULL),
(18, 'App\\Models\\User', 15, 'robert-muchila', 'robert muchila', 1, 1, '2026-02-23 14:13:16', '2026-02-23 14:13:16', NULL),
(19, 'App\\Models\\User', 16, 'dominic-mutini-mutuku', 'Dominic mutini Mutuku', 1, 1, '2026-02-23 14:19:11', '2026-02-23 14:19:11', NULL),
(20, 'App\\Models\\User', 17, 'julius-nyarike', 'Julius Nyarike', 1, 1, '2026-02-23 14:41:15', '2026-02-23 14:41:15', NULL),
(21, 'App\\Models\\User', 18, 'katam-kipsoimo', 'katam kipsoimo', 1, 1, '2026-02-23 16:45:50', '2026-02-23 16:45:50', NULL),
(22, 'App\\Models\\User', 19, 'robert-muchila-1', 'robert muchila', 1, 1, '2026-02-23 17:34:43', '2026-02-23 17:34:43', NULL),
(23, 'App\\Models\\User', 20, 'florence-maina', 'florence maina', 1, 1, '2026-02-23 22:32:42', '2026-02-23 22:32:42', NULL),
(24, 'App\\Models\\User', 21, 'eminem-ellect', 'Eminem Ellect', 1, 1, '2026-02-23 23:49:28', '2026-02-23 23:49:28', NULL),
(25, 'App\\Models\\User', 22, 'ellect-eminem', 'Ellect Eminem', 1, 1, '2026-02-23 23:54:33', '2026-02-23 23:54:33', NULL),
(26, 'App\\Models\\User', 23, 'virginia-mutuku', 'VIRGINIA MUTUKU', 1, 1, '2026-02-24 10:59:39', '2026-02-24 10:59:39', NULL),
(27, 'App\\Models\\User', 24, 'augustinefx', 'Augustinefx', 1, 1, '2026-02-24 15:15:56', '2026-02-24 15:15:56', NULL),
(28, 'App\\Models\\User', 25, 'sarah-katulle', 'Sarah Katulle', 1, 1, '2026-02-27 00:15:18', '2026-02-27 00:15:18', NULL);

-- --------------------------------------------------------

--
-- Table structure for table `vrm_taxonomies`
--

CREATE TABLE `vrm_taxonomies` (
  `id` bigint(20) UNSIGNED NOT NULL,
  `type` varchar(255) NOT NULL COMMENT 'Describes entity type: country, category, gender, etc.',
  `group` varchar(255) DEFAULT NULL COMMENT 'Grouping',
  `parent_id` bigint(20) UNSIGNED DEFAULT NULL,
  `reference` varchar(255) DEFAULT NULL COMMENT 'Reference to external entity',
  `name` varchar(500) NOT NULL,
  `is_active` tinyint(1) NOT NULL DEFAULT 1,
  `position` smallint(5) UNSIGNED NOT NULL DEFAULT 0 COMMENT 'For manual ordering',
  `created_at` timestamp NULL DEFAULT NULL,
  `updated_at` timestamp NULL DEFAULT NULL,
  `deleted_at` timestamp NULL DEFAULT NULL
) ENGINE=InnoDB DEFAULT CHARSET=utf8mb4 COLLATE=utf8mb4_unicode_ci;

-- --------------------------------------------------------

--
-- Table structure for table `wallets`
--

CREATE TABLE `wallets` (
  `id` bigint(20) UNSIGNED NOT NULL,
  `user_id` bigint(20) UNSIGNED NOT NULL,
  `currency_code` varchar(4) NOT NULL DEFAULT 'USD',
  `balance` decimal(20,4) NOT NULL DEFAULT 0.0000,
  `used_amount` decimal(20,4) NOT NULL DEFAULT 0.0000,
  `withdrawal_hold_amount` decimal(20,4) NOT NULL DEFAULT 0.0000,
  `earned_amount` decimal(20,4) NOT NULL DEFAULT 0.0000,
  `is_active` tinyint(1) NOT NULL DEFAULT 1,
  `created_at` timestamp NULL DEFAULT NULL,
  `updated_at` timestamp NULL DEFAULT NULL
) ENGINE=InnoDB DEFAULT CHARSET=utf8mb4 COLLATE=utf8mb4_unicode_ci;

--
-- Dumping data for table `wallets`
--

INSERT INTO `wallets` (`id`, `user_id`, `currency_code`, `balance`, `used_amount`, `withdrawal_hold_amount`, `earned_amount`, `is_active`, `created_at`, `updated_at`) VALUES
(3, 7, 'KES', 8645.0000, 320.0000, 5971.0000, 545.0000, 1, '2026-02-16 16:03:48', '2026-02-24 11:42:11'),
(4, 14, 'KSH', 499982.0500, 0.0000, 0.0000, 0.0000, 1, '2026-02-23 13:33:34', '2026-02-23 17:02:52'),
(5, 16, 'KSH', 514897.6500, 0.0000, 0.0000, 0.0000, 1, '2026-02-23 14:21:38', '2026-02-24 13:16:29'),
(6, 17, 'KSH', 0.0000, 0.0000, 0.0000, 0.0000, 1, '2026-02-23 14:46:20', '2026-02-23 14:46:20'),
(7, 23, 'KSH', 1419815.2000, 75.9100, 1290672.0000, 0.0000, 1, '2026-02-24 11:59:26', '2026-02-25 15:07:35'),
(8, 19, 'KSH', 50000.0000, 0.0000, 0.0000, 0.0000, 1, '2026-02-24 12:56:56', '2026-02-24 12:57:55'),
(9, 24, 'KSH', 702047.4800, 0.0000, 0.0000, 484410.0000, 1, '2026-02-24 15:16:55', '2026-02-28 19:39:51'),
(10, 25, 'KSH', 0.0000, 0.0000, 0.0000, 0.0000, 1, '2026-02-27 00:15:54', '2026-02-27 00:15:54');

-- --------------------------------------------------------

--
-- Table structure for table `wallet_transactions`
--

CREATE TABLE `wallet_transactions` (
  `id` bigint(20) UNSIGNED NOT NULL,
  `wallet_id` bigint(20) UNSIGNED NOT NULL,
  `user_id` bigint(20) UNSIGNED NOT NULL,
  `type` varchar(30) NOT NULL,
  `provider` varchar(255) DEFAULT NULL,
  `status` varchar(30) NOT NULL DEFAULT 'completed',
  `provider_status` varchar(50) DEFAULT NULL,
  `amount` decimal(20,4) NOT NULL,
  `currency_code` varchar(4) NOT NULL DEFAULT 'USD',
  `description` varchar(255) DEFAULT NULL,
  `phone_number` varchar(30) DEFAULT NULL,
  `transaction_code` varchar(50) DEFAULT NULL,
  `merchant_request_id` varchar(255) DEFAULT NULL,
  `checkout_request_id` varchar(255) DEFAULT NULL,
  `provider_reference` varchar(255) DEFAULT NULL,
  `provider_response` longtext CHARACTER SET utf8mb4 COLLATE utf8mb4_bin DEFAULT NULL CHECK (json_valid(`provider_response`)),
  `meta` longtext CHARACTER SET utf8mb4 COLLATE utf8mb4_bin DEFAULT NULL CHECK (json_valid(`meta`)),
  `approved_by` bigint(20) UNSIGNED DEFAULT NULL,
  `approved_at` timestamp NULL DEFAULT NULL,
  `processed_at` timestamp NULL DEFAULT NULL,
  `created_at` timestamp NULL DEFAULT NULL,
  `updated_at` timestamp NULL DEFAULT NULL
) ENGINE=InnoDB DEFAULT CHARSET=utf8mb4 COLLATE=utf8mb4_unicode_ci;

--
-- Dumping data for table `wallet_transactions`
--

INSERT INTO `wallet_transactions` (`id`, `wallet_id`, `user_id`, `type`, `provider`, `status`, `provider_status`, `amount`, `currency_code`, `description`, `phone_number`, `transaction_code`, `merchant_request_id`, `checkout_request_id`, `provider_reference`, `provider_response`, `meta`, `approved_by`, `approved_at`, `processed_at`, `created_at`, `updated_at`) VALUES
(15, 3, 7, 'mpesa_deposit_request', NULL, 'approved', NULL, 1000.0000, 'KES', 'M-Pesa wallet deposit request', '254708549708', 'WERWERWER', NULL, NULL, NULL, NULL, '{\"channel\": \"mpesa\", \"reference\": \"WERWERWER\", \"phone_number\": \"254708549708\"}', 1, '2026-02-16 16:19:12', NULL, '2026-02-16 16:16:24', '2026-02-16 16:19:12'),
(16, 3, 7, 'mpesa_deposit_request', NULL, 'approved', NULL, 10000.0000, 'KES', 'M-Pesa wallet deposit request', '254708549708', '444444', NULL, NULL, NULL, NULL, '{\"channel\": \"mpesa\", \"reference\": \"444444\", \"phone_number\": \"254708549708\"}', 1, '2026-02-16 16:19:24', NULL, '2026-02-16 16:18:37', '2026-02-16 16:19:24'),
(17, 3, 7, 'withdrawal_request', NULL, 'approved', NULL, 3000.0000, 'KES', 'Wallet withdrawal request', NULL, NULL, NULL, NULL, NULL, NULL, NULL, 1, '2026-02-16 16:20:24', NULL, '2026-02-16 16:19:44', '2026-02-16 16:20:24'),
(18, 3, 7, 'investment_debit', NULL, 'completed', NULL, 5000.0000, 'KES', 'Subscription to 2Days Package', NULL, NULL, NULL, NULL, NULL, NULL, '{\"package_id\": 2, \"investment_id\": 2, \"duration_hours\": 48, \"expected_return\": 5500}', NULL, NULL, NULL, '2026-02-16 16:22:43', '2026-02-16 16:22:43'),
(19, 3, 7, 'investment_debit', NULL, 'completed', NULL, 500.0000, 'KES', 'Subscription to 24hrs Gain Starter', NULL, NULL, NULL, NULL, NULL, NULL, '{\"package_id\": 1, \"investment_id\": 3, \"duration_hours\": 24, \"expected_return\": 525}', NULL, NULL, NULL, '2026-02-16 16:23:30', '2026-02-16 16:23:30'),
(20, 3, 7, 'investment_debit', NULL, 'completed', NULL, 200.0000, 'KES', 'Subscription to 24hrs Gain Starter', NULL, NULL, NULL, NULL, NULL, NULL, '{\"package_id\": 1, \"investment_id\": 4, \"duration_hours\": 24, \"expected_return\": 210}', NULL, NULL, NULL, '2026-02-17 08:09:21', '2026-02-17 08:09:21'),
(21, 3, 7, 'investment_debit', NULL, 'completed', NULL, 200.0000, 'KES', 'Subscription to 24hrs Gain Starter', NULL, NULL, NULL, NULL, NULL, NULL, '{\"package_id\": 1, \"investment_id\": 5, \"duration_hours\": 24, \"expected_return\": 210}', NULL, NULL, NULL, '2026-02-17 09:04:37', '2026-02-17 09:04:37'),
(22, 3, 7, 'mpesa_deposit_request', NULL, 'pending', NULL, 7000.0000, 'KES', 'M-Pesa wallet deposit request', '254708549622', NULL, NULL, NULL, NULL, NULL, '{\"channel\": \"mpesa\", \"phone_number\": \"254708549622\"}', NULL, NULL, NULL, '2026-02-18 09:09:04', '2026-02-18 09:09:04'),
(23, 3, 7, 'mpesa_deposit_request', NULL, 'pending', NULL, 200.0000, 'KES', 'M-Pesa wallet deposit request', '254708549611', NULL, NULL, NULL, NULL, NULL, '{\"channel\": \"mpesa\", \"phone_number\": \"254708549611\"}', NULL, NULL, NULL, '2026-02-18 12:34:50', '2026-02-18 12:34:50'),
(24, 3, 7, 'mpesa_deposit_request', NULL, 'pending', NULL, 400.0000, 'KES', 'M-Pesa wallet deposit request', '254708540116', NULL, NULL, NULL, NULL, NULL, '{\"channel\": \"mpesa\", \"phone_number\": \"254708540116\"}', NULL, NULL, NULL, '2026-02-18 12:38:28', '2026-02-18 12:38:28'),
(25, 3, 7, 'withdrawal_request', NULL, 'pending', NULL, 200.0000, 'KES', 'Wallet withdrawal request', NULL, NULL, NULL, NULL, NULL, NULL, '{\"channel\": \"bank\", \"bank_name\": \"Co-oop\", \"account_number\": \"245678998777\", \"account_holder_name\": \"Kimanga\"}', NULL, NULL, NULL, '2026-02-18 13:02:55', '2026-02-18 13:02:55'),
(26, 3, 7, 'withdrawal_request', NULL, 'pending', NULL, 120.0000, 'KES', 'Wallet withdrawal request', NULL, NULL, NULL, NULL, NULL, NULL, '{\"channel\": \"mpesa\", \"phone_number\": \"254708556622\"}', NULL, NULL, NULL, '2026-02-18 13:03:19', '2026-02-18 13:03:19'),
(27, 3, 7, 'mpesa_deposit_request', NULL, 'pending', NULL, 10000.0000, 'KES', 'M-Pesa wallet deposit request', '0744555555', NULL, NULL, NULL, NULL, NULL, '{\"channel\": \"mpesa\", \"phone_number\": \"0744555555\"}', NULL, NULL, NULL, '2026-02-18 23:43:07', '2026-02-18 23:43:07'),
(28, 3, 7, 'withdrawal_request', NULL, 'pending', NULL, 1000.0000, 'KES', 'Wallet withdrawal request', NULL, NULL, NULL, NULL, NULL, NULL, '{\"channel\": \"mpesa\", \"phone_number\": \"0765555554\"}', NULL, NULL, NULL, '2026-02-18 23:44:21', '2026-02-18 23:44:21'),
(29, 3, 7, 'investment_credit', NULL, 'completed', NULL, 210.0000, 'KES', 'Investment return claimed', NULL, NULL, NULL, NULL, NULL, NULL, '{\"investment_id\": 5, \"principal_amount\": 200}', NULL, NULL, NULL, '2026-02-18 23:46:31', '2026-02-18 23:46:31'),
(30, 3, 7, 'investment_credit', NULL, 'completed', NULL, 210.0000, 'KES', 'Investment return claimed', NULL, NULL, NULL, NULL, NULL, NULL, '{\"investment_id\": 4, \"principal_amount\": 200}', NULL, NULL, NULL, '2026-02-18 23:48:39', '2026-02-18 23:48:39'),
(31, 3, 7, 'investment_credit', NULL, 'completed', NULL, 525.0000, 'KES', 'Investment return claimed', NULL, NULL, NULL, NULL, NULL, NULL, '{\"investment_id\": 3, \"principal_amount\": 500}', NULL, NULL, NULL, '2026-02-18 23:48:51', '2026-02-18 23:48:51'),
(32, 3, 7, 'investment_credit', NULL, 'completed', NULL, 5500.0000, 'KES', 'Investment return claimed', NULL, NULL, NULL, NULL, NULL, NULL, '{\"investment_id\": 2, \"principal_amount\": 5000}', NULL, NULL, NULL, '2026-02-18 23:48:59', '2026-02-18 23:48:59'),
(33, 3, 7, 'mpesa_deposit_request', NULL, 'pending', NULL, 7000.0000, 'KES', 'M-Pesa wallet deposit request', '254710358071', NULL, NULL, NULL, NULL, NULL, '{\"amount\": 9000, \"intent\": \"subscription\", \"channel\": \"mpesa\", \"package_id\": 2, \"phone_number\": \"254710358071\"}', NULL, NULL, NULL, '2026-02-18 23:52:58', '2026-02-18 23:52:58'),
(34, 3, 7, 'investment_debit', NULL, 'completed', NULL, 100.0000, 'KES', 'Subscription to 24hrs Gain Starter', NULL, NULL, NULL, NULL, NULL, NULL, '{\"package_id\": 1, \"investment_id\": 6, \"duration_hours\": 24, \"expected_return\": 105}', NULL, NULL, NULL, '2026-02-19 01:10:23', '2026-02-19 01:10:23'),
(35, 3, 7, 'mpesa_deposit_request', NULL, 'pending', NULL, 200.0000, 'KES', 'M-Pesa wallet deposit request', '254755635322', NULL, NULL, NULL, NULL, NULL, '{\"channel\": \"mpesa\", \"phone_number\": \"254755635322\"}', NULL, NULL, NULL, '2026-02-19 01:18:09', '2026-02-19 01:18:09'),
(36, 3, 7, 'mpesa_deposit_request', NULL, 'pending', NULL, 200.0000, 'KES', 'M-Pesa wallet deposit request', '254789666544', NULL, NULL, NULL, NULL, NULL, '{\"channel\": \"mpesa\", \"phone_number\": \"254789666544\"}', NULL, NULL, NULL, '2026-02-19 01:29:09', '2026-02-19 01:29:09'),
(37, 3, 7, 'withdrawal_request', NULL, 'pending', NULL, 100.0000, 'KES', 'Wallet withdrawal request', NULL, NULL, NULL, NULL, NULL, NULL, '{\"channel\": \"mpesa\", \"phone_number\": \"254766543432\"}', NULL, NULL, NULL, '2026-02-19 01:30:29', '2026-02-19 01:30:29'),
(38, 3, 7, 'investment_debit', NULL, 'completed', NULL, 100.0000, 'KES', 'Subscription to 24hrs Gain Starter', NULL, NULL, NULL, NULL, NULL, NULL, '{\"package_id\": 1, \"investment_id\": 7, \"duration_hours\": 24, \"expected_return\": 105}', NULL, NULL, NULL, '2026-02-19 01:31:34', '2026-02-19 01:31:34'),
(39, 3, 7, 'mpesa_deposit_request', NULL, 'pending', NULL, 250.0000, 'KSH', 'M-Pesa wallet deposit request', '254724656888', NULL, NULL, NULL, NULL, NULL, '{\"channel\": \"mpesa\", \"phone_number\": \"254724656888\"}', NULL, NULL, NULL, '2026-02-19 01:59:33', '2026-02-19 01:59:33'),
(40, 3, 7, 'mpesa_deposit_request', NULL, 'pending', NULL, 260.0000, 'KSH', 'M-Pesa wallet deposit request', '254766645665', NULL, NULL, NULL, NULL, NULL, '{\"channel\": \"mpesa\", \"phone_number\": \"254766645665\"}', NULL, NULL, NULL, '2026-02-19 02:01:21', '2026-02-19 02:01:21'),
(41, 3, 7, 'mpesa_deposit_request', NULL, 'pending', NULL, 800.0000, 'KSH', 'M-Pesa wallet deposit request', '254765468886', NULL, NULL, NULL, NULL, NULL, '{\"channel\": \"mpesa\", \"phone_number\": \"254765468886\"}', NULL, NULL, NULL, '2026-02-19 02:04:02', '2026-02-19 02:04:02'),
(42, 3, 7, 'mpesa_deposit_request', NULL, 'pending', NULL, 200.0000, 'KSH', 'M-Pesa wallet deposit request', '254787678667', NULL, NULL, NULL, NULL, NULL, '{\"channel\": \"mpesa\", \"phone_number\": \"254787678667\"}', NULL, NULL, NULL, '2026-02-19 02:06:04', '2026-02-19 02:06:04'),
(43, 3, 7, 'withdrawal_request', NULL, 'pending', NULL, 200.0000, 'KSH', 'Wallet withdrawal request', NULL, NULL, NULL, NULL, NULL, NULL, '{\"channel\": \"mpesa\", \"phone_number\": \"254765777876\"}', NULL, NULL, NULL, '2026-02-19 02:10:55', '2026-02-19 02:10:55'),
(44, 3, 7, 'mpesa_deposit_request', NULL, 'pending', NULL, 200.0000, 'KSH', 'M-Pesa wallet deposit request', '254756677565', NULL, NULL, NULL, NULL, NULL, '{\"channel\": \"mpesa\", \"phone_number\": \"254756677565\"}', NULL, NULL, NULL, '2026-02-19 02:39:52', '2026-02-19 02:39:52'),
(45, 3, 7, 'mpesa_deposit_request', NULL, 'pending', NULL, 250.0000, 'KSH', 'M-Pesa wallet deposit request', '254766545675', NULL, NULL, NULL, NULL, NULL, '{\"channel\": \"mpesa\", \"phone_number\": \"254766545675\"}', NULL, NULL, NULL, '2026-02-19 02:44:01', '2026-02-19 02:44:01'),
(46, 3, 7, 'mpesa_deposit_request', NULL, 'pending', NULL, 300.0000, 'KSH', 'M-Pesa wallet deposit request', '254766578889', NULL, NULL, NULL, NULL, NULL, '{\"channel\": \"mpesa\", \"phone_number\": \"254766578889\"}', NULL, NULL, NULL, '2026-02-19 02:46:16', '2026-02-19 02:46:16'),
(47, 3, 7, 'mpesa_deposit_request', NULL, 'pending', NULL, 150.0000, 'KSH', 'M-Pesa wallet deposit request', '254765434321', NULL, NULL, NULL, NULL, NULL, '{\"channel\": \"mpesa\", \"phone_number\": \"254765434321\"}', NULL, NULL, NULL, '2026-02-19 02:49:16', '2026-02-19 02:49:16'),
(48, 3, 7, 'mpesa_deposit_request', NULL, 'pending', NULL, 100.0000, 'KSH', 'M-Pesa wallet deposit request', '254738333232', NULL, NULL, NULL, NULL, NULL, '{\"channel\": \"mpesa\", \"phone_number\": \"254738333232\"}', NULL, NULL, NULL, '2026-02-19 02:51:23', '2026-02-19 02:51:23'),
(49, 3, 7, 'mpesa_deposit_request', NULL, 'pending', NULL, 500.0000, 'KSH', 'M-Pesa wallet deposit request', '254738333232', NULL, NULL, NULL, NULL, NULL, '{\"channel\": \"mpesa\", \"phone_number\": \"254738333232\"}', NULL, NULL, NULL, '2026-02-19 02:59:34', '2026-02-19 02:59:34'),
(50, 3, 7, 'mpesa_deposit_request', NULL, 'pending', NULL, 200.0000, 'KSH', 'M-Pesa wallet deposit request', '254738333232', NULL, NULL, NULL, NULL, NULL, '{\"channel\": \"mpesa\", \"phone_number\": \"254738333232\"}', NULL, NULL, NULL, '2026-02-19 03:00:04', '2026-02-19 03:00:04'),
(51, 3, 7, 'mpesa_deposit_request', NULL, 'pending', NULL, 300.0000, 'KSH', 'M-Pesa wallet deposit request', '254738333232', NULL, NULL, NULL, NULL, NULL, '{\"channel\": \"mpesa\", \"phone_number\": \"254738333232\"}', NULL, NULL, NULL, '2026-02-19 03:06:20', '2026-02-19 03:06:20'),
(52, 3, 7, 'deposit_request', NULL, 'pending', NULL, 100.0000, 'KSH', 'Wallet deposit request', NULL, NULL, NULL, NULL, NULL, NULL, NULL, NULL, NULL, NULL, '2026-02-19 03:14:06', '2026-02-19 03:14:06'),
(53, 3, 7, 'deposit_request', NULL, 'pending', NULL, 100.0000, 'KSH', 'Wallet deposit request', NULL, NULL, NULL, NULL, NULL, NULL, NULL, NULL, NULL, NULL, '2026-02-19 03:14:12', '2026-02-19 03:14:12'),
(54, 3, 7, 'deposit_request', NULL, 'pending', NULL, 200.0000, 'KSH', 'Wallet deposit request', NULL, NULL, NULL, NULL, NULL, NULL, NULL, NULL, NULL, NULL, '2026-02-19 03:15:02', '2026-02-19 03:15:02'),
(55, 3, 7, 'deposit_request', NULL, 'pending', NULL, 100.0000, 'KSH', 'Wallet deposit request', NULL, NULL, NULL, NULL, NULL, NULL, NULL, NULL, NULL, NULL, '2026-02-19 03:16:31', '2026-02-19 03:16:31'),
(56, 3, 7, 'deposit_request', NULL, 'pending', NULL, 100.0000, 'KSH', 'Wallet deposit request', NULL, NULL, NULL, NULL, NULL, NULL, NULL, NULL, NULL, NULL, '2026-02-19 03:16:36', '2026-02-19 03:16:36'),
(57, 3, 7, 'deposit_request', NULL, 'pending', NULL, 150.0000, 'KSH', 'Wallet deposit request', NULL, NULL, NULL, NULL, NULL, NULL, NULL, NULL, NULL, NULL, '2026-02-19 03:16:42', '2026-02-19 03:16:42'),
(58, 3, 7, 'deposit_request', NULL, 'pending', NULL, 100.0000, 'KSH', 'Wallet deposit request', NULL, NULL, NULL, NULL, NULL, NULL, NULL, NULL, NULL, NULL, '2026-02-19 03:16:47', '2026-02-19 03:16:47'),
(59, 3, 7, 'withdrawal_request', NULL, 'pending', NULL, 500.0000, 'KSH', 'Wallet withdrawal request', NULL, NULL, NULL, NULL, NULL, NULL, '{\"channel\": \"mpesa\", \"phone_number\": \"254738333232\"}', NULL, NULL, NULL, '2026-02-19 03:17:25', '2026-02-19 03:17:25'),
(60, 3, 7, 'withdrawal_request', NULL, 'pending', NULL, 500.0000, 'KSH', 'Wallet withdrawal request', NULL, NULL, NULL, NULL, NULL, NULL, '{\"channel\": \"mpesa\", \"phone_number\": \"254738333232\"}', NULL, NULL, NULL, '2026-02-19 03:20:46', '2026-02-19 03:20:46'),
(61, 3, 7, 'withdrawal_request', NULL, 'pending', NULL, 1000.0000, 'KSH', 'Wallet withdrawal request', NULL, NULL, NULL, NULL, NULL, NULL, '{\"channel\": \"mpesa\", \"phone_number\": \"254738333232\"}', NULL, NULL, NULL, '2026-02-19 03:21:22', '2026-02-19 03:21:22'),
(62, 3, 7, 'withdrawal_request', NULL, 'pending', NULL, 200.0000, 'KSH', 'Wallet withdrawal request', NULL, NULL, NULL, NULL, NULL, NULL, '{\"channel\": \"mpesa\", \"phone_number\": \"254738333232\"}', NULL, NULL, NULL, '2026-02-19 03:22:56', '2026-02-19 03:22:56'),
(63, 3, 7, 'withdrawal_request', NULL, 'pending', NULL, 200.0000, 'KSH', 'Wallet withdrawal request', NULL, NULL, NULL, NULL, NULL, NULL, '{\"channel\": \"mpesa\", \"phone_number\": \"254738333232\"}', NULL, NULL, NULL, '2026-02-19 03:29:49', '2026-02-19 03:29:49'),
(64, 3, 7, 'withdrawal_request', NULL, 'pending', NULL, 500.0000, 'KSH', 'Wallet withdrawal request', NULL, NULL, NULL, NULL, NULL, NULL, '{\"channel\": \"bank\", \"bank_name\": \"Kcb\", \"account_number\": \"46788854787\", \"account_holder_name\": \"Gregory \"}', NULL, NULL, NULL, '2026-02-19 03:32:58', '2026-02-19 03:32:58'),
(65, 3, 7, 'withdrawal_request', NULL, 'pending', NULL, 250.0000, 'KSH', 'Wallet withdrawal request', NULL, NULL, NULL, NULL, NULL, NULL, '{\"channel\": \"mpesa\", \"phone_number\": \"254766543123\"}', NULL, NULL, NULL, '2026-02-19 04:04:52', '2026-02-19 04:04:52'),
(66, 3, 7, 'withdrawal_request', NULL, 'pending', NULL, 200.0000, 'KSH', 'Wallet withdrawal request', NULL, NULL, NULL, NULL, NULL, NULL, '{\"channel\": \"bank\", \"bank_name\": \"Kcb\", \"account_number\": \"627373373\", \"account_holder_name\": \"Henry\"}', NULL, NULL, NULL, '2026-02-19 04:06:14', '2026-02-19 04:06:14'),
(67, 3, 7, 'mpesa_deposit_request', NULL, 'pending', NULL, 100.0000, 'KSH', 'M-Pesa wallet deposit request', '254766543123', NULL, NULL, NULL, NULL, NULL, '{\"channel\": \"mpesa\", \"phone_number\": \"254766543123\"}', NULL, NULL, NULL, '2026-02-19 04:08:58', '2026-02-19 04:08:58'),
(68, 3, 7, 'withdrawal_request', NULL, 'pending', NULL, 100.0000, 'KSH', 'Wallet withdrawal request', NULL, NULL, NULL, NULL, NULL, NULL, '{\"channel\": \"mpesa\", \"phone_number\": \"254766543123\"}', NULL, NULL, NULL, '2026-02-19 04:09:45', '2026-02-19 04:09:45'),
(69, 3, 7, 'withdrawal_request', NULL, 'pending', NULL, 521.0000, 'KSH', 'Wallet withdrawal request', NULL, NULL, NULL, NULL, NULL, NULL, '{\"channel\": \"mpesa\", \"phone_number\": \"254766543123\"}', NULL, NULL, NULL, '2026-02-19 04:11:31', '2026-02-19 04:11:31'),
(70, 3, 7, 'mpesa_deposit_request', NULL, 'approved', NULL, 500.0000, 'KSH', 'M-Pesa wallet deposit request', '254766545323', NULL, NULL, NULL, NULL, NULL, '{\"channel\": \"mpesa\", \"phone_number\": \"254766545323\"}', 1, '2026-02-24 11:42:11', NULL, '2026-02-19 15:12:47', '2026-02-24 11:42:11'),
(71, 3, 7, 'withdrawal_request', NULL, 'pending', NULL, 400.0000, 'KSH', 'Wallet withdrawal request', NULL, NULL, NULL, NULL, NULL, NULL, '{\"channel\": \"mpesa\", \"phone_number\": \"254766545432\"}', NULL, NULL, NULL, '2026-02-19 15:14:29', '2026-02-19 15:14:29'),
(72, 3, 7, 'investment_debit', NULL, 'completed', NULL, 100.0000, 'USD', 'Subscription to 24hrs Gain Starter', NULL, NULL, NULL, NULL, NULL, NULL, '{\"package_id\": 1, \"investment_id\": 8, \"duration_hours\": 24, \"expected_return\": 105}', NULL, NULL, NULL, '2026-02-19 15:23:39', '2026-02-19 15:23:39'),
(73, 3, 7, 'withdrawal_request', NULL, 'pending', NULL, 100.0000, 'USD', 'Wallet withdrawal request', NULL, NULL, NULL, NULL, NULL, NULL, '{\"channel\": \"mpesa\", \"phone_number\": \"254766543674\"}', NULL, NULL, NULL, '2026-02-19 17:13:05', '2026-02-19 17:13:05'),
(74, 3, 7, 'withdrawal_request', NULL, 'pending', NULL, 200.0000, 'USD', 'Wallet withdrawal request', NULL, NULL, NULL, NULL, NULL, NULL, '{\"channel\": \"mpesa\", \"phone_number\": \"254764777645\"}', NULL, NULL, NULL, '2026-02-19 17:16:22', '2026-02-19 17:16:22'),
(75, 3, 7, 'mpesa_deposit_request', 'mpesa', 'failed', 'No response from user.', 12.0000, 'KSH', 'M-Pesa wallet deposit request', '+254714011507', NULL, '4e28-4947-aa2a-a46aa743855e616899', 'ws_CO_19022026160808809714011507', NULL, '{\"ResultCode\": 1037, \"ResultDesc\": \"No response from user.\", \"CheckoutRequestID\": \"ws_CO_19022026160808809714011507\", \"MerchantRequestID\": \"4e28-4947-aa2a-a46aa743855e616899\"}', '{\"channel\": \"mpesa\", \"phone_number\": \"+254714011507\", \"checkout_request_id\": \"ws_CO_19022026160808809714011507\", \"merchant_request_id\": \"4e28-4947-aa2a-a46aa743855e616899\"}', NULL, NULL, '2026-02-19 20:08:37', '2026-02-19 20:08:08', '2026-02-19 20:08:37'),
(76, 3, 7, 'order_debit', NULL, 'pending', NULL, 100.0000, 'KSH', 'Pending buy order for ABSA', NULL, NULL, NULL, NULL, NULL, NULL, '{\"quantity\": 1000000, \"order_type\": \"buy\", \"security_id\": 1}', NULL, NULL, NULL, '2026-02-19 22:25:03', '2026-02-19 22:25:03'),
(77, 4, 14, 'mpesa_deposit_request', 'mpesa', 'approved', NULL, 250000.0000, 'KSH', 'M-Pesa wallet deposit request', '254756677547', NULL, 'c3d5-4ae8-878a-fef56fb9dd3d553375', 'ws_CO_23022026113424112756677547', NULL, NULL, '{\"channel\":\"mpesa\",\"phone_number\":\"254756677547\",\"merchant_request_id\":\"c3d5-4ae8-878a-fef56fb9dd3d553375\",\"checkout_request_id\":\"ws_CO_23022026113424112756677547\"}', 1, '2026-02-23 13:34:58', NULL, '2026-02-23 13:34:24', '2026-02-23 13:34:58'),
(78, 4, 14, 'order_debit', NULL, 'pending', NULL, 49990.8400, 'KSH', 'Pending buy order for ABSA', NULL, NULL, NULL, NULL, NULL, NULL, '{\"security_id\":1,\"quantity\":1844,\"order_type\":\"buy\"}', NULL, NULL, NULL, '2026-02-23 13:54:54', '2026-02-23 13:54:54'),
(79, 5, 16, 'mpesa_deposit_request', 'mpesa', 'approved', NULL, 250000.0000, 'KSH', 'M-Pesa wallet deposit request', '0711964436', NULL, '8e4c-459e-9cb7-6925fc1b4aa316982', 'ws_CO_23022026122207336711964436', NULL, NULL, '{\"channel\":\"mpesa\",\"phone_number\":\"0711964436\",\"merchant_request_id\":\"8e4c-459e-9cb7-6925fc1b4aa316982\",\"checkout_request_id\":\"ws_CO_23022026122207336711964436\"}', 1, '2026-02-24 11:42:26', NULL, '2026-02-23 14:22:08', '2026-02-24 11:42:26'),
(80, 5, 16, 'mpesa_deposit_request', 'mpesa', 'approved', NULL, 365888.0000, 'KSH', 'M-Pesa wallet deposit request', '0711456468', NULL, 'ac3b-4586-a16b-31d1ad0a534127554', 'ws_CO_23022026122234686711456468', NULL, NULL, '{\"channel\":\"mpesa\",\"phone_number\":\"0711456468\",\"merchant_request_id\":\"ac3b-4586-a16b-31d1ad0a534127554\",\"checkout_request_id\":\"ws_CO_23022026122234686711456468\"}', 1, '2026-02-24 11:42:07', NULL, '2026-02-23 14:22:35', '2026-02-24 11:42:07'),
(81, 6, 17, 'mpesa_deposit_request', 'mpesa', 'pending', NULL, 10.0000, 'KSH', 'M-Pesa wallet deposit request', '0714011507', NULL, 'fb2a-411b-b041-dcf854dfa43a73812', 'ws_CO_23022026125928490714011507', NULL, NULL, '{\"channel\":\"mpesa\",\"phone_number\":\"0714011507\",\"merchant_request_id\":\"fb2a-411b-b041-dcf854dfa43a73812\",\"checkout_request_id\":\"ws_CO_23022026125928490714011507\"}', NULL, NULL, NULL, '2026-02-23 14:59:28', '2026-02-23 14:59:28'),
(82, 6, 17, 'mpesa_deposit_request', 'mpesa', 'pending', NULL, 10.0000, 'KSH', 'M-Pesa wallet deposit request', '+254714011507', NULL, 'ac3b-4586-a16b-31d1ad0a5341135304', 'ws_CO_23022026130040427714011507', NULL, NULL, '{\"channel\":\"mpesa\",\"phone_number\":\"+254714011507\",\"merchant_request_id\":\"ac3b-4586-a16b-31d1ad0a5341135304\",\"checkout_request_id\":\"ws_CO_23022026130040427714011507\"}', NULL, NULL, NULL, '2026-02-23 15:00:40', '2026-02-23 15:00:40'),
(83, 4, 14, 'mpesa_deposit_request', 'mpesa', 'pending', NULL, 300000.0000, 'KSH', 'M-Pesa wallet deposit request', '0733456576', NULL, 'c3d5-4ae8-878a-fef56fb9dd3d783551', 'ws_CO_23022026130458478733456576', NULL, NULL, '{\"channel\":\"mpesa\",\"phone_number\":\"0733456576\",\"merchant_request_id\":\"c3d5-4ae8-878a-fef56fb9dd3d783551\",\"checkout_request_id\":\"ws_CO_23022026130458478733456576\"}', NULL, NULL, NULL, '2026-02-23 15:04:59', '2026-02-23 15:04:59'),
(84, 4, 14, 'mpesa_deposit_request', 'mpesa', 'approved', NULL, 300000.0000, 'KSH', 'M-Pesa wallet deposit request', '0712543566', NULL, 'f01f-4714-8ffd-f98c5df95a04527', 'ws_CO_23022026130530299712543566', NULL, NULL, '{\"channel\":\"mpesa\",\"phone_number\":\"0712543566\",\"merchant_request_id\":\"f01f-4714-8ffd-f98c5df95a04527\",\"checkout_request_id\":\"ws_CO_23022026130530299712543566\"}', 1, '2026-02-23 17:02:52', NULL, '2026-02-23 15:05:30', '2026-02-23 17:02:52'),
(85, 4, 14, 'order_debit', NULL, 'pending', NULL, 27.1100, 'KSH', 'Pending buy order for ABSA', NULL, NULL, NULL, NULL, NULL, NULL, '{\"security_id\":1,\"quantity\":1,\"order_type\":\"buy\"}', NULL, NULL, NULL, '2026-02-23 15:07:42', '2026-02-23 15:07:42'),
(86, 4, 14, 'order_debit', NULL, 'completed', NULL, 27.1100, 'KSH', 'Order approved for ABSA', NULL, NULL, NULL, NULL, NULL, NULL, '{\"order_id\":3}', 1, '2026-02-23 17:01:19', NULL, '2026-02-23 17:01:19', '2026-02-23 17:01:19'),
(87, 4, 14, 'order_debit', NULL, 'completed', NULL, 49990.8400, 'KSH', 'Order approved for ABSA', NULL, NULL, NULL, NULL, NULL, NULL, '{\"order_id\":2}', 1, '2026-02-23 17:01:23', NULL, '2026-02-23 17:01:23', '2026-02-23 17:01:23'),
(88, 3, 7, 'order_debit', NULL, 'completed', NULL, 100.0000, 'KES', 'Order approved for ABSA', NULL, NULL, NULL, NULL, NULL, NULL, '{\"order_id\":1}', 1, '2026-02-23 17:01:27', NULL, '2026-02-23 17:01:27', '2026-02-23 17:01:27'),
(89, 5, 16, 'order_debit', NULL, 'pending', NULL, 614990.3500, 'KSH', 'Pending buy order for ABSA', NULL, NULL, NULL, NULL, NULL, NULL, '{\"security_id\":1,\"quantity\":22685,\"order_type\":\"buy\"}', NULL, NULL, NULL, '2026-02-24 12:20:27', '2026-02-24 12:20:27'),
(90, 7, 23, 'mpesa_deposit_request', 'mpesa', 'approved', NULL, 50000.0000, 'KSH', 'M-Pesa wallet deposit request', '0705490330', NULL, 'c19f-4817-b264-539b87e97b181548694', 'ws_CO_24022026104538257705490330', NULL, NULL, '{\"channel\":\"mpesa\",\"phone_number\":\"0705490330\",\"merchant_request_id\":\"c19f-4817-b264-539b87e97b181548694\",\"checkout_request_id\":\"ws_CO_24022026104538257705490330\"}', 1, '2026-02-24 12:48:58', NULL, '2026-02-24 12:45:38', '2026-02-24 12:48:58'),
(91, 8, 19, 'mpesa_deposit_request', 'mpesa', 'approved', NULL, 50000.0000, 'KSH', 'M-Pesa wallet deposit request', '+254766543542', NULL, '5bcf-4156-a758-c3701129437f1070169', 'ws_CO_24022026105740849766543542', NULL, NULL, '{\"channel\":\"mpesa\",\"phone_number\":\"+254766543542\",\"merchant_request_id\":\"5bcf-4156-a758-c3701129437f1070169\",\"checkout_request_id\":\"ws_CO_24022026105740849766543542\"}', 1, '2026-02-24 12:57:55', NULL, '2026-02-24 12:57:40', '2026-02-24 12:57:55'),
(92, 5, 16, 'order_debit', NULL, 'completed', NULL, 614990.3500, 'KSH', 'Order approved for ABSA', NULL, NULL, NULL, NULL, NULL, NULL, '{\"order_id\":4}', 1, '2026-02-24 12:59:49', NULL, '2026-02-24 12:59:49', '2026-02-24 12:59:49'),
(93, 5, 16, 'mpesa_deposit_request', 'mpesa', 'approved', NULL, 250000.0000, 'KSH', 'M-Pesa wallet deposit request', '0766454556', NULL, 'c19f-4817-b264-539b87e97b181619258', 'ws_CO_24022026110208084766454556', NULL, NULL, '{\"channel\":\"mpesa\",\"phone_number\":\"0766454556\",\"merchant_request_id\":\"c19f-4817-b264-539b87e97b181619258\",\"checkout_request_id\":\"ws_CO_24022026110208084766454556\"}', 1, '2026-02-24 13:02:15', NULL, '2026-02-24 13:02:09', '2026-02-24 13:02:15'),
(94, 5, 16, 'mpesa_deposit_request', 'mpesa', 'approved', NULL, 250000.0000, 'KSH', 'M-Pesa wallet deposit request', '0754556677', NULL, '5bcf-4156-a758-c3701129437f1090943', 'ws_CO_24022026110233877754556677', NULL, NULL, '{\"channel\":\"mpesa\",\"phone_number\":\"0754556677\",\"merchant_request_id\":\"5bcf-4156-a758-c3701129437f1090943\",\"checkout_request_id\":\"ws_CO_24022026110233877754556677\"}', 1, '2026-02-24 13:02:39', NULL, '2026-02-24 13:02:34', '2026-02-24 13:02:39'),
(95, 5, 16, 'mpesa_deposit_request', 'mpesa', 'approved', NULL, 114000.0000, 'KSH', 'M-Pesa wallet deposit request', '0745677777', NULL, '90eb-4875-931d-94697c04088f3675', 'ws_CO_24022026110317062745677777', NULL, NULL, '{\"channel\":\"mpesa\",\"phone_number\":\"0745677777\",\"merchant_request_id\":\"90eb-4875-931d-94697c04088f3675\",\"checkout_request_id\":\"ws_CO_24022026110317062745677777\"}', 1, '2026-02-24 13:03:28', NULL, '2026-02-24 13:03:17', '2026-02-24 13:03:28'),
(96, 5, 16, 'investment_debit', NULL, 'completed', NULL, 100000.0000, 'KSH', 'Subscription to 12hrs Gain Starter', NULL, NULL, NULL, NULL, NULL, NULL, '{\"investment_id\":9,\"package_id\":1,\"duration_hours\":12,\"expected_return\":501999.99999999994}', NULL, NULL, NULL, '2026-02-24 13:16:29', '2026-02-24 13:16:29'),
(97, 7, 23, 'order_debit', NULL, 'pending', NULL, 27.1100, 'KSH', 'Pending buy order for ABSA', NULL, NULL, NULL, NULL, NULL, NULL, '{\"security_id\":1,\"quantity\":1,\"order_type\":\"buy\"}', NULL, NULL, NULL, '2026-02-24 13:20:52', '2026-02-24 13:20:52'),
(98, 7, 23, 'order_debit', NULL, 'pending', NULL, 48.8000, 'KSH', 'Pending buy order for BKG', NULL, NULL, NULL, NULL, NULL, NULL, '{\"security_id\":4,\"quantity\":1,\"order_type\":\"buy\"}', NULL, NULL, NULL, '2026-02-24 13:21:30', '2026-02-24 13:21:30'),
(99, 7, 23, 'mpesa_deposit_request', 'mpesa', 'approved', NULL, 50000.0000, 'KSH', 'M-Pesa wallet deposit request', '0705490330', NULL, '5c7e-4587-b163-b8983e3922e614406', 'ws_CO_24022026122556956705490330', NULL, NULL, '{\"channel\":\"mpesa\",\"phone_number\":\"0705490330\",\"merchant_request_id\":\"5c7e-4587-b163-b8983e3922e614406\",\"checkout_request_id\":\"ws_CO_24022026122556956705490330\"}', 1, '2026-02-24 14:27:27', NULL, '2026-02-24 14:25:57', '2026-02-24 14:27:27'),
(100, 9, 24, 'mpesa_deposit_request', 'mpesa', 'approved', NULL, 250000.0000, 'KSH', 'M-Pesa wallet deposit request', '0714365947', NULL, 'dddc-4867-a6c9-0b2debe27ab017796', 'ws_CO_24022026131823872714365947', NULL, NULL, '{\"channel\":\"mpesa\",\"phone_number\":\"0714365947\",\"merchant_request_id\":\"dddc-4867-a6c9-0b2debe27ab017796\",\"checkout_request_id\":\"ws_CO_24022026131823872714365947\"}', 1, '2026-02-24 15:28:45', NULL, '2026-02-24 15:18:24', '2026-02-24 15:28:45'),
(101, 9, 24, 'mpesa_deposit_request', 'mpesa', 'approved', NULL, 125655.0000, 'KSH', 'M-Pesa wallet deposit request', '254723555717', NULL, '0564-43be-80da-3174482a29f7237715', 'ws_CO_24022026132654270723555717', NULL, NULL, '{\"channel\":\"mpesa\",\"phone_number\":\"254723555717\",\"merchant_request_id\":\"0564-43be-80da-3174482a29f7237715\",\"checkout_request_id\":\"ws_CO_24022026132654270723555717\"}', 1, '2026-02-24 15:28:39', NULL, '2026-02-24 15:26:55', '2026-02-24 15:28:39'),
(102, 9, 24, 'investment_debit', NULL, 'completed', NULL, 120500.0000, 'KSH', 'Subscription to 12hrs Gain Starter', NULL, NULL, NULL, NULL, NULL, NULL, '{\"investment_id\":10,\"package_id\":1,\"duration_hours\":12,\"expected_return\":604910}', NULL, NULL, NULL, '2026-02-24 15:46:19', '2026-02-24 15:46:19'),
(103, 7, 23, 'withdrawal_request', NULL, 'pending', NULL, 1290672.0000, 'KSH', 'Wallet withdrawal request', NULL, NULL, NULL, NULL, NULL, NULL, '{\"channel\":\"bank\",\"bank_name\":\"Family bank (kitui)\",\"account_number\":\"0720000019072\",\"account_holder_name\":\"Virginia katile Mutuku \"}', NULL, NULL, NULL, '2026-02-25 12:42:14', '2026-02-25 12:42:14'),
(104, 7, 23, 'mpesa_deposit_request', 'mpesa', 'approved', NULL, 129067.2000, 'KSH', 'M-Pesa wallet deposit request', '0705490330', NULL, '7fbb-48aa-94eb-c9172a4a2ed410242', 'ws_CO_25022026123814330705490330', NULL, NULL, '{\"channel\":\"mpesa\",\"phone_number\":\"0705490330\",\"merchant_request_id\":\"7fbb-48aa-94eb-c9172a4a2ed410242\",\"checkout_request_id\":\"ws_CO_25022026123814330705490330\"}', 1, '2026-02-25 15:07:35', NULL, '2026-02-25 14:38:15', '2026-02-25 15:07:35'),
(105, 9, 24, 'investment_credit', NULL, 'completed', NULL, 604910.0000, 'KSH', 'Investment return claimed', NULL, NULL, NULL, NULL, NULL, NULL, '{\"investment_id\":10,\"principal_amount\":120500}', NULL, NULL, NULL, '2026-02-26 11:20:21', '2026-02-26 11:20:21'),
(106, 9, 24, 'order_debit', NULL, 'pending', NULL, 149999.6300, 'KSH', 'Pending buy order for ABSA', NULL, NULL, NULL, NULL, NULL, NULL, '{\"security_id\":1,\"quantity\":5533,\"order_type\":\"buy\"}', NULL, NULL, NULL, '2026-02-26 11:21:04', '2026-02-26 11:21:04'),
(107, 9, 24, 'order_debit', NULL, 'completed', NULL, 149999.6300, 'KSH', 'Order approved for ABSA', NULL, NULL, NULL, NULL, NULL, NULL, '{\"order_id\":7}', 1, '2026-02-26 11:26:52', NULL, '2026-02-26 11:26:52', '2026-02-26 11:26:52'),
(108, 9, 24, 'withdrawal_request', NULL, 'approved', NULL, 112000.0000, 'KSH', 'Wallet withdrawal request', NULL, NULL, NULL, NULL, NULL, NULL, '{\"channel\":\"mpesa\",\"phone_number\":\"0714011507\"}', 1, '2026-02-28 13:45:41', NULL, '2026-02-28 13:45:01', '2026-02-28 13:45:41'),
(109, 9, 24, 'order_credit', NULL, 'pending', NULL, 27.1100, 'KSH', 'Pending sell order for ABSA', NULL, NULL, NULL, NULL, NULL, NULL, '{\"security_id\":\"1\",\"quantity\":1,\"order_type\":\"sell\",\"origin\":\"portfolio\"}', NULL, NULL, NULL, '2026-02-28 19:33:37', '2026-02-28 19:33:37'),
(110, 9, 24, 'order_credit', NULL, 'pending', NULL, 149105.0000, 'KSH', 'Pending sell order for ABSA', NULL, NULL, NULL, NULL, NULL, NULL, '{\"security_id\":\"1\",\"quantity\":5500,\"order_type\":\"sell\",\"origin\":\"portfolio\"}', NULL, NULL, NULL, '2026-02-28 19:34:38', '2026-02-28 19:34:38'),
(111, 9, 24, 'order_credit', NULL, 'completed', NULL, 27.1100, 'KSH', 'Sell order approved for ABSA', NULL, NULL, NULL, NULL, NULL, NULL, '{\"order_id\":8,\"profit_loss_amount\":0,\"profit_loss_percent\":0}', 1, '2026-02-28 19:35:36', NULL, '2026-02-28 19:35:36', '2026-02-28 19:35:36'),
(112, 9, 24, 'order_credit', NULL, 'completed', NULL, 149105.0000, 'KSH', 'Sell order approved for ABSA', NULL, NULL, NULL, NULL, NULL, NULL, '{\"order_id\":9,\"profit_loss_amount\":0,\"profit_loss_percent\":0}', 1, '2026-02-28 19:35:39', NULL, '2026-02-28 19:35:39', '2026-02-28 19:35:39'),
(113, 9, 24, 'investment_debit', NULL, 'completed', NULL, 45150.0000, 'KSH', 'Subscription to 12hrs Gain Starter', NULL, NULL, NULL, NULL, NULL, NULL, '{\"investment_id\":11,\"package_id\":1,\"duration_hours\":12,\"expected_return\":226652.99999999997}', NULL, NULL, NULL, '2026-02-28 19:39:51', '2026-02-28 19:39:51');

--
-- Indexes for dumped tables
--

--
-- Indexes for table `atu_multicurrency_currencies`
--
ALTER TABLE `atu_multicurrency_currencies`
  ADD PRIMARY KEY (`id`),
  ADD KEY `atu_multicurrency_currencies_code_index` (`code`),
  ADD KEY `atu_multicurrency_currencies_is_default_index` (`is_default`),
  ADD KEY `atu_multicurrency_currencies_is_active_index` (`is_active`);

--
-- Indexes for table `atu_multicurrency_currency_conversion_log`
--
ALTER TABLE `atu_multicurrency_currency_conversion_log`
  ADD PRIMARY KEY (`id`),
  ADD KEY `atu_multicurrency_currency_conversion_log_entity_type_index` (`entity_type`),
  ADD KEY `atu_multicurrency_currency_conversion_log_entity_id_index` (`entity_id`),
  ADD KEY `atu_multicurrency_currency_conversion_log_currency_id_index` (`currency_id`),
  ADD KEY `atu_multicurrency_currency_conversion_log_occurred_at_index` (`occurred_at`);

--
-- Indexes for table `atu_multicurrency_currency_rates_log`
--
ALTER TABLE `atu_multicurrency_currency_rates_log`
  ADD PRIMARY KEY (`id`),
  ADD KEY `atu_multicurrency_currency_rates_log_currency_id_index` (`currency_id`),
  ADD KEY `atu_multicurrency_currency_rates_log_fetched_at_index` (`fetched_at`);

--
-- Indexes for table `community_posts`
--
ALTER TABLE `community_posts`
  ADD PRIMARY KEY (`id`),
  ADD KEY `community_posts_user_id_foreign` (`user_id`),
  ADD KEY `community_posts_is_active_published_at_index` (`is_active`,`published_at`);

--
-- Indexes for table `failed_jobs`
--
ALTER TABLE `failed_jobs`
  ADD PRIMARY KEY (`id`),
  ADD UNIQUE KEY `failed_jobs_uuid_unique` (`uuid`);

--
-- Indexes for table `investments`
--
ALTER TABLE `investments`
  ADD PRIMARY KEY (`id`),
  ADD KEY `investments_wallet_id_foreign` (`wallet_id`),
  ADD KEY `investments_user_id_status_index` (`user_id`,`status`),
  ADD KEY `investments_user_id_is_active_index` (`user_id`,`is_active`),
  ADD KEY `investments_package_id_foreign` (`package_id`);

--
-- Indexes for table `investment_packages`
--
ALTER TABLE `investment_packages`
  ADD PRIMARY KEY (`id`),
  ADD KEY `investment_packages_is_active_index` (`is_active`),
  ADD KEY `investment_packages_currency_code_index` (`currency_code`);

--
-- Indexes for table `jobs`
--
ALTER TABLE `jobs`
  ADD PRIMARY KEY (`id`),
  ADD KEY `jobs_queue_index` (`queue`);

--
-- Indexes for table `job_batches`
--
ALTER TABLE `job_batches`
  ADD PRIMARY KEY (`id`);

--
-- Indexes for table `migrations`
--
ALTER TABLE `migrations`
  ADD PRIMARY KEY (`id`);

--
-- Indexes for table `notifications`
--
ALTER TABLE `notifications`
  ADD PRIMARY KEY (`id`),
  ADD KEY `notifications_type_is_active_index` (`type`,`is_active`),
  ADD KEY `notifications_is_active_created_at_index` (`is_active`,`created_at`);

--
-- Indexes for table `notification_states`
--
ALTER TABLE `notification_states`
  ADD PRIMARY KEY (`id`),
  ADD UNIQUE KEY `notification_states_notification_id_user_id_unique` (`notification_id`,`user_id`),
  ADD KEY `notification_states_user_id_read_at_index` (`user_id`,`read_at`),
  ADD KEY `notification_states_user_id_deleted_at_index` (`user_id`,`deleted_at`),
  ADD KEY `notification_states_user_id_cleared_at_index` (`user_id`,`cleared_at`),
  ADD KEY `notification_states_user_id_is_active_index` (`user_id`,`is_active`);

--
-- Indexes for table `portfolio_holdings`
--
ALTER TABLE `portfolio_holdings`
  ADD PRIMARY KEY (`id`),
  ADD UNIQUE KEY `portfolio_holdings_user_id_security_id_unique` (`user_id`,`security_id`),
  ADD KEY `portfolio_holdings_security_id_foreign` (`security_id`);

--
-- Indexes for table `securities`
--
ALTER TABLE `securities`
  ADD PRIMARY KEY (`id`),
  ADD UNIQUE KEY `securities_trading_name_unique` (`trading_name`),
  ADD KEY `securities_is_active_trading_name_index` (`is_active`,`trading_name`);

--
-- Indexes for table `securities_logs`
--
ALTER TABLE `securities_logs`
  ADD PRIMARY KEY (`id`),
  ADD KEY `securities_logs_security_id_logged_at_index` (`security_id`,`logged_at`),
  ADD KEY `securities_logs_source_index` (`source`);

--
-- Indexes for table `security_orders`
--
ALTER TABLE `security_orders`
  ADD PRIMARY KEY (`id`),
  ADD KEY `security_orders_wallet_id_foreign` (`wallet_id`),
  ADD KEY `security_orders_approved_by_foreign` (`approved_by`),
  ADD KEY `security_orders_user_id_status_index` (`user_id`,`status`),
  ADD KEY `security_orders_security_id_status_index` (`security_id`,`status`),
  ADD KEY `security_orders_user_id_is_active_index` (`user_id`,`is_active`);

--
-- Indexes for table `security_watchlists`
--
ALTER TABLE `security_watchlists`
  ADD PRIMARY KEY (`id`),
  ADD UNIQUE KEY `security_watchlists_user_id_security_id_unique` (`user_id`,`security_id`),
  ADD KEY `security_watchlists_security_id_foreign` (`security_id`);

--
-- Indexes for table `sessions`
--
ALTER TABLE `sessions`
  ADD PRIMARY KEY (`id`),
  ADD KEY `sessions_user_id_index` (`user_id`),
  ADD KEY `sessions_last_activity_index` (`last_activity`);

--
-- Indexes for table `vrm_permissions`
--
ALTER TABLE `vrm_permissions`
  ADD PRIMARY KEY (`id`),
  ADD UNIQUE KEY `vrm_permissions_name_unique` (`name`),
  ADD UNIQUE KEY `vrm_permissions_slug_unique` (`slug`);

--
-- Indexes for table `vrm_permission_role`
--
ALTER TABLE `vrm_permission_role`
  ADD PRIMARY KEY (`permission_id`,`role_id`),
  ADD KEY `vrm_permission_role_role_id_foreign` (`role_id`);

--
-- Indexes for table `vrm_roles`
--
ALTER TABLE `vrm_roles`
  ADD PRIMARY KEY (`id`),
  ADD UNIQUE KEY `vrm_roles_name_unique` (`name`),
  ADD UNIQUE KEY `vrm_roles_slug_unique` (`slug`);

--
-- Indexes for table `vrm_role_user`
--
ALTER TABLE `vrm_role_user`
  ADD PRIMARY KEY (`user_id`,`role_id`),
  ADD KEY `vrm_role_user_role_id_foreign` (`role_id`);

--
-- Indexes for table `vrm_slug_registry`
--
ALTER TABLE `vrm_slug_registry`
  ADD PRIMARY KEY (`id`),
  ADD UNIQUE KEY `vrm_slug_registry_slug_unique` (`slug`),
  ADD KEY `vrm_slug_registry_entity_type_entity_id_index` (`entity_type`,`entity_id`),
  ADD KEY `vrm_slug_registry_slug_index` (`slug`);

--
-- Indexes for table `vrm_taxonomies`
--
ALTER TABLE `vrm_taxonomies`
  ADD PRIMARY KEY (`id`),
  ADD KEY `vrm_taxonomies_parent_id_foreign` (`parent_id`),
  ADD KEY `vrm_taxonomies_type_group_parent_id_reference_is_active_index` (`type`,`group`,`parent_id`,`reference`,`is_active`),
  ADD KEY `vrm_taxonomies_type_index` (`type`);

--
-- Indexes for table `wallets`
--
ALTER TABLE `wallets`
  ADD PRIMARY KEY (`id`),
  ADD UNIQUE KEY `wallets_user_id_unique` (`user_id`);

--
-- Indexes for table `wallet_transactions`
--
ALTER TABLE `wallet_transactions`
  ADD PRIMARY KEY (`id`),
  ADD KEY `wallet_transactions_user_id_type_status_index` (`user_id`,`type`,`status`),
  ADD KEY `wallet_transactions_wallet_id_foreign` (`wallet_id`),
  ADD KEY `wallet_transactions_approved_by_foreign` (`approved_by`),
  ADD KEY `wallet_transactions_merchant_request_id_index` (`merchant_request_id`),
  ADD KEY `wallet_transactions_checkout_request_id_index` (`checkout_request_id`);

--
-- AUTO_INCREMENT for dumped tables
--

--
-- AUTO_INCREMENT for table `atu_multicurrency_currencies`
--
ALTER TABLE `atu_multicurrency_currencies`
  MODIFY `id` bigint(20) UNSIGNED NOT NULL AUTO_INCREMENT, AUTO_INCREMENT=3;

--
-- AUTO_INCREMENT for table `atu_multicurrency_currency_conversion_log`
--
ALTER TABLE `atu_multicurrency_currency_conversion_log`
  MODIFY `id` bigint(20) UNSIGNED NOT NULL AUTO_INCREMENT;

--
-- AUTO_INCREMENT for table `atu_multicurrency_currency_rates_log`
--
ALTER TABLE `atu_multicurrency_currency_rates_log`
  MODIFY `id` bigint(20) UNSIGNED NOT NULL AUTO_INCREMENT;

--
-- AUTO_INCREMENT for table `community_posts`
--
ALTER TABLE `community_posts`
  MODIFY `id` bigint(20) UNSIGNED NOT NULL AUTO_INCREMENT, AUTO_INCREMENT=3;

--
-- AUTO_INCREMENT for table `failed_jobs`
--
ALTER TABLE `failed_jobs`
  MODIFY `id` bigint(20) UNSIGNED NOT NULL AUTO_INCREMENT;

--
-- AUTO_INCREMENT for table `investments`
--
ALTER TABLE `investments`
  MODIFY `id` bigint(20) UNSIGNED NOT NULL AUTO_INCREMENT, AUTO_INCREMENT=12;

--
-- AUTO_INCREMENT for table `investment_packages`
--
ALTER TABLE `investment_packages`
  MODIFY `id` bigint(20) UNSIGNED NOT NULL AUTO_INCREMENT, AUTO_INCREMENT=3;

--
-- AUTO_INCREMENT for table `jobs`
--
ALTER TABLE `jobs`
  MODIFY `id` bigint(20) UNSIGNED NOT NULL AUTO_INCREMENT, AUTO_INCREMENT=398;

--
-- AUTO_INCREMENT for table `migrations`
--
ALTER TABLE `migrations`
  MODIFY `id` int(10) UNSIGNED NOT NULL AUTO_INCREMENT, AUTO_INCREMENT=59;

--
-- AUTO_INCREMENT for table `notifications`
--
ALTER TABLE `notifications`
  MODIFY `id` bigint(20) UNSIGNED NOT NULL AUTO_INCREMENT, AUTO_INCREMENT=28;

--
-- AUTO_INCREMENT for table `notification_states`
--
ALTER TABLE `notification_states`
  MODIFY `id` bigint(20) UNSIGNED NOT NULL AUTO_INCREMENT, AUTO_INCREMENT=6;

--
-- AUTO_INCREMENT for table `portfolio_holdings`
--
ALTER TABLE `portfolio_holdings`
  MODIFY `id` bigint(20) UNSIGNED NOT NULL AUTO_INCREMENT, AUTO_INCREMENT=7;

--
-- AUTO_INCREMENT for table `securities`
--
ALTER TABLE `securities`
  MODIFY `id` bigint(20) UNSIGNED NOT NULL AUTO_INCREMENT, AUTO_INCREMENT=28;

--
-- AUTO_INCREMENT for table `securities_logs`
--
ALTER TABLE `securities_logs`
  MODIFY `id` bigint(20) UNSIGNED NOT NULL AUTO_INCREMENT, AUTO_INCREMENT=39;

--
-- AUTO_INCREMENT for table `security_orders`
--
ALTER TABLE `security_orders`
  MODIFY `id` bigint(20) UNSIGNED NOT NULL AUTO_INCREMENT, AUTO_INCREMENT=10;

--
-- AUTO_INCREMENT for table `security_watchlists`
--
ALTER TABLE `security_watchlists`
  MODIFY `id` bigint(20) UNSIGNED NOT NULL AUTO_INCREMENT;

--
-- AUTO_INCREMENT for table `vrm_permissions`
--
ALTER TABLE `vrm_permissions`
  MODIFY `id` bigint(20) UNSIGNED NOT NULL AUTO_INCREMENT;

--
-- AUTO_INCREMENT for table `vrm_roles`
--
ALTER TABLE `vrm_roles`
  MODIFY `id` bigint(20) UNSIGNED NOT NULL AUTO_INCREMENT, AUTO_INCREMENT=4;

--
-- AUTO_INCREMENT for table `vrm_slug_registry`
--
ALTER TABLE `vrm_slug_registry`
  MODIFY `id` bigint(20) UNSIGNED NOT NULL AUTO_INCREMENT, AUTO_INCREMENT=29;

--
-- AUTO_INCREMENT for table `vrm_taxonomies`
--
ALTER TABLE `vrm_taxonomies`
  MODIFY `id` bigint(20) UNSIGNED NOT NULL AUTO_INCREMENT;

--
-- AUTO_INCREMENT for table `wallets`
--
ALTER TABLE `wallets`
  MODIFY `id` bigint(20) UNSIGNED NOT NULL AUTO_INCREMENT, AUTO_INCREMENT=11;

--
-- AUTO_INCREMENT for table `wallet_transactions`
--
ALTER TABLE `wallet_transactions`
  MODIFY `id` bigint(20) UNSIGNED NOT NULL AUTO_INCREMENT, AUTO_INCREMENT=114;

--
-- Constraints for dumped tables
--

--
-- Constraints for table `atu_multicurrency_currency_conversion_log`
--
ALTER TABLE `atu_multicurrency_currency_conversion_log`
  ADD CONSTRAINT `atu_multicurrency_currency_conversion_log_currency_id_foreign` FOREIGN KEY (`currency_id`) REFERENCES `atu_multicurrency_currencies` (`id`) ON DELETE CASCADE;

--
-- Constraints for table `atu_multicurrency_currency_rates_log`
--
ALTER TABLE `atu_multicurrency_currency_rates_log`
  ADD CONSTRAINT `atu_multicurrency_currency_rates_log_currency_id_foreign` FOREIGN KEY (`currency_id`) REFERENCES `atu_multicurrency_currencies` (`id`) ON DELETE CASCADE;

--
-- Constraints for table `investments`
--
ALTER TABLE `investments`
  ADD CONSTRAINT `investments_package_id_foreign` FOREIGN KEY (`package_id`) REFERENCES `investment_packages` (`id`) ON DELETE SET NULL,
  ADD CONSTRAINT `investments_user_id_foreign` FOREIGN KEY (`user_id`) REFERENCES `users` (`id`) ON DELETE CASCADE,
  ADD CONSTRAINT `investments_wallet_id_foreign` FOREIGN KEY (`wallet_id`) REFERENCES `wallets` (`id`) ON DELETE CASCADE;

--
-- Constraints for table `portfolio_holdings`
--
ALTER TABLE `portfolio_holdings`
  ADD CONSTRAINT `portfolio_holdings_security_id_foreign` FOREIGN KEY (`security_id`) REFERENCES `securities` (`id`) ON DELETE CASCADE,
  ADD CONSTRAINT `portfolio_holdings_user_id_foreign` FOREIGN KEY (`user_id`) REFERENCES `users` (`id`) ON DELETE CASCADE;

--
-- Constraints for table `securities_logs`
--
ALTER TABLE `securities_logs`
  ADD CONSTRAINT `securities_logs_security_id_foreign` FOREIGN KEY (`security_id`) REFERENCES `securities` (`id`) ON DELETE CASCADE;

--
-- Constraints for table `security_orders`
--
ALTER TABLE `security_orders`
  ADD CONSTRAINT `security_orders_approved_by_foreign` FOREIGN KEY (`approved_by`) REFERENCES `users` (`id`) ON DELETE SET NULL,
  ADD CONSTRAINT `security_orders_security_id_foreign` FOREIGN KEY (`security_id`) REFERENCES `securities` (`id`) ON DELETE CASCADE,
  ADD CONSTRAINT `security_orders_user_id_foreign` FOREIGN KEY (`user_id`) REFERENCES `users` (`id`) ON DELETE CASCADE,
  ADD CONSTRAINT `security_orders_wallet_id_foreign` FOREIGN KEY (`wallet_id`) REFERENCES `wallets` (`id`) ON DELETE CASCADE;

--
-- Constraints for table `security_watchlists`
--
ALTER TABLE `security_watchlists`
  ADD CONSTRAINT `security_watchlists_security_id_foreign` FOREIGN KEY (`security_id`) REFERENCES `securities` (`id`) ON DELETE CASCADE,
  ADD CONSTRAINT `security_watchlists_user_id_foreign` FOREIGN KEY (`user_id`) REFERENCES `users` (`id`) ON DELETE CASCADE;

--
-- Constraints for table `vrm_permission_role`
--
ALTER TABLE `vrm_permission_role`
  ADD CONSTRAINT `vrm_permission_role_permission_id_foreign` FOREIGN KEY (`permission_id`) REFERENCES `vrm_permissions` (`id`) ON DELETE CASCADE,
  ADD CONSTRAINT `vrm_permission_role_role_id_foreign` FOREIGN KEY (`role_id`) REFERENCES `vrm_roles` (`id`) ON DELETE CASCADE;

--
-- Constraints for table `vrm_role_user`
--
ALTER TABLE `vrm_role_user`
  ADD CONSTRAINT `vrm_role_user_role_id_foreign` FOREIGN KEY (`role_id`) REFERENCES `vrm_roles` (`id`) ON DELETE CASCADE,
  ADD CONSTRAINT `vrm_role_user_user_id_foreign` FOREIGN KEY (`user_id`) REFERENCES `users` (`id`) ON DELETE CASCADE;

--
-- Constraints for table `vrm_taxonomies`
--
ALTER TABLE `vrm_taxonomies`
  ADD CONSTRAINT `vrm_taxonomies_parent_id_foreign` FOREIGN KEY (`parent_id`) REFERENCES `vrm_taxonomies` (`id`) ON DELETE SET NULL;

--
-- Constraints for table `wallets`
--
ALTER TABLE `wallets`
  ADD CONSTRAINT `wallets_user_id_foreign` FOREIGN KEY (`user_id`) REFERENCES `users` (`id`) ON DELETE CASCADE;

--
-- Constraints for table `wallet_transactions`
--
ALTER TABLE `wallet_transactions`
  ADD CONSTRAINT `wallet_transactions_approved_by_foreign` FOREIGN KEY (`approved_by`) REFERENCES `users` (`id`) ON DELETE SET NULL,
  ADD CONSTRAINT `wallet_transactions_user_id_foreign` FOREIGN KEY (`user_id`) REFERENCES `users` (`id`) ON DELETE CASCADE,
  ADD CONSTRAINT `wallet_transactions_wallet_id_foreign` FOREIGN KEY (`wallet_id`) REFERENCES `wallets` (`id`) ON DELETE CASCADE;
COMMIT;

